{"id":1205,"date":"2020-07-21T21:21:18","date_gmt":"2020-07-21T19:21:18","guid":{"rendered":"http:\/\/wgsr.uw.edu.pl\/pisg\/?page_id=1205"},"modified":"2024-08-14T10:03:53","modified_gmt":"2024-08-14T10:03:53","slug":"tom-65-zeszyt-4-volume-65-issue-4-red-anna-dudek","status":"publish","type":"page","link":"https:\/\/pisg.wgsr.uw.edu.pl\/?page_id=1205","title":{"rendered":"Tom 65, zeszyt 4 [Volume 65, Issue 4] &#8211; red. Anna Dudek"},"content":{"rendered":"\r\n<p><a href=\"https:\/\/pisg.wgsr.uw.edu.pl\/wp-content\/uploads\/2024\/08\/0-PiSG_65.4.pdf\">Strony tytu\u0142owe i spis tre\u015bci<\/a><\/p>\r\n<p><strong>Lizaveta VINTSEK, Ma\u0142gorzata GRODZI\u0143SKA-JURCZAK, Justyna STA\u0143CZYK<\/strong> <a href=\"http:\/\/pisg.wgsr.uw.edu.pl\/\/?p=1207\">How local communities perceive Carpathian River Valleys protected by Natura 2000? \u2013 ecosystem services and \u201chome advisors\u201d approach \/ Jak spo\u0142eczno\u015bci lokalne postrzegaj\u0105 doliny rzek karpackich chronione sieci\u0105 Natura 2000? \u2013 w \u015bwietle koncepcji us\u0142ug ekosystemowych i metody doradc\u00f3w domowych<\/a><\/p>\r\n\r\n\r\n\r\n<p><strong>Sylwia SIWEK, Izabela KARSZNIA<\/strong> <a href=\"http:\/\/pisg.wgsr.uw.edu.pl\/\/?p=1209(otworzy si\u0119 w nowej zak\u0142adce)\">Wykorzystanie bazy danych obiekt\u00f3w topograficznych oraz baz danych udost\u0119pnianych przez Narodowy Instytut Dziedzictwa i Generaln\u0105 Dyrekcj\u0119 Ochrony \u015arodowiska do opracowania mapy dziedzictwa przyrodniczo-kulturowego Doliny Dolnego Bugu \/ The use of the Topographic Objects Database and databases provided by the National Heritage Board of Poland and the General Directorate for Environmental Protection to design a map of the natural and cultural heritage of the Lower Bug Valley<\/a><\/p>\r\n\r\n\r\n\r\n<p><strong>Ada G\u00d3RNA, Krzysztof G\u00d3RNY<\/strong> <a href=\"http:\/\/pisg.wgsr.uw.edu.pl\/\/?p=1225\">Rolnictwo miejskie w miastach Afryki Subsaharyjskiej \u2013 uj\u0119cie przestrzenne \/ Urban agriculture in sub-Saharan African cities \u2013 spatial approach<\/a><\/p>\r\n\r\n\r\n\r\n<p><strong>Van Canh TRUONG<\/strong> <a href=\"http:\/\/pisg.wgsr.uw.edu.pl\/\/?p=1459\">Quantitative measurement of the intra-subsystem and inter-subsystem relationship in the sustainable development of Vietnam \/ Pomiar ilo\u015bciowy relacji wewn\u0105trz podsystem\u00f3w i mi\u0119dzy podsystemami w zr\u00f3wnowa\u017conym rozwoju Wietnamu<\/a><\/p>\r\n\r\n\r\n\r\n<p><strong>Wojciech POKOJSKI, Anna WO\u0141EJKO, Agnieszka STARSZUK<\/strong> <a href=\"http:\/\/pisg.wgsr.uw.edu.pl\/\/?p=1463\">Turystyka j\u0119zykowa i jej znaczenie w edukacji m\u0142odzie\u017cy na przyk\u0142adzie Malty \/ Language tourism and its importance in youth education on the example of Malta<\/a><\/p>\r\n\r\n\r\n\r\n<p><strong>Alina ZAJADACZ, Anna TOBOLSKA<\/strong> <a href=\"http:\/\/pisg.wgsr.uw.edu.pl\/\/?p=1469\">System zarz\u0105dzania jako\u015bci\u0105 kszta\u0142cenia na kierunku studi\u00f3w \u201eturystyka i rekreacja\u201d z uwzgl\u0119dnieniem sposob\u00f3w reagowania w sytuacjach kryzysowych \/ Education quality management system in the field of studies \u201ctourism and recreation\u201d including ways of reacting in crisis situations<\/a><\/p>\r\n\r\n\r\n\r\n<p><strong>Teksty nierecenzowane<\/strong><\/p>\r\n\r\n\r\n\r\n<p><strong>Antoni JACKOWSKI<\/strong><a href=\"http:\/\/pisg.wgsr.uw.edu.pl\/\/?p=1489\"> Geografowie wobec wojny polsko bolszewickiej. W stulecie Bitwy Warszawskiej, 1920\u20132020 \/ Geographers in the face of The Polish-Soviet War. On the centenary of Battle of Warsaw, 1920\u20132020<\/a><\/p>\r\n\r\n\r\n\r\n<p><strong>Miko\u0142aj MADUROWICZ<\/strong> <a href=\"http:\/\/pisg.wgsr.uw.edu.pl\/\/?p=1594\">Refleksje na marginesie Ksi\u0119gi Wielkiego Jubileuszu. Polskie Towarzystwo Geograficzne 1918\u20132018 pod redakcj\u0105 A. Jackowskiego i T. Witesa (2020) \/ Remarks in the margins of Grand Anniversary Book. Polish Geographical Society 1918\u20132018 edited by A. Jackowski and T. Wites (2020)<\/a><\/p>\r\n\r\n\r\n\r\n<p><strong>Jolanta WAWER<\/strong> <a href=\"http:\/\/pisg.wgsr.uw.edu.pl\/wp-content\/uploads\/2021\/01\/Wspomnienie-MSB.pdf\">Wspomnienie o Pani prof. zw. dr hab. Marii Stopie-Boryczce<\/a><\/p>\r\n\r\n\r\n\r\n<p>&nbsp;<\/p>\r\n","protected":false},"excerpt":{"rendered":"<p>Strony tytu\u0142owe i spis tre\u015bci Lizaveta VINTSEK, Ma\u0142gorzata GRODZI\u0143SKA-JURCZAK, Justyna STA\u0143CZYK How local communities perceive Carpathian River Valleys protected by Natura 2000? \u2013 ecosystem services and \u201chome advisors\u201d approach \/ Jak spo\u0142eczno\u015bci lokalne postrzegaj\u0105 doliny rzek karpackich chronione sieci\u0105 Natura 2000? \u2013 w \u015bwietle koncepcji us\u0142ug ekosystemowych i metody doradc\u00f3w domowych Sylwia SIWEK, Izabela KARSZNIA [&hellip;]<\/p>\n","protected":false},"author":1,"featured_media":0,"parent":97,"menu_order":0,"comment_status":"closed","ping_status":"closed","template":"","meta":{"_monsterinsights_skip_tracking":false,"_monsterinsights_sitenote_active":false,"_monsterinsights_sitenote_note":"","_monsterinsights_sitenote_category":0,"footnotes":""},"class_list":["post-1205","page","type-page","status-publish","hentry","post"],"yoast_head":"<!-- This site is optimized with the Yoast SEO plugin v27.4 - https:\/\/yoast.com\/product\/yoast-seo-wordpress\/ -->\n<title>Tom 65, zeszyt 4 [Volume 65, Issue 4] - red. Anna Dudek - Prace i Studia Geograficzne | Studies in Geography<\/title>\n<meta name=\"robots\" content=\"index, follow, max-snippet:-1, max-image-preview:large, max-video-preview:-1\" \/>\n<link rel=\"canonical\" href=\"https:\/\/pisg.wgsr.uw.edu.pl\/?page_id=1205\" \/>\n<meta property=\"og:locale\" content=\"pl_PL\" \/>\n<meta property=\"og:type\" content=\"article\" \/>\n<meta property=\"og:title\" content=\"Tom 65, zeszyt 4 [Volume 65, Issue 4] - red. Anna Dudek - Prace i Studia Geograficzne | Studies in Geography\" \/>\n<meta property=\"og:description\" content=\"Strony tytu\u0142owe i spis tre\u015bci Lizaveta VINTSEK, Ma\u0142gorzata GRODZI\u0143SKA-JURCZAK, Justyna STA\u0143CZYK How local communities perceive Carpathian River Valleys protected by Natura 2000? \u2013 ecosystem services and \u201chome advisors\u201d approach \/ Jak spo\u0142eczno\u015bci lokalne postrzegaj\u0105 doliny rzek karpackich chronione sieci\u0105 Natura 2000? \u2013 w \u015bwietle koncepcji us\u0142ug ekosystemowych i metody doradc\u00f3w domowych Sylwia SIWEK, Izabela KARSZNIA [&hellip;]\" \/>\n<meta property=\"og:url\" content=\"https:\/\/pisg.wgsr.uw.edu.pl\/?page_id=1205\" \/>\n<meta property=\"og:site_name\" content=\"Prace i Studia Geograficzne | Studies in Geography\" \/>\n<meta property=\"article:modified_time\" content=\"2024-08-14T10:03:53+00:00\" \/>\n<meta name=\"twitter:card\" content=\"summary_large_image\" \/>\n<meta name=\"twitter:label1\" content=\"Szacowany czas czytania\" \/>\n\t<meta name=\"twitter:data1\" content=\"2 minuty\" \/>\n<script type=\"application\/ld+json\" class=\"yoast-schema-graph\">{\"@context\":\"https:\\\/\\\/schema.org\",\"@graph\":[{\"@type\":\"WebPage\",\"@id\":\"https:\\\/\\\/pisg.wgsr.uw.edu.pl\\\/?page_id=1205\",\"url\":\"https:\\\/\\\/pisg.wgsr.uw.edu.pl\\\/?page_id=1205\",\"name\":\"Tom 65, zeszyt 4 [Volume 65, Issue 4] - red. Anna Dudek - Prace i Studia Geograficzne | Studies in Geography\",\"isPartOf\":{\"@id\":\"https:\\\/\\\/pisg.wgsr.uw.edu.pl\\\/#website\"},\"datePublished\":\"2020-07-21T19:21:18+00:00\",\"dateModified\":\"2024-08-14T10:03:53+00:00\",\"breadcrumb\":{\"@id\":\"https:\\\/\\\/pisg.wgsr.uw.edu.pl\\\/?page_id=1205#breadcrumb\"},\"inLanguage\":\"pl-PL\",\"potentialAction\":[{\"@type\":\"ReadAction\",\"target\":[\"https:\\\/\\\/pisg.wgsr.uw.edu.pl\\\/?page_id=1205\"]}]},{\"@type\":\"BreadcrumbList\",\"@id\":\"https:\\\/\\\/pisg.wgsr.uw.edu.pl\\\/?page_id=1205#breadcrumb\",\"itemListElement\":[{\"@type\":\"ListItem\",\"position\":1,\"name\":\"Strona g\u0142\u00f3wna\",\"item\":\"https:\\\/\\\/pisg.wgsr.uw.edu.pl\\\/\"},{\"@type\":\"ListItem\",\"position\":2,\"name\":\"Tomy\",\"item\":\"https:\\\/\\\/pisg.wgsr.uw.edu.pl\\\/?page_id=97\"},{\"@type\":\"ListItem\",\"position\":3,\"name\":\"Tom 65, zeszyt 4 [Volume 65, Issue 4] &#8211; red. Anna Dudek\"}]},{\"@type\":\"WebSite\",\"@id\":\"https:\\\/\\\/pisg.wgsr.uw.edu.pl\\\/#website\",\"url\":\"https:\\\/\\\/pisg.wgsr.uw.edu.pl\\\/\",\"name\":\"Prace i Studia Geograficzne | Studies in Geography\",\"description\":\"Prace i Studia Geograficzne s\u0105 recenzowanym czasopismem wydawanym przez Wydzia\u0142 Geografii i Studi\u00f3w Regionalnych Uniwersytetu Warszawskiego\",\"potentialAction\":[{\"@type\":\"SearchAction\",\"target\":{\"@type\":\"EntryPoint\",\"urlTemplate\":\"https:\\\/\\\/pisg.wgsr.uw.edu.pl\\\/?s={search_term_string}\"},\"query-input\":{\"@type\":\"PropertyValueSpecification\",\"valueRequired\":true,\"valueName\":\"search_term_string\"}}],\"inLanguage\":\"pl-PL\"}]}<\/script>\n<!-- \/ Yoast SEO plugin. -->","yoast_head_json":{"title":"Tom 65, zeszyt 4 [Volume 65, Issue 4] - red. Anna Dudek - Prace i Studia Geograficzne | Studies in Geography","robots":{"index":"index","follow":"follow","max-snippet":"max-snippet:-1","max-image-preview":"max-image-preview:large","max-video-preview":"max-video-preview:-1"},"canonical":"https:\/\/pisg.wgsr.uw.edu.pl\/?page_id=1205","og_locale":"pl_PL","og_type":"article","og_title":"Tom 65, zeszyt 4 [Volume 65, Issue 4] - red. Anna Dudek - Prace i Studia Geograficzne | Studies in Geography","og_description":"Strony tytu\u0142owe i spis tre\u015bci Lizaveta VINTSEK, Ma\u0142gorzata GRODZI\u0143SKA-JURCZAK, Justyna STA\u0143CZYK How local communities perceive Carpathian River Valleys protected by Natura 2000? \u2013 ecosystem services and \u201chome advisors\u201d approach \/ Jak spo\u0142eczno\u015bci lokalne postrzegaj\u0105 doliny rzek karpackich chronione sieci\u0105 Natura 2000? \u2013 w \u015bwietle koncepcji us\u0142ug ekosystemowych i metody doradc\u00f3w domowych Sylwia SIWEK, Izabela KARSZNIA [&hellip;]","og_url":"https:\/\/pisg.wgsr.uw.edu.pl\/?page_id=1205","og_site_name":"Prace i Studia Geograficzne | Studies in Geography","article_modified_time":"2024-08-14T10:03:53+00:00","twitter_card":"summary_large_image","twitter_misc":{"Szacowany czas czytania":"2 minuty"},"schema":{"@context":"https:\/\/schema.org","@graph":[{"@type":"WebPage","@id":"https:\/\/pisg.wgsr.uw.edu.pl\/?page_id=1205","url":"https:\/\/pisg.wgsr.uw.edu.pl\/?page_id=1205","name":"Tom 65, zeszyt 4 [Volume 65, Issue 4] - red. Anna Dudek - Prace i Studia Geograficzne | Studies in Geography","isPartOf":{"@id":"https:\/\/pisg.wgsr.uw.edu.pl\/#website"},"datePublished":"2020-07-21T19:21:18+00:00","dateModified":"2024-08-14T10:03:53+00:00","breadcrumb":{"@id":"https:\/\/pisg.wgsr.uw.edu.pl\/?page_id=1205#breadcrumb"},"inLanguage":"pl-PL","potentialAction":[{"@type":"ReadAction","target":["https:\/\/pisg.wgsr.uw.edu.pl\/?page_id=1205"]}]},{"@type":"BreadcrumbList","@id":"https:\/\/pisg.wgsr.uw.edu.pl\/?page_id=1205#breadcrumb","itemListElement":[{"@type":"ListItem","position":1,"name":"Strona g\u0142\u00f3wna","item":"https:\/\/pisg.wgsr.uw.edu.pl\/"},{"@type":"ListItem","position":2,"name":"Tomy","item":"https:\/\/pisg.wgsr.uw.edu.pl\/?page_id=97"},{"@type":"ListItem","position":3,"name":"Tom 65, zeszyt 4 [Volume 65, Issue 4] &#8211; red. Anna Dudek"}]},{"@type":"WebSite","@id":"https:\/\/pisg.wgsr.uw.edu.pl\/#website","url":"https:\/\/pisg.wgsr.uw.edu.pl\/","name":"Prace i Studia Geograficzne | Studies in Geography","description":"Prace i Studia Geograficzne s\u0105 recenzowanym czasopismem wydawanym przez Wydzia\u0142 Geografii i Studi\u00f3w Regionalnych Uniwersytetu Warszawskiego","potentialAction":[{"@type":"SearchAction","target":{"@type":"EntryPoint","urlTemplate":"https:\/\/pisg.wgsr.uw.edu.pl\/?s={search_term_string}"},"query-input":{"@type":"PropertyValueSpecification","valueRequired":true,"valueName":"search_term_string"}}],"inLanguage":"pl-PL"}]}},"_links":{"self":[{"href":"https:\/\/pisg.wgsr.uw.edu.pl\/index.php?rest_route=\/wp\/v2\/pages\/1205","targetHints":{"allow":["GET"]}}],"collection":[{"href":"https:\/\/pisg.wgsr.uw.edu.pl\/index.php?rest_route=\/wp\/v2\/pages"}],"about":[{"href":"https:\/\/pisg.wgsr.uw.edu.pl\/index.php?rest_route=\/wp\/v2\/types\/page"}],"author":[{"embeddable":true,"href":"https:\/\/pisg.wgsr.uw.edu.pl\/index.php?rest_route=\/wp\/v2\/users\/1"}],"replies":[{"embeddable":true,"href":"https:\/\/pisg.wgsr.uw.edu.pl\/index.php?rest_route=%2Fwp%2Fv2%2Fcomments&post=1205"}],"version-history":[{"count":2,"href":"https:\/\/pisg.wgsr.uw.edu.pl\/index.php?rest_route=\/wp\/v2\/pages\/1205\/revisions"}],"predecessor-version":[{"id":3364,"href":"https:\/\/pisg.wgsr.uw.edu.pl\/index.php?rest_route=\/wp\/v2\/pages\/1205\/revisions\/3364"}],"up":[{"embeddable":true,"href":"https:\/\/pisg.wgsr.uw.edu.pl\/index.php?rest_route=\/wp\/v2\/pages\/97"}],"wp:attachment":[{"href":"https:\/\/pisg.wgsr.uw.edu.pl\/index.php?rest_route=%2Fwp%2Fv2%2Fmedia&parent=1205"}],"curies":[{"name":"wp","href":"https:\/\/api.w.org\/{rel}","templated":true}]}}