{"id":1241,"date":"2020-09-29T09:55:34","date_gmt":"2020-09-29T07:55:34","guid":{"rendered":"http:\/\/wgsr.uw.edu.pl\/pisg\/?page_id=1241"},"modified":"2024-09-02T18:23:36","modified_gmt":"2024-09-02T18:23:36","slug":"tom-62-zeszyt-4-volume-62-issue-4-red-katarzyna-duda-gromada-malgorzata-durydiwka","status":"publish","type":"page","link":"https:\/\/pisg.wgsr.uw.edu.pl\/?page_id=1241","title":{"rendered":"Tom 62, zeszyt 4 [Volume 62, Issue 4] &#8211; red. Katarzyna Duda-Gromada, Ma\u0142gorzata Durydiwka"},"content":{"rendered":"\r\n<p><a href=\"https:\/\/pisg.wgsr.uw.edu.pl\/wp-content\/uploads\/2024\/07\/0_Strony_poczatkowe_12-12-2017.pdf\">Strony tytu\u0142owe i spis tre\u015bci<\/a><\/p>\r\n\r\n\r\n\r\n<p><strong>Beata GIERCZAK-KORZENIOWSKA<\/strong> <a href=\"http:\/\/pisg.wgsr.uw.edu.pl\/\/?p=1243\">Aerotropolis i Airport City jako nowy rodzaj przestrzeni turystycznej \/ The Aerotropolis and the Airport City as new types of a tourism area<\/a><\/p>\r\n\r\n\r\n\r\n<p><strong>Gra\u017cyna FURGA\u0141A-SELEZNIOW, Ma\u0142gorzata JANKUN, Joanna KO\u0143CZAL, Pawe\u0142 WO\u0179NICKI<\/strong><a href=\"http:\/\/pisg.wgsr.uw.edu.pl\/\/?p=1248\"> Analiza dzia\u0142alno\u015bci nadle\u015bnictwa Olsztyn w kontek\u015bcie rozwoju sylwaturystyki i edukacji le\u015bnej w latach 2009-2015 \/ The analysis of Olsztyn Forest District activitiy in the context of forest tourism and forest education developmet in 2009-2015<\/a><\/p>\r\n\r\n\r\n\r\n<p><strong>Yaroslava S. KOROBEINYKOVA, Iuliia I. IURAS<\/strong> <a href=\"http:\/\/pisg.wgsr.uw.edu.pl\/\/?p=1252\">Selected Aspects of Socio-economic and Ecological Consequences of the Tourism Development in the Ukrainian Carpathians \/ Wybrane aspekty spo\u0142eczno-ekonomicznych i ekologicznych nast\u0119pstw rozwoju turystyki w Karpatach Ukrai\u0144skich<\/a><\/p>\r\n\r\n\r\n\r\n<p><strong>Paulina ULANOWSKA, Jacek KACZMAREK<\/strong> <a href=\"http:\/\/pisg.wgsr.uw.edu.pl\/\/?p=1257\">Ewolucja przestrzeni turystycznej miasta i gminy Gostynin. Analiza krytyczna \/ The evolution of tourist space of the Gostynin urban and rural commune. Critical analysis<\/a><\/p>\r\n\r\n\r\n\r\n<p><strong>Ma\u0142gorzata ROMANOWSKA<\/strong> <a href=\"http:\/\/pisg.wgsr.uw.edu.pl\/\/?p=1261\">Kompozycja d\u017awi\u0119kowa jako przedmiot bada\u0144 ekologii krajobrazu \/ Soundscape studies within the framework of landscape ecology<\/a><\/p>\r\n\r\n\r\n\r\n<p><strong>Grzegorz KALI\u0143SKI<\/strong> <a href=\"http:\/\/pisg.wgsr.uw.edu.pl\/\/?p=1265\">Charakterystyka i cz\u0119sto\u015b\u0107 mas powietrznych wed\u0142ug klasyfikacji SSC w Poznaniu i Warszawie (2000-2014) \/ SSC air masses characteristic and frequency in Pozna\u0144 and Warsaw (2000-2014)<\/a><\/p>\r\n<p><a href=\"https:\/\/pisg.wgsr.uw.edu.pl\/wp-content\/uploads\/2024\/09\/PiSG.62.4.SpisRecenzentow.pdf\">Recenzenci artyku\u0142\u00f3w opublikowanych w 2017 roku w <em>Pracach i Studiach Geograficznych<\/em><\/a><\/p>\r\n","protected":false},"excerpt":{"rendered":"<p>Strony tytu\u0142owe i spis tre\u015bci Beata GIERCZAK-KORZENIOWSKA Aerotropolis i Airport City jako nowy rodzaj przestrzeni turystycznej \/ The Aerotropolis and the Airport City as new types of a tourism area Gra\u017cyna FURGA\u0141A-SELEZNIOW, Ma\u0142gorzata JANKUN, Joanna KO\u0143CZAL, Pawe\u0142 WO\u0179NICKI Analiza dzia\u0142alno\u015bci nadle\u015bnictwa Olsztyn w kontek\u015bcie rozwoju sylwaturystyki i edukacji le\u015bnej w latach 2009-2015 \/ The analysis [&hellip;]<\/p>\n","protected":false},"author":1,"featured_media":0,"parent":97,"menu_order":0,"comment_status":"closed","ping_status":"closed","template":"","meta":{"_monsterinsights_skip_tracking":false,"_monsterinsights_sitenote_active":false,"_monsterinsights_sitenote_note":"","_monsterinsights_sitenote_category":0,"footnotes":""},"class_list":["post-1241","page","type-page","status-publish","hentry","post"],"yoast_head":"<!-- This site is optimized with the Yoast SEO plugin v27.5 - https:\/\/yoast.com\/product\/yoast-seo-wordpress\/ -->\n<title>Tom 62, zeszyt 4 [Volume 62, Issue 4] - red. Katarzyna Duda-Gromada, Ma\u0142gorzata Durydiwka - Prace i Studia Geograficzne | Studies in Geography<\/title>\n<meta name=\"robots\" content=\"index, follow, max-snippet:-1, max-image-preview:large, max-video-preview:-1\" \/>\n<link rel=\"canonical\" href=\"https:\/\/pisg.wgsr.uw.edu.pl\/?page_id=1241\" \/>\n<meta property=\"og:locale\" content=\"pl_PL\" \/>\n<meta property=\"og:type\" content=\"article\" \/>\n<meta property=\"og:title\" content=\"Tom 62, zeszyt 4 [Volume 62, Issue 4] - red. Katarzyna Duda-Gromada, Ma\u0142gorzata Durydiwka - Prace i Studia Geograficzne | Studies in Geography\" \/>\n<meta property=\"og:description\" content=\"Strony tytu\u0142owe i spis tre\u015bci Beata GIERCZAK-KORZENIOWSKA Aerotropolis i Airport City jako nowy rodzaj przestrzeni turystycznej \/ The Aerotropolis and the Airport City as new types of a tourism area Gra\u017cyna FURGA\u0141A-SELEZNIOW, Ma\u0142gorzata JANKUN, Joanna KO\u0143CZAL, Pawe\u0142 WO\u0179NICKI Analiza dzia\u0142alno\u015bci nadle\u015bnictwa Olsztyn w kontek\u015bcie rozwoju sylwaturystyki i edukacji le\u015bnej w latach 2009-2015 \/ The analysis [&hellip;]\" \/>\n<meta property=\"og:url\" content=\"https:\/\/pisg.wgsr.uw.edu.pl\/?page_id=1241\" \/>\n<meta property=\"og:site_name\" content=\"Prace i Studia Geograficzne | Studies in Geography\" \/>\n<meta property=\"article:modified_time\" content=\"2024-09-02T18:23:36+00:00\" \/>\n<meta name=\"twitter:card\" content=\"summary_large_image\" \/>\n<meta name=\"twitter:label1\" content=\"Szacowany czas czytania\" \/>\n\t<meta name=\"twitter:data1\" content=\"2 minuty\" \/>\n<script type=\"application\/ld+json\" class=\"yoast-schema-graph\">{\"@context\":\"https:\\\/\\\/schema.org\",\"@graph\":[{\"@type\":\"WebPage\",\"@id\":\"https:\\\/\\\/pisg.wgsr.uw.edu.pl\\\/?page_id=1241\",\"url\":\"https:\\\/\\\/pisg.wgsr.uw.edu.pl\\\/?page_id=1241\",\"name\":\"Tom 62, zeszyt 4 [Volume 62, Issue 4] - red. Katarzyna Duda-Gromada, Ma\u0142gorzata Durydiwka - Prace i Studia Geograficzne | Studies in Geography\",\"isPartOf\":{\"@id\":\"https:\\\/\\\/pisg.wgsr.uw.edu.pl\\\/#website\"},\"datePublished\":\"2020-09-29T07:55:34+00:00\",\"dateModified\":\"2024-09-02T18:23:36+00:00\",\"breadcrumb\":{\"@id\":\"https:\\\/\\\/pisg.wgsr.uw.edu.pl\\\/?page_id=1241#breadcrumb\"},\"inLanguage\":\"pl-PL\",\"potentialAction\":[{\"@type\":\"ReadAction\",\"target\":[\"https:\\\/\\\/pisg.wgsr.uw.edu.pl\\\/?page_id=1241\"]}]},{\"@type\":\"BreadcrumbList\",\"@id\":\"https:\\\/\\\/pisg.wgsr.uw.edu.pl\\\/?page_id=1241#breadcrumb\",\"itemListElement\":[{\"@type\":\"ListItem\",\"position\":1,\"name\":\"Strona g\u0142\u00f3wna\",\"item\":\"https:\\\/\\\/pisg.wgsr.uw.edu.pl\\\/\"},{\"@type\":\"ListItem\",\"position\":2,\"name\":\"Tomy\",\"item\":\"https:\\\/\\\/pisg.wgsr.uw.edu.pl\\\/?page_id=97\"},{\"@type\":\"ListItem\",\"position\":3,\"name\":\"Tom 62, zeszyt 4 [Volume 62, Issue 4] &#8211; red. Katarzyna Duda-Gromada, Ma\u0142gorzata Durydiwka\"}]},{\"@type\":\"WebSite\",\"@id\":\"https:\\\/\\\/pisg.wgsr.uw.edu.pl\\\/#website\",\"url\":\"https:\\\/\\\/pisg.wgsr.uw.edu.pl\\\/\",\"name\":\"Prace i Studia Geograficzne | Studies in Geography\",\"description\":\"Prace i Studia Geograficzne s\u0105 recenzowanym czasopismem wydawanym przez Wydzia\u0142 Geografii i Studi\u00f3w Regionalnych Uniwersytetu Warszawskiego\",\"potentialAction\":[{\"@type\":\"SearchAction\",\"target\":{\"@type\":\"EntryPoint\",\"urlTemplate\":\"https:\\\/\\\/pisg.wgsr.uw.edu.pl\\\/?s={search_term_string}\"},\"query-input\":{\"@type\":\"PropertyValueSpecification\",\"valueRequired\":true,\"valueName\":\"search_term_string\"}}],\"inLanguage\":\"pl-PL\"}]}<\/script>\n<!-- \/ Yoast SEO plugin. -->","yoast_head_json":{"title":"Tom 62, zeszyt 4 [Volume 62, Issue 4] - red. Katarzyna Duda-Gromada, Ma\u0142gorzata Durydiwka - Prace i Studia Geograficzne | Studies in Geography","robots":{"index":"index","follow":"follow","max-snippet":"max-snippet:-1","max-image-preview":"max-image-preview:large","max-video-preview":"max-video-preview:-1"},"canonical":"https:\/\/pisg.wgsr.uw.edu.pl\/?page_id=1241","og_locale":"pl_PL","og_type":"article","og_title":"Tom 62, zeszyt 4 [Volume 62, Issue 4] - red. Katarzyna Duda-Gromada, Ma\u0142gorzata Durydiwka - Prace i Studia Geograficzne | Studies in Geography","og_description":"Strony tytu\u0142owe i spis tre\u015bci Beata GIERCZAK-KORZENIOWSKA Aerotropolis i Airport City jako nowy rodzaj przestrzeni turystycznej \/ The Aerotropolis and the Airport City as new types of a tourism area Gra\u017cyna FURGA\u0141A-SELEZNIOW, Ma\u0142gorzata JANKUN, Joanna KO\u0143CZAL, Pawe\u0142 WO\u0179NICKI Analiza dzia\u0142alno\u015bci nadle\u015bnictwa Olsztyn w kontek\u015bcie rozwoju sylwaturystyki i edukacji le\u015bnej w latach 2009-2015 \/ The analysis [&hellip;]","og_url":"https:\/\/pisg.wgsr.uw.edu.pl\/?page_id=1241","og_site_name":"Prace i Studia Geograficzne | Studies in Geography","article_modified_time":"2024-09-02T18:23:36+00:00","twitter_card":"summary_large_image","twitter_misc":{"Szacowany czas czytania":"2 minuty"},"schema":{"@context":"https:\/\/schema.org","@graph":[{"@type":"WebPage","@id":"https:\/\/pisg.wgsr.uw.edu.pl\/?page_id=1241","url":"https:\/\/pisg.wgsr.uw.edu.pl\/?page_id=1241","name":"Tom 62, zeszyt 4 [Volume 62, Issue 4] - red. Katarzyna Duda-Gromada, Ma\u0142gorzata Durydiwka - Prace i Studia Geograficzne | Studies in Geography","isPartOf":{"@id":"https:\/\/pisg.wgsr.uw.edu.pl\/#website"},"datePublished":"2020-09-29T07:55:34+00:00","dateModified":"2024-09-02T18:23:36+00:00","breadcrumb":{"@id":"https:\/\/pisg.wgsr.uw.edu.pl\/?page_id=1241#breadcrumb"},"inLanguage":"pl-PL","potentialAction":[{"@type":"ReadAction","target":["https:\/\/pisg.wgsr.uw.edu.pl\/?page_id=1241"]}]},{"@type":"BreadcrumbList","@id":"https:\/\/pisg.wgsr.uw.edu.pl\/?page_id=1241#breadcrumb","itemListElement":[{"@type":"ListItem","position":1,"name":"Strona g\u0142\u00f3wna","item":"https:\/\/pisg.wgsr.uw.edu.pl\/"},{"@type":"ListItem","position":2,"name":"Tomy","item":"https:\/\/pisg.wgsr.uw.edu.pl\/?page_id=97"},{"@type":"ListItem","position":3,"name":"Tom 62, zeszyt 4 [Volume 62, Issue 4] &#8211; red. Katarzyna Duda-Gromada, Ma\u0142gorzata Durydiwka"}]},{"@type":"WebSite","@id":"https:\/\/pisg.wgsr.uw.edu.pl\/#website","url":"https:\/\/pisg.wgsr.uw.edu.pl\/","name":"Prace i Studia Geograficzne | Studies in Geography","description":"Prace i Studia Geograficzne s\u0105 recenzowanym czasopismem wydawanym przez Wydzia\u0142 Geografii i Studi\u00f3w Regionalnych Uniwersytetu Warszawskiego","potentialAction":[{"@type":"SearchAction","target":{"@type":"EntryPoint","urlTemplate":"https:\/\/pisg.wgsr.uw.edu.pl\/?s={search_term_string}"},"query-input":{"@type":"PropertyValueSpecification","valueRequired":true,"valueName":"search_term_string"}}],"inLanguage":"pl-PL"}]}},"_links":{"self":[{"href":"https:\/\/pisg.wgsr.uw.edu.pl\/index.php?rest_route=\/wp\/v2\/pages\/1241","targetHints":{"allow":["GET"]}}],"collection":[{"href":"https:\/\/pisg.wgsr.uw.edu.pl\/index.php?rest_route=\/wp\/v2\/pages"}],"about":[{"href":"https:\/\/pisg.wgsr.uw.edu.pl\/index.php?rest_route=\/wp\/v2\/types\/page"}],"author":[{"embeddable":true,"href":"https:\/\/pisg.wgsr.uw.edu.pl\/index.php?rest_route=\/wp\/v2\/users\/1"}],"replies":[{"embeddable":true,"href":"https:\/\/pisg.wgsr.uw.edu.pl\/index.php?rest_route=%2Fwp%2Fv2%2Fcomments&post=1241"}],"version-history":[{"count":5,"href":"https:\/\/pisg.wgsr.uw.edu.pl\/index.php?rest_route=\/wp\/v2\/pages\/1241\/revisions"}],"predecessor-version":[{"id":3435,"href":"https:\/\/pisg.wgsr.uw.edu.pl\/index.php?rest_route=\/wp\/v2\/pages\/1241\/revisions\/3435"}],"up":[{"embeddable":true,"href":"https:\/\/pisg.wgsr.uw.edu.pl\/index.php?rest_route=\/wp\/v2\/pages\/97"}],"wp:attachment":[{"href":"https:\/\/pisg.wgsr.uw.edu.pl\/index.php?rest_route=%2Fwp%2Fv2%2Fmedia&parent=1241"}],"curies":[{"name":"wp","href":"https:\/\/api.w.org\/{rel}","templated":true}]}}