{"id":1775,"date":"2021-09-01T12:48:19","date_gmt":"2021-09-01T10:48:19","guid":{"rendered":"https:\/\/wgsr.uw.edu.pl\/pisg\/?page_id=1775"},"modified":"2024-03-18T09:00:55","modified_gmt":"2024-03-18T09:00:55","slug":"tom-66-zeszyt-2-volume-66-issue-2-red-katarzyna-duda-gromada","status":"publish","type":"page","link":"https:\/\/pisg.wgsr.uw.edu.pl\/?page_id=1775","title":{"rendered":"Tom 66, zeszyt 2 [Volume 66, Issue 2] \u2013 red. Katarzyna Duda-Gromada"},"content":{"rendered":"\r\n<p><a href=\"https:\/\/pisg.wgsr.uw.edu.pl\/wp-content\/uploads\/2021\/12\/PiSG_66.2-Tyt-SpisTresci.pdf\">Strony tytu\u0142owe i spis tre\u015bci<\/a><\/p>\r\n\r\n\r\n\r\n<p><em>Artyku\u0142y i studia<\/em><\/p>\r\n\r\n\r\n\r\n<p><strong>Van Canh TRUONG <\/strong><a href=\"https:\/\/pisg.wgsr.uw.edu.pl\/?p=1778\">Applying \u201eSMART\u201d criteria for selecting indicators to measure sustainable development in Vietnam \/ Zastosowanie kryteri\u00f3w \u201eSMART\u201d dla wyboru wska\u017anik\u00f3w do pomiaru zr\u00f3wnowa\u017conego rozwoju w Wietnamie<\/a><\/p>\r\n\r\n\r\n\r\n<p><strong>Pawe\u0142 GADOMSKI, Izabela KARSZNIA<\/strong> <a href=\"https:\/\/pisg.wgsr.uw.edu.pl\/?p=1782\">Ocena zakresu tre\u015bci baz danych oraz map \u015brednioskalowych wybranych agencji kartograficznych \/ Evaluation of the databases and middle scale maps content of selected National Mapping Agencies<\/a><\/p>\r\n\r\n\r\n\r\n<p><strong>Tetiana NAZARENKO, Oleh TOPUZOV, Olena CHASNIKOVA, Iryna DUBROVINA<\/strong> <a href=\"https:\/\/pisg.wgsr.uw.edu.pl\/?p=1787\">Role of geography teacher in forming the pupils\u2019 cartographic competence \/ Rola nauczyciela geografii w kszta\u0142towaniu kompetencji kartograficznych uczni\u00f3w<\/a><\/p>\r\n\r\n\r\n\r\n<p><strong>Patrik KAJZAR<\/strong> <a href=\"https:\/\/pisg.wgsr.uw.edu.pl\/?p=1791\">Influence of selected factors on the repeat purchase of the a package tour \u2013 case study from tourism of the Moravian-Silesian Region \/ Wp\u0142yw wybranych czynnik\u00f3w na ponowne wykupienie wycieczki zorganizowanej \u2013 studium przypadku z turystyki Regionu Morawsko-\u015al\u0105skiego<\/a><\/p>\r\n\r\n\r\n\r\n<p><strong>Katarzyna DUDA-GROMADA, Kry\u0161tof MATERNA<\/strong> <a href=\"https:\/\/pisg.wgsr.uw.edu.pl\/?p=1795\">Wybrane atrakcje w turystyce piwnej. Przyk\u0142ad Czech i Polski \/ Selected attractions in the beer tourism. Example of the Czech republic and Poland<\/a><\/p>\r\n\r\n\r\n\r\n<p><strong>Kinga MIELCARSKA, Mariusz SZYMANOWSKI <\/strong><a href=\"https:\/\/pisg.wgsr.uw.edu.pl\/?p=1853\">Kondycja drzewostan\u00f3w w Polsce \u2013 uwarunkowania i metody bada\u0144 \/ The condition of forest stands in Poland \u2013 determinants and research methods<\/a><\/p>\r\n\r\n\r\n\r\n<p><strong>Novita TRESIANA, Noverman DUADJI<\/strong> <a href=\"https:\/\/pisg.wgsr.uw.edu.pl\/?p=1845\">The practice of child marriage: A profile and policy advocacy for Indonesian government \/ Praktyka ma\u0142\u017ce\u0144stw w\u015br\u00f3d dzieci: profil i polityka rz\u0105du Indonezji<\/a><\/p>\r\n\r\n\r\n\r\n<p><strong>Hoang Son NGUYEN, Trong Quan NGUYEN<\/strong> <a href=\"https:\/\/pisg.wgsr.uw.edu.pl\/?p=1848\">Assessing the level of vulerability due to climate change in extremely poor coastal communes in Quang Binh, Quang Tri, and Thua Thien Hue provinces, Vietnam \/ Ocena poziomu wra\u017cliwo\u015bci ze wzgl\u0119du na zmian\u0119 klimatu w wyj\u0105tkowo ubogich gminach nabrze\u017cnych w prowincjach Quang Binh, Quang Tri i Thua Thien Hue w Wietnamie<\/a><\/p>\r\n\r\n\r\n\r\n<p><strong>Natalia \u0141UKASIEWICZ <\/strong><a href=\"https:\/\/pisg.wgsr.uw.edu.pl\/?p=1874\">Dost\u0119pno\u015b\u0107 w kontek\u015bcie muze\u00f3w (na wybranych przyk\u0142adach) \/ Accessibility in the context of museums (on selected examples)<\/a><\/p>\r\n\r\n\r\n\r\n<p><strong>Hossein NOROOZI<\/strong> <a href=\"https:\/\/pisg.wgsr.uw.edu.pl\/?p=1866\">Contemporary luxury tourism and emerging new destinations: The case of Iran \/ Wsp\u00f3\u0142czesna turystyka luksusowa i nowe wschodz\u0105ce kierunki: przyk\u0142ad Iranu<\/a><\/p>\r\n\r\n\r\n\r\n<p><em>Eseje naukowe<\/em><\/p>\r\n\r\n\r\n\r\n<p><strong>Jerzy J. PARYSEK <\/strong><a href=\"https:\/\/pisg.wgsr.uw.edu.pl\/wp-content\/uploads\/2021\/12\/PiSG_66.2-11.pdf\">Gdzie jeste\u015b, polska geografio? \/ Where are you, Polish geography?<\/a><\/p>\r\n\r\n\r\n\r\n<p>&nbsp;<\/p>\r\n","protected":false},"excerpt":{"rendered":"<p>Strony tytu\u0142owe i spis tre\u015bci Artyku\u0142y i studia Van Canh TRUONG Applying \u201eSMART\u201d criteria for selecting indicators to measure sustainable development in Vietnam \/ Zastosowanie kryteri\u00f3w \u201eSMART\u201d dla wyboru wska\u017anik\u00f3w do pomiaru zr\u00f3wnowa\u017conego rozwoju w Wietnamie Pawe\u0142 GADOMSKI, Izabela KARSZNIA Ocena zakresu tre\u015bci baz danych oraz map \u015brednioskalowych wybranych agencji kartograficznych \/ Evaluation of the [&hellip;]<\/p>\n","protected":false},"author":1,"featured_media":0,"parent":97,"menu_order":0,"comment_status":"closed","ping_status":"closed","template":"","meta":{"_monsterinsights_skip_tracking":false,"_monsterinsights_sitenote_active":false,"_monsterinsights_sitenote_note":"","_monsterinsights_sitenote_category":0,"footnotes":""},"class_list":["post-1775","page","type-page","status-publish","hentry","post"],"yoast_head":"<!-- This site is optimized with the Yoast SEO plugin v27.5 - https:\/\/yoast.com\/product\/yoast-seo-wordpress\/ -->\n<title>Tom 66, zeszyt 2 [Volume 66, Issue 2] \u2013 red. Katarzyna Duda-Gromada - Prace i Studia Geograficzne | Studies in Geography<\/title>\n<meta name=\"robots\" content=\"index, follow, max-snippet:-1, max-image-preview:large, max-video-preview:-1\" \/>\n<link rel=\"canonical\" href=\"https:\/\/pisg.wgsr.uw.edu.pl\/?page_id=1775\" \/>\n<meta property=\"og:locale\" content=\"pl_PL\" \/>\n<meta property=\"og:type\" content=\"article\" \/>\n<meta property=\"og:title\" content=\"Tom 66, zeszyt 2 [Volume 66, Issue 2] \u2013 red. Katarzyna Duda-Gromada - Prace i Studia Geograficzne | Studies in Geography\" \/>\n<meta property=\"og:description\" content=\"Strony tytu\u0142owe i spis tre\u015bci Artyku\u0142y i studia Van Canh TRUONG Applying \u201eSMART\u201d criteria for selecting indicators to measure sustainable development in Vietnam \/ Zastosowanie kryteri\u00f3w \u201eSMART\u201d dla wyboru wska\u017anik\u00f3w do pomiaru zr\u00f3wnowa\u017conego rozwoju w Wietnamie Pawe\u0142 GADOMSKI, Izabela KARSZNIA Ocena zakresu tre\u015bci baz danych oraz map \u015brednioskalowych wybranych agencji kartograficznych \/ Evaluation of the [&hellip;]\" \/>\n<meta property=\"og:url\" content=\"https:\/\/pisg.wgsr.uw.edu.pl\/?page_id=1775\" \/>\n<meta property=\"og:site_name\" content=\"Prace i Studia Geograficzne | Studies in Geography\" \/>\n<meta property=\"article:modified_time\" content=\"2024-03-18T09:00:55+00:00\" \/>\n<meta name=\"twitter:card\" content=\"summary_large_image\" \/>\n<meta name=\"twitter:label1\" content=\"Szacowany czas czytania\" \/>\n\t<meta name=\"twitter:data1\" content=\"2 minuty\" \/>\n<script type=\"application\/ld+json\" class=\"yoast-schema-graph\">{\"@context\":\"https:\\\/\\\/schema.org\",\"@graph\":[{\"@type\":\"WebPage\",\"@id\":\"https:\\\/\\\/pisg.wgsr.uw.edu.pl\\\/?page_id=1775\",\"url\":\"https:\\\/\\\/pisg.wgsr.uw.edu.pl\\\/?page_id=1775\",\"name\":\"Tom 66, zeszyt 2 [Volume 66, Issue 2] \u2013 red. Katarzyna Duda-Gromada - Prace i Studia Geograficzne | Studies in Geography\",\"isPartOf\":{\"@id\":\"https:\\\/\\\/pisg.wgsr.uw.edu.pl\\\/#website\"},\"datePublished\":\"2021-09-01T10:48:19+00:00\",\"dateModified\":\"2024-03-18T09:00:55+00:00\",\"breadcrumb\":{\"@id\":\"https:\\\/\\\/pisg.wgsr.uw.edu.pl\\\/?page_id=1775#breadcrumb\"},\"inLanguage\":\"pl-PL\",\"potentialAction\":[{\"@type\":\"ReadAction\",\"target\":[\"https:\\\/\\\/pisg.wgsr.uw.edu.pl\\\/?page_id=1775\"]}]},{\"@type\":\"BreadcrumbList\",\"@id\":\"https:\\\/\\\/pisg.wgsr.uw.edu.pl\\\/?page_id=1775#breadcrumb\",\"itemListElement\":[{\"@type\":\"ListItem\",\"position\":1,\"name\":\"Strona g\u0142\u00f3wna\",\"item\":\"https:\\\/\\\/pisg.wgsr.uw.edu.pl\\\/\"},{\"@type\":\"ListItem\",\"position\":2,\"name\":\"Tomy\",\"item\":\"https:\\\/\\\/pisg.wgsr.uw.edu.pl\\\/?page_id=97\"},{\"@type\":\"ListItem\",\"position\":3,\"name\":\"Tom 66, zeszyt 2 [Volume 66, Issue 2] \u2013 red. Katarzyna Duda-Gromada\"}]},{\"@type\":\"WebSite\",\"@id\":\"https:\\\/\\\/pisg.wgsr.uw.edu.pl\\\/#website\",\"url\":\"https:\\\/\\\/pisg.wgsr.uw.edu.pl\\\/\",\"name\":\"Prace i Studia Geograficzne | Studies in Geography\",\"description\":\"Prace i Studia Geograficzne s\u0105 recenzowanym czasopismem wydawanym przez Wydzia\u0142 Geografii i Studi\u00f3w Regionalnych Uniwersytetu Warszawskiego\",\"potentialAction\":[{\"@type\":\"SearchAction\",\"target\":{\"@type\":\"EntryPoint\",\"urlTemplate\":\"https:\\\/\\\/pisg.wgsr.uw.edu.pl\\\/?s={search_term_string}\"},\"query-input\":{\"@type\":\"PropertyValueSpecification\",\"valueRequired\":true,\"valueName\":\"search_term_string\"}}],\"inLanguage\":\"pl-PL\"}]}<\/script>\n<!-- \/ Yoast SEO plugin. -->","yoast_head_json":{"title":"Tom 66, zeszyt 2 [Volume 66, Issue 2] \u2013 red. Katarzyna Duda-Gromada - Prace i Studia Geograficzne | Studies in Geography","robots":{"index":"index","follow":"follow","max-snippet":"max-snippet:-1","max-image-preview":"max-image-preview:large","max-video-preview":"max-video-preview:-1"},"canonical":"https:\/\/pisg.wgsr.uw.edu.pl\/?page_id=1775","og_locale":"pl_PL","og_type":"article","og_title":"Tom 66, zeszyt 2 [Volume 66, Issue 2] \u2013 red. Katarzyna Duda-Gromada - Prace i Studia Geograficzne | Studies in Geography","og_description":"Strony tytu\u0142owe i spis tre\u015bci Artyku\u0142y i studia Van Canh TRUONG Applying \u201eSMART\u201d criteria for selecting indicators to measure sustainable development in Vietnam \/ Zastosowanie kryteri\u00f3w \u201eSMART\u201d dla wyboru wska\u017anik\u00f3w do pomiaru zr\u00f3wnowa\u017conego rozwoju w Wietnamie Pawe\u0142 GADOMSKI, Izabela KARSZNIA Ocena zakresu tre\u015bci baz danych oraz map \u015brednioskalowych wybranych agencji kartograficznych \/ Evaluation of the [&hellip;]","og_url":"https:\/\/pisg.wgsr.uw.edu.pl\/?page_id=1775","og_site_name":"Prace i Studia Geograficzne | Studies in Geography","article_modified_time":"2024-03-18T09:00:55+00:00","twitter_card":"summary_large_image","twitter_misc":{"Szacowany czas czytania":"2 minuty"},"schema":{"@context":"https:\/\/schema.org","@graph":[{"@type":"WebPage","@id":"https:\/\/pisg.wgsr.uw.edu.pl\/?page_id=1775","url":"https:\/\/pisg.wgsr.uw.edu.pl\/?page_id=1775","name":"Tom 66, zeszyt 2 [Volume 66, Issue 2] \u2013 red. Katarzyna Duda-Gromada - Prace i Studia Geograficzne | Studies in Geography","isPartOf":{"@id":"https:\/\/pisg.wgsr.uw.edu.pl\/#website"},"datePublished":"2021-09-01T10:48:19+00:00","dateModified":"2024-03-18T09:00:55+00:00","breadcrumb":{"@id":"https:\/\/pisg.wgsr.uw.edu.pl\/?page_id=1775#breadcrumb"},"inLanguage":"pl-PL","potentialAction":[{"@type":"ReadAction","target":["https:\/\/pisg.wgsr.uw.edu.pl\/?page_id=1775"]}]},{"@type":"BreadcrumbList","@id":"https:\/\/pisg.wgsr.uw.edu.pl\/?page_id=1775#breadcrumb","itemListElement":[{"@type":"ListItem","position":1,"name":"Strona g\u0142\u00f3wna","item":"https:\/\/pisg.wgsr.uw.edu.pl\/"},{"@type":"ListItem","position":2,"name":"Tomy","item":"https:\/\/pisg.wgsr.uw.edu.pl\/?page_id=97"},{"@type":"ListItem","position":3,"name":"Tom 66, zeszyt 2 [Volume 66, Issue 2] \u2013 red. Katarzyna Duda-Gromada"}]},{"@type":"WebSite","@id":"https:\/\/pisg.wgsr.uw.edu.pl\/#website","url":"https:\/\/pisg.wgsr.uw.edu.pl\/","name":"Prace i Studia Geograficzne | Studies in Geography","description":"Prace i Studia Geograficzne s\u0105 recenzowanym czasopismem wydawanym przez Wydzia\u0142 Geografii i Studi\u00f3w Regionalnych Uniwersytetu Warszawskiego","potentialAction":[{"@type":"SearchAction","target":{"@type":"EntryPoint","urlTemplate":"https:\/\/pisg.wgsr.uw.edu.pl\/?s={search_term_string}"},"query-input":{"@type":"PropertyValueSpecification","valueRequired":true,"valueName":"search_term_string"}}],"inLanguage":"pl-PL"}]}},"_links":{"self":[{"href":"https:\/\/pisg.wgsr.uw.edu.pl\/index.php?rest_route=\/wp\/v2\/pages\/1775","targetHints":{"allow":["GET"]}}],"collection":[{"href":"https:\/\/pisg.wgsr.uw.edu.pl\/index.php?rest_route=\/wp\/v2\/pages"}],"about":[{"href":"https:\/\/pisg.wgsr.uw.edu.pl\/index.php?rest_route=\/wp\/v2\/types\/page"}],"author":[{"embeddable":true,"href":"https:\/\/pisg.wgsr.uw.edu.pl\/index.php?rest_route=\/wp\/v2\/users\/1"}],"replies":[{"embeddable":true,"href":"https:\/\/pisg.wgsr.uw.edu.pl\/index.php?rest_route=%2Fwp%2Fv2%2Fcomments&post=1775"}],"version-history":[{"count":1,"href":"https:\/\/pisg.wgsr.uw.edu.pl\/index.php?rest_route=\/wp\/v2\/pages\/1775\/revisions"}],"predecessor-version":[{"id":3101,"href":"https:\/\/pisg.wgsr.uw.edu.pl\/index.php?rest_route=\/wp\/v2\/pages\/1775\/revisions\/3101"}],"up":[{"embeddable":true,"href":"https:\/\/pisg.wgsr.uw.edu.pl\/index.php?rest_route=\/wp\/v2\/pages\/97"}],"wp:attachment":[{"href":"https:\/\/pisg.wgsr.uw.edu.pl\/index.php?rest_route=%2Fwp%2Fv2%2Fmedia&parent=1775"}],"curies":[{"name":"wp","href":"https:\/\/api.w.org\/{rel}","templated":true}]}}