{"id":2152,"date":"2022-10-18T15:12:57","date_gmt":"2022-10-18T13:12:57","guid":{"rendered":"https:\/\/wgsr.uw.edu.pl\/pisg\/?page_id=2152"},"modified":"2024-08-19T20:00:46","modified_gmt":"2024-08-19T20:00:46","slug":"tom-67-zeszyt-2-volume-67-issue-2-red-dorota-mantey","status":"publish","type":"page","link":"https:\/\/pisg.wgsr.uw.edu.pl\/?page_id=2152","title":{"rendered":"Tom 67, zeszyt 2 [Volume 67, Issue 2] \u2013 red. Dorota Mantey"},"content":{"rendered":"\r\n<p><a href=\"https:\/\/pisg.wgsr.uw.edu.pl\/wp-content\/uploads\/2024\/08\/PiSG_67.2-StronyTytuloweSpisTresci.pdf\">Strony tytu\u0142owe i spis tre\u015bci<\/a><\/p>\r\n<p><em>Artyku\u0142y i studia<\/em><\/p>\r\n\r\n\r\n\r\n<p><strong>Grzegorz MASIK<\/strong> <a href=\"https:\/\/pisg.wgsr.uw.edu.pl\/?p=2157\">Koncepcja odporno\u015bci system\u00f3w spo\u0142eczno-ekologicznych wobec innych aktualnych koncepcji rozwoju oraz uwagi krytyczne \/ The concept of resilience of socio-ecological systems to other current development concepts and critical remarks<\/a><\/p>\r\n\r\n\r\n\r\n<p><strong>Wojciech KORBEL<\/strong> <a href=\"https:\/\/pisg.wgsr.uw.edu.pl\/?p=2163\">Du\u017cy problem z cienk\u0105 lini\u0105 \u2013 linia zabudowy w planach zagospodarowania przestrzennego najwi\u0119kszych miast Ma\u0142opolski \/ A big problem with the thin line &#8211; building line in land development plans of the largest cities in Lesser Poland<\/a><\/p>\r\n\r\n\r\n\r\n<p><strong>Andrzej RICHLING<\/strong> <a href=\"https:\/\/pisg.wgsr.uw.edu.pl\/?p=2166\">O rozwoju fizjografii planistycznej raz jeszcze \/ On the development of planning physiography once again<\/a><\/p>\r\n\r\n\r\n\r\n<p><strong>Andrzej A. MARSZ, Anna STYSZY\u0143SKA<\/strong> <a href=\"https:\/\/pisg.wgsr.uw.edu.pl\/?p=2171\">Proces ocieplenia w Polsce \u2013 przebieg i przyczyny (1951\u20132018). Przejaw wewn\u0119trznej dynamiki systemu klimatycznego czy proces antropogeniczny? \/ The warming process in Poland \u2013 course and causes (1951\u20132018). The manifestation of the internal dynamics of the climate system or an anthropogenic process?<\/a><\/p>\r\n\r\n\r\n\r\n<p><strong>El\u017cbieta DUTKA<\/strong> <a href=\"https:\/\/pisg.wgsr.uw.edu.pl\/?p=2176\">Tatry \u2013 bezkresne i zamieszkiwane, niszczone i chronione. O antynomiach przestrzeni g\u00f3rskiej w pismach Jana Gwalberta Pawlikowskiego \/ The Tatras \u2013 endless and inhabited, destroyed and protected. On the antinomies of mountain space in the writings of Jan Gwalbert Pawlikowski <\/a><\/p>\r\n\r\n\r\n\r\n<p><strong>Magdalena CYBULSKA, Wojciech DZIEMIANOWICZ, Julita \u0141UKOMSKA<\/strong> <a href=\"https:\/\/pisg.wgsr.uw.edu.pl\/?p=2183\">Kotwice biedy &#8211; w poszukiwaniu czynnik\u00f3w decyduj\u0105cych o niskiej zamo\u017cno\u015bci gmin \/ Poverty anchors \u2013 in search of factors determining the low affluence of municipalities in Poland<\/a><\/p>\r\n\r\n\r\n\r\n<p><strong>Magdalena Jagoda WAKU\u0141A, Maksym \u0141ASZEWSKI <\/strong><a href=\"https:\/\/pisg.wgsr.uw.edu.pl\/?p=2192\">Zmiany powierzchni wybranych jezior Pojezierza \u0141\u0119czy\u0144sko-W\u0142odawskiego \/ Changes in the area of selected lakes of the \u0141\u0119czna-W\u0142odawa Lake District<\/a><\/p>\r\n\r\n\r\n\r\n<p><strong>Sebastian BERNAT<\/strong> <a href=\"https:\/\/pisg.wgsr.uw.edu.pl\/?p=2196\">Organy w przestrzeni. Rozwa\u017cania z zakresu geografii muzyki \/ Organs in space. Reflections on the geography of music<\/a><\/p>\r\n\r\n\r\n\r\n<p><em>Eseje naukowe<\/em><\/p>\r\n\r\n\r\n\r\n<p><strong>Jerzy J. PARYSEK<\/strong> <a href=\"https:\/\/pisg.wgsr.uw.edu.pl\/wp-content\/uploads\/2023\/01\/09_Parysek.pdf\">\u201eTu ro\u015bnie dom, tam ro\u015bnie dom, z godziny na godzin\u0119\u2026\u201d \/ \u201eA house grows here, a house grows there, hour by hour\u2026\u201d<\/a><\/p>\r\n\r\n\r\n\r\n<p class=\"has-text-color has-text-align-center has-vivid-red-color\">\u00a0<\/p>\r\n","protected":false},"excerpt":{"rendered":"<p>Strony tytu\u0142owe i spis tre\u015bci Artyku\u0142y i studia Grzegorz MASIK Koncepcja odporno\u015bci system\u00f3w spo\u0142eczno-ekologicznych wobec innych aktualnych koncepcji rozwoju oraz uwagi krytyczne \/ The concept of resilience of socio-ecological systems to other current development concepts and critical remarks Wojciech KORBEL Du\u017cy problem z cienk\u0105 lini\u0105 \u2013 linia zabudowy w planach zagospodarowania przestrzennego najwi\u0119kszych miast Ma\u0142opolski [&hellip;]<\/p>\n","protected":false},"author":1,"featured_media":0,"parent":97,"menu_order":0,"comment_status":"closed","ping_status":"closed","template":"","meta":{"_monsterinsights_skip_tracking":false,"_monsterinsights_sitenote_active":false,"_monsterinsights_sitenote_note":"","_monsterinsights_sitenote_category":0,"footnotes":""},"class_list":["post-2152","page","type-page","status-publish","hentry","post"],"yoast_head":"<!-- This site is optimized with the Yoast SEO plugin v27.4 - https:\/\/yoast.com\/product\/yoast-seo-wordpress\/ -->\n<title>Tom 67, zeszyt 2 [Volume 67, Issue 2] \u2013 red. Dorota Mantey - Prace i Studia Geograficzne | Studies in Geography<\/title>\n<meta name=\"robots\" content=\"index, follow, max-snippet:-1, max-image-preview:large, max-video-preview:-1\" \/>\n<link rel=\"canonical\" href=\"https:\/\/pisg.wgsr.uw.edu.pl\/?page_id=2152\" \/>\n<meta property=\"og:locale\" content=\"pl_PL\" \/>\n<meta property=\"og:type\" content=\"article\" \/>\n<meta property=\"og:title\" content=\"Tom 67, zeszyt 2 [Volume 67, Issue 2] \u2013 red. Dorota Mantey - Prace i Studia Geograficzne | Studies in Geography\" \/>\n<meta property=\"og:description\" content=\"Strony tytu\u0142owe i spis tre\u015bci Artyku\u0142y i studia Grzegorz MASIK Koncepcja odporno\u015bci system\u00f3w spo\u0142eczno-ekologicznych wobec innych aktualnych koncepcji rozwoju oraz uwagi krytyczne \/ The concept of resilience of socio-ecological systems to other current development concepts and critical remarks Wojciech KORBEL Du\u017cy problem z cienk\u0105 lini\u0105 \u2013 linia zabudowy w planach zagospodarowania przestrzennego najwi\u0119kszych miast Ma\u0142opolski [&hellip;]\" \/>\n<meta property=\"og:url\" content=\"https:\/\/pisg.wgsr.uw.edu.pl\/?page_id=2152\" \/>\n<meta property=\"og:site_name\" content=\"Prace i Studia Geograficzne | Studies in Geography\" \/>\n<meta property=\"article:modified_time\" content=\"2024-08-19T20:00:46+00:00\" \/>\n<meta name=\"twitter:card\" content=\"summary_large_image\" \/>\n<meta name=\"twitter:label1\" content=\"Szacowany czas czytania\" \/>\n\t<meta name=\"twitter:data1\" content=\"2 minuty\" \/>\n<script type=\"application\/ld+json\" class=\"yoast-schema-graph\">{\"@context\":\"https:\\\/\\\/schema.org\",\"@graph\":[{\"@type\":\"WebPage\",\"@id\":\"https:\\\/\\\/pisg.wgsr.uw.edu.pl\\\/?page_id=2152\",\"url\":\"https:\\\/\\\/pisg.wgsr.uw.edu.pl\\\/?page_id=2152\",\"name\":\"Tom 67, zeszyt 2 [Volume 67, Issue 2] \u2013 red. Dorota Mantey - Prace i Studia Geograficzne | Studies in Geography\",\"isPartOf\":{\"@id\":\"https:\\\/\\\/pisg.wgsr.uw.edu.pl\\\/#website\"},\"datePublished\":\"2022-10-18T13:12:57+00:00\",\"dateModified\":\"2024-08-19T20:00:46+00:00\",\"breadcrumb\":{\"@id\":\"https:\\\/\\\/pisg.wgsr.uw.edu.pl\\\/?page_id=2152#breadcrumb\"},\"inLanguage\":\"pl-PL\",\"potentialAction\":[{\"@type\":\"ReadAction\",\"target\":[\"https:\\\/\\\/pisg.wgsr.uw.edu.pl\\\/?page_id=2152\"]}]},{\"@type\":\"BreadcrumbList\",\"@id\":\"https:\\\/\\\/pisg.wgsr.uw.edu.pl\\\/?page_id=2152#breadcrumb\",\"itemListElement\":[{\"@type\":\"ListItem\",\"position\":1,\"name\":\"Strona g\u0142\u00f3wna\",\"item\":\"https:\\\/\\\/pisg.wgsr.uw.edu.pl\\\/\"},{\"@type\":\"ListItem\",\"position\":2,\"name\":\"Tomy\",\"item\":\"https:\\\/\\\/pisg.wgsr.uw.edu.pl\\\/?page_id=97\"},{\"@type\":\"ListItem\",\"position\":3,\"name\":\"Tom 67, zeszyt 2 [Volume 67, Issue 2] \u2013 red. Dorota Mantey\"}]},{\"@type\":\"WebSite\",\"@id\":\"https:\\\/\\\/pisg.wgsr.uw.edu.pl\\\/#website\",\"url\":\"https:\\\/\\\/pisg.wgsr.uw.edu.pl\\\/\",\"name\":\"Prace i Studia Geograficzne | Studies in Geography\",\"description\":\"Prace i Studia Geograficzne s\u0105 recenzowanym czasopismem wydawanym przez Wydzia\u0142 Geografii i Studi\u00f3w Regionalnych Uniwersytetu Warszawskiego\",\"potentialAction\":[{\"@type\":\"SearchAction\",\"target\":{\"@type\":\"EntryPoint\",\"urlTemplate\":\"https:\\\/\\\/pisg.wgsr.uw.edu.pl\\\/?s={search_term_string}\"},\"query-input\":{\"@type\":\"PropertyValueSpecification\",\"valueRequired\":true,\"valueName\":\"search_term_string\"}}],\"inLanguage\":\"pl-PL\"}]}<\/script>\n<!-- \/ Yoast SEO plugin. -->","yoast_head_json":{"title":"Tom 67, zeszyt 2 [Volume 67, Issue 2] \u2013 red. Dorota Mantey - Prace i Studia Geograficzne | Studies in Geography","robots":{"index":"index","follow":"follow","max-snippet":"max-snippet:-1","max-image-preview":"max-image-preview:large","max-video-preview":"max-video-preview:-1"},"canonical":"https:\/\/pisg.wgsr.uw.edu.pl\/?page_id=2152","og_locale":"pl_PL","og_type":"article","og_title":"Tom 67, zeszyt 2 [Volume 67, Issue 2] \u2013 red. Dorota Mantey - Prace i Studia Geograficzne | Studies in Geography","og_description":"Strony tytu\u0142owe i spis tre\u015bci Artyku\u0142y i studia Grzegorz MASIK Koncepcja odporno\u015bci system\u00f3w spo\u0142eczno-ekologicznych wobec innych aktualnych koncepcji rozwoju oraz uwagi krytyczne \/ The concept of resilience of socio-ecological systems to other current development concepts and critical remarks Wojciech KORBEL Du\u017cy problem z cienk\u0105 lini\u0105 \u2013 linia zabudowy w planach zagospodarowania przestrzennego najwi\u0119kszych miast Ma\u0142opolski [&hellip;]","og_url":"https:\/\/pisg.wgsr.uw.edu.pl\/?page_id=2152","og_site_name":"Prace i Studia Geograficzne | Studies in Geography","article_modified_time":"2024-08-19T20:00:46+00:00","twitter_card":"summary_large_image","twitter_misc":{"Szacowany czas czytania":"2 minuty"},"schema":{"@context":"https:\/\/schema.org","@graph":[{"@type":"WebPage","@id":"https:\/\/pisg.wgsr.uw.edu.pl\/?page_id=2152","url":"https:\/\/pisg.wgsr.uw.edu.pl\/?page_id=2152","name":"Tom 67, zeszyt 2 [Volume 67, Issue 2] \u2013 red. Dorota Mantey - Prace i Studia Geograficzne | Studies in Geography","isPartOf":{"@id":"https:\/\/pisg.wgsr.uw.edu.pl\/#website"},"datePublished":"2022-10-18T13:12:57+00:00","dateModified":"2024-08-19T20:00:46+00:00","breadcrumb":{"@id":"https:\/\/pisg.wgsr.uw.edu.pl\/?page_id=2152#breadcrumb"},"inLanguage":"pl-PL","potentialAction":[{"@type":"ReadAction","target":["https:\/\/pisg.wgsr.uw.edu.pl\/?page_id=2152"]}]},{"@type":"BreadcrumbList","@id":"https:\/\/pisg.wgsr.uw.edu.pl\/?page_id=2152#breadcrumb","itemListElement":[{"@type":"ListItem","position":1,"name":"Strona g\u0142\u00f3wna","item":"https:\/\/pisg.wgsr.uw.edu.pl\/"},{"@type":"ListItem","position":2,"name":"Tomy","item":"https:\/\/pisg.wgsr.uw.edu.pl\/?page_id=97"},{"@type":"ListItem","position":3,"name":"Tom 67, zeszyt 2 [Volume 67, Issue 2] \u2013 red. Dorota Mantey"}]},{"@type":"WebSite","@id":"https:\/\/pisg.wgsr.uw.edu.pl\/#website","url":"https:\/\/pisg.wgsr.uw.edu.pl\/","name":"Prace i Studia Geograficzne | Studies in Geography","description":"Prace i Studia Geograficzne s\u0105 recenzowanym czasopismem wydawanym przez Wydzia\u0142 Geografii i Studi\u00f3w Regionalnych Uniwersytetu Warszawskiego","potentialAction":[{"@type":"SearchAction","target":{"@type":"EntryPoint","urlTemplate":"https:\/\/pisg.wgsr.uw.edu.pl\/?s={search_term_string}"},"query-input":{"@type":"PropertyValueSpecification","valueRequired":true,"valueName":"search_term_string"}}],"inLanguage":"pl-PL"}]}},"_links":{"self":[{"href":"https:\/\/pisg.wgsr.uw.edu.pl\/index.php?rest_route=\/wp\/v2\/pages\/2152","targetHints":{"allow":["GET"]}}],"collection":[{"href":"https:\/\/pisg.wgsr.uw.edu.pl\/index.php?rest_route=\/wp\/v2\/pages"}],"about":[{"href":"https:\/\/pisg.wgsr.uw.edu.pl\/index.php?rest_route=\/wp\/v2\/types\/page"}],"author":[{"embeddable":true,"href":"https:\/\/pisg.wgsr.uw.edu.pl\/index.php?rest_route=\/wp\/v2\/users\/1"}],"replies":[{"embeddable":true,"href":"https:\/\/pisg.wgsr.uw.edu.pl\/index.php?rest_route=%2Fwp%2Fv2%2Fcomments&post=2152"}],"version-history":[{"count":2,"href":"https:\/\/pisg.wgsr.uw.edu.pl\/index.php?rest_route=\/wp\/v2\/pages\/2152\/revisions"}],"predecessor-version":[{"id":3410,"href":"https:\/\/pisg.wgsr.uw.edu.pl\/index.php?rest_route=\/wp\/v2\/pages\/2152\/revisions\/3410"}],"up":[{"embeddable":true,"href":"https:\/\/pisg.wgsr.uw.edu.pl\/index.php?rest_route=\/wp\/v2\/pages\/97"}],"wp:attachment":[{"href":"https:\/\/pisg.wgsr.uw.edu.pl\/index.php?rest_route=%2Fwp%2Fv2%2Fmedia&parent=2152"}],"curies":[{"name":"wp","href":"https:\/\/api.w.org\/{rel}","templated":true}]}}