{"id":2949,"date":"2024-02-25T21:30:34","date_gmt":"2024-02-25T21:30:34","guid":{"rendered":"https:\/\/pisg.wgsr.uw.edu.pl\/?page_id=2949"},"modified":"2024-03-14T08:54:25","modified_gmt":"2024-03-14T08:54:25","slug":"tom-61-zeszyt-1-volume-61-issue-1-red-malgorzata-roge-wisniewska","status":"publish","type":"page","link":"https:\/\/pisg.wgsr.uw.edu.pl\/?page_id=2949","title":{"rendered":"Tom 61, zeszyt 1 [Volume 61, Issue 1] \u2013 red. Ma\u0142gorzata Roge-Wi\u015bniewska"},"content":{"rendered":"<p><em>Wprowadzenie<\/em><\/p>\n<p><strong>Ewelina Kantowicz<\/strong> <a href=\"https:\/\/pisg.wgsr.uw.edu.pl\/wp-content\/uploads\/2024\/02\/61.1art.1.pdf\">Profesor Stefan Ka\u0142uski \u2013 podr\u00f3\u017cnik \u2013 wyk\u0142adowca \u2013 uczony \/ Professor Stefan Ka\u0142uski \u2013 traveler \u2013 lecturer \u2013 scholar<\/a><\/p>\n<p><em>Artyku\u0142y i studia<\/em><\/p>\n<p><strong>Renata Anisiewicz, Tadeusz Palmowski<\/strong> <a href=\"https:\/\/pisg.wgsr.uw.edu.pl\/?p=2950\">Wsp\u00f3\u0142praca Polski z Obwodem Kaliningradzkim Feredacji Rosyjskiej jako istotny element integracji ba\u0142tyckiej \/ Cooperation of Poland and the Kaliningrad Oblast of the Russian Federation \u2013 an important factor of Baltic integration<\/a><\/p>\n<p><strong>Adam Bajcar<\/strong> <a href=\"https:\/\/pisg.wgsr.uw.edu.pl\/?p=2955\">Wsp\u00f3\u0142dzia\u0142anie czynnik\u00f3w przyrodniczych, historycznych i kulturowych w kszta\u0142towaniu to\u017csamo\u015bci region\u00f3w w Europie \/ Interaction of natural, historical and cultural factors in shaping the regional identity in Europe<\/a><\/p>\n<p><strong>Stanis\u0142aw Ciok<\/strong> <a href=\"https:\/\/pisg.wgsr.uw.edu.pl\/?p=2959\">Uwarunkowania rozwoju pogranicza polsko-niemieckiego po II wojnie \u015bwiatowej \/ Conditions shaping the development of the Polish-German borderland after World War II<\/a><\/p>\n<p><strong>Andrzej Goc\u0142owski<\/strong> <a href=\"https:\/\/pisg.wgsr.uw.edu.pl\/?p=2962\">Przyrodnicze uwarunkowania geograficzno-politycznego znaczenia P\u00f3\u0142wyspu Krymskiego \/ Natural conditions of geo-political importance of Crimean Peninsula<\/a><\/p>\n<p><strong>Maciej J\u0119drusik<\/strong> <a href=\"https:\/\/pisg.wgsr.uw.edu.pl\/?p=2966\">Kilka s\u0142\u00f3w o wra\u017cliwo\u015bci spo\u0142eczno\u015bci wyspiarskich \/ A few words about the sensitivity of island communities<\/a><\/p>\n<p><strong>Tomasz Komornicki<\/strong> <a href=\"https:\/\/pisg.wgsr.uw.edu.pl\/?p=2969\">Zmiany w ruchu przez polsk\u0105 granic\u0119 wschodni\u0105 w roku 2014 na tle sytuacji geopolitycznej \/ Polish Eastern Border \u2013 2014 traffic changes on the geopolitical situation background<\/a><\/p>\n<p><strong>Maciej Lechowicz<\/strong> <a href=\"https:\/\/pisg.wgsr.uw.edu.pl\/?p=2973\">Znaczenie Dniestru, Cisy i Prutu dla rozwoju osadnictwa miejskiego ukrai\u0144skiej cz\u0119\u015bci Karpat \/ The importance of the Dniester, Tisza and Prut for the development of urban settlements of the Ukrainian Carpathians<\/a><\/p>\n<p><strong>Ma\u0142gorzata Roge-Wi\u015bniewska<\/strong> <a href=\"https:\/\/pisg.wgsr.uw.edu.pl\/?p=2978\">Partycypacja spo\u0142eczna w planowaniu przestrzennym w wojew\u00f3dztwie mazowieckim w Polsce z punktu widzenia ochrony przyrody \/ Publicly involved spatial development in Masovian region in Poland from environmental point of view<\/a><\/p>\n<p><strong>Andrzej Ryka\u0142a<\/strong> <a href=\"https:\/\/pisg.wgsr.uw.edu.pl\/?p=2983\">\u201eProduktywizacja\u201d \u017byd\u00f3w w Polsce po drugiej wojnie \u015bwiatowej na przyk\u0142adzie dzia\u0142alno\u015bci rolniczej \/ \u201cProductivisation\u201d of Jews in Poland after World War II as an example of agricultural activity<\/a><\/p>\n<p><strong>Marek Sobczy\u0144ski<\/strong> <a href=\"https:\/\/pisg.wgsr.uw.edu.pl\/?p=2987\">Rozw\u00f3j terytorialny, kszta\u0142towanie si\u0119 granic oraz sytuacja geopolityczna Luksemburga \/ Territorial development, formation of borders and geopolitics of Luxembourg<\/a><\/p>\n<p><strong>Maria W\u0105sowska<\/strong> <a href=\"https:\/\/pisg.wgsr.uw.edu.pl\/?p=2991\">Unia Europejska wobec ryzyka wulkanicznego na wyspach \/ European Union against volcanic risk on islands<\/a><\/p>\n<p><strong>Jadwiga Winidowa<\/strong> <a href=\"https:\/\/pisg.wgsr.uw.edu.pl\/?p=2994\">Stanowisko Polski oraz wybranych pa\u0144stw Unii Europejskiej wobec wydobycia gazu niekonwencjonalnego \/ Position of Poland and selected European Union Countries on exploration and production of unconventional gas<\/a><\/p>\n","protected":false},"excerpt":{"rendered":"<p>Wprowadzenie Ewelina Kantowicz Profesor Stefan Ka\u0142uski \u2013 podr\u00f3\u017cnik \u2013 wyk\u0142adowca \u2013 uczony \/ Professor Stefan Ka\u0142uski \u2013 traveler \u2013 lecturer \u2013 scholar Artyku\u0142y i studia Renata Anisiewicz, Tadeusz Palmowski Wsp\u00f3\u0142praca Polski z Obwodem Kaliningradzkim Feredacji Rosyjskiej jako istotny element integracji ba\u0142tyckiej \/ Cooperation of Poland and the Kaliningrad Oblast of the Russian Federation \u2013 an [&hellip;]<\/p>\n","protected":false},"author":3,"featured_media":0,"parent":97,"menu_order":0,"comment_status":"closed","ping_status":"closed","template":"","meta":{"_monsterinsights_skip_tracking":false,"_monsterinsights_sitenote_active":false,"_monsterinsights_sitenote_note":"","_monsterinsights_sitenote_category":0,"footnotes":""},"class_list":["post-2949","page","type-page","status-publish","hentry","post"],"yoast_head":"<!-- This site is optimized with the Yoast SEO plugin v27.5 - https:\/\/yoast.com\/product\/yoast-seo-wordpress\/ -->\n<title>Tom 61, zeszyt 1 [Volume 61, Issue 1] \u2013 red. Ma\u0142gorzata Roge-Wi\u015bniewska - Prace i Studia Geograficzne | Studies in Geography<\/title>\n<meta name=\"robots\" content=\"index, follow, max-snippet:-1, max-image-preview:large, max-video-preview:-1\" \/>\n<link rel=\"canonical\" href=\"https:\/\/pisg.wgsr.uw.edu.pl\/?page_id=2949\" \/>\n<meta property=\"og:locale\" content=\"pl_PL\" \/>\n<meta property=\"og:type\" content=\"article\" \/>\n<meta property=\"og:title\" content=\"Tom 61, zeszyt 1 [Volume 61, Issue 1] \u2013 red. Ma\u0142gorzata Roge-Wi\u015bniewska - Prace i Studia Geograficzne | Studies in Geography\" \/>\n<meta property=\"og:description\" content=\"Wprowadzenie Ewelina Kantowicz Profesor Stefan Ka\u0142uski \u2013 podr\u00f3\u017cnik \u2013 wyk\u0142adowca \u2013 uczony \/ Professor Stefan Ka\u0142uski \u2013 traveler \u2013 lecturer \u2013 scholar Artyku\u0142y i studia Renata Anisiewicz, Tadeusz Palmowski Wsp\u00f3\u0142praca Polski z Obwodem Kaliningradzkim Feredacji Rosyjskiej jako istotny element integracji ba\u0142tyckiej \/ Cooperation of Poland and the Kaliningrad Oblast of the Russian Federation \u2013 an [&hellip;]\" \/>\n<meta property=\"og:url\" content=\"https:\/\/pisg.wgsr.uw.edu.pl\/?page_id=2949\" \/>\n<meta property=\"og:site_name\" content=\"Prace i Studia Geograficzne | Studies in Geography\" \/>\n<meta property=\"article:modified_time\" content=\"2024-03-14T08:54:25+00:00\" \/>\n<meta name=\"twitter:card\" content=\"summary_large_image\" \/>\n<meta name=\"twitter:label1\" content=\"Szacowany czas czytania\" \/>\n\t<meta name=\"twitter:data1\" content=\"2 minuty\" \/>\n<script type=\"application\/ld+json\" class=\"yoast-schema-graph\">{\"@context\":\"https:\\\/\\\/schema.org\",\"@graph\":[{\"@type\":\"WebPage\",\"@id\":\"https:\\\/\\\/pisg.wgsr.uw.edu.pl\\\/?page_id=2949\",\"url\":\"https:\\\/\\\/pisg.wgsr.uw.edu.pl\\\/?page_id=2949\",\"name\":\"Tom 61, zeszyt 1 [Volume 61, Issue 1] \u2013 red. Ma\u0142gorzata Roge-Wi\u015bniewska - Prace i Studia Geograficzne | Studies in Geography\",\"isPartOf\":{\"@id\":\"https:\\\/\\\/pisg.wgsr.uw.edu.pl\\\/#website\"},\"datePublished\":\"2024-02-25T21:30:34+00:00\",\"dateModified\":\"2024-03-14T08:54:25+00:00\",\"breadcrumb\":{\"@id\":\"https:\\\/\\\/pisg.wgsr.uw.edu.pl\\\/?page_id=2949#breadcrumb\"},\"inLanguage\":\"pl-PL\",\"potentialAction\":[{\"@type\":\"ReadAction\",\"target\":[\"https:\\\/\\\/pisg.wgsr.uw.edu.pl\\\/?page_id=2949\"]}]},{\"@type\":\"BreadcrumbList\",\"@id\":\"https:\\\/\\\/pisg.wgsr.uw.edu.pl\\\/?page_id=2949#breadcrumb\",\"itemListElement\":[{\"@type\":\"ListItem\",\"position\":1,\"name\":\"Strona g\u0142\u00f3wna\",\"item\":\"https:\\\/\\\/pisg.wgsr.uw.edu.pl\\\/\"},{\"@type\":\"ListItem\",\"position\":2,\"name\":\"Tomy\",\"item\":\"https:\\\/\\\/pisg.wgsr.uw.edu.pl\\\/?page_id=97\"},{\"@type\":\"ListItem\",\"position\":3,\"name\":\"Tom 61, zeszyt 1 [Volume 61, Issue 1] \u2013 red. Ma\u0142gorzata Roge-Wi\u015bniewska\"}]},{\"@type\":\"WebSite\",\"@id\":\"https:\\\/\\\/pisg.wgsr.uw.edu.pl\\\/#website\",\"url\":\"https:\\\/\\\/pisg.wgsr.uw.edu.pl\\\/\",\"name\":\"Prace i Studia Geograficzne | Studies in Geography\",\"description\":\"Prace i Studia Geograficzne s\u0105 recenzowanym czasopismem wydawanym przez Wydzia\u0142 Geografii i Studi\u00f3w Regionalnych Uniwersytetu Warszawskiego\",\"potentialAction\":[{\"@type\":\"SearchAction\",\"target\":{\"@type\":\"EntryPoint\",\"urlTemplate\":\"https:\\\/\\\/pisg.wgsr.uw.edu.pl\\\/?s={search_term_string}\"},\"query-input\":{\"@type\":\"PropertyValueSpecification\",\"valueRequired\":true,\"valueName\":\"search_term_string\"}}],\"inLanguage\":\"pl-PL\"}]}<\/script>\n<!-- \/ Yoast SEO plugin. -->","yoast_head_json":{"title":"Tom 61, zeszyt 1 [Volume 61, Issue 1] \u2013 red. Ma\u0142gorzata Roge-Wi\u015bniewska - Prace i Studia Geograficzne | Studies in Geography","robots":{"index":"index","follow":"follow","max-snippet":"max-snippet:-1","max-image-preview":"max-image-preview:large","max-video-preview":"max-video-preview:-1"},"canonical":"https:\/\/pisg.wgsr.uw.edu.pl\/?page_id=2949","og_locale":"pl_PL","og_type":"article","og_title":"Tom 61, zeszyt 1 [Volume 61, Issue 1] \u2013 red. Ma\u0142gorzata Roge-Wi\u015bniewska - Prace i Studia Geograficzne | Studies in Geography","og_description":"Wprowadzenie Ewelina Kantowicz Profesor Stefan Ka\u0142uski \u2013 podr\u00f3\u017cnik \u2013 wyk\u0142adowca \u2013 uczony \/ Professor Stefan Ka\u0142uski \u2013 traveler \u2013 lecturer \u2013 scholar Artyku\u0142y i studia Renata Anisiewicz, Tadeusz Palmowski Wsp\u00f3\u0142praca Polski z Obwodem Kaliningradzkim Feredacji Rosyjskiej jako istotny element integracji ba\u0142tyckiej \/ Cooperation of Poland and the Kaliningrad Oblast of the Russian Federation \u2013 an [&hellip;]","og_url":"https:\/\/pisg.wgsr.uw.edu.pl\/?page_id=2949","og_site_name":"Prace i Studia Geograficzne | Studies in Geography","article_modified_time":"2024-03-14T08:54:25+00:00","twitter_card":"summary_large_image","twitter_misc":{"Szacowany czas czytania":"2 minuty"},"schema":{"@context":"https:\/\/schema.org","@graph":[{"@type":"WebPage","@id":"https:\/\/pisg.wgsr.uw.edu.pl\/?page_id=2949","url":"https:\/\/pisg.wgsr.uw.edu.pl\/?page_id=2949","name":"Tom 61, zeszyt 1 [Volume 61, Issue 1] \u2013 red. Ma\u0142gorzata Roge-Wi\u015bniewska - Prace i Studia Geograficzne | Studies in Geography","isPartOf":{"@id":"https:\/\/pisg.wgsr.uw.edu.pl\/#website"},"datePublished":"2024-02-25T21:30:34+00:00","dateModified":"2024-03-14T08:54:25+00:00","breadcrumb":{"@id":"https:\/\/pisg.wgsr.uw.edu.pl\/?page_id=2949#breadcrumb"},"inLanguage":"pl-PL","potentialAction":[{"@type":"ReadAction","target":["https:\/\/pisg.wgsr.uw.edu.pl\/?page_id=2949"]}]},{"@type":"BreadcrumbList","@id":"https:\/\/pisg.wgsr.uw.edu.pl\/?page_id=2949#breadcrumb","itemListElement":[{"@type":"ListItem","position":1,"name":"Strona g\u0142\u00f3wna","item":"https:\/\/pisg.wgsr.uw.edu.pl\/"},{"@type":"ListItem","position":2,"name":"Tomy","item":"https:\/\/pisg.wgsr.uw.edu.pl\/?page_id=97"},{"@type":"ListItem","position":3,"name":"Tom 61, zeszyt 1 [Volume 61, Issue 1] \u2013 red. Ma\u0142gorzata Roge-Wi\u015bniewska"}]},{"@type":"WebSite","@id":"https:\/\/pisg.wgsr.uw.edu.pl\/#website","url":"https:\/\/pisg.wgsr.uw.edu.pl\/","name":"Prace i Studia Geograficzne | Studies in Geography","description":"Prace i Studia Geograficzne s\u0105 recenzowanym czasopismem wydawanym przez Wydzia\u0142 Geografii i Studi\u00f3w Regionalnych Uniwersytetu Warszawskiego","potentialAction":[{"@type":"SearchAction","target":{"@type":"EntryPoint","urlTemplate":"https:\/\/pisg.wgsr.uw.edu.pl\/?s={search_term_string}"},"query-input":{"@type":"PropertyValueSpecification","valueRequired":true,"valueName":"search_term_string"}}],"inLanguage":"pl-PL"}]}},"_links":{"self":[{"href":"https:\/\/pisg.wgsr.uw.edu.pl\/index.php?rest_route=\/wp\/v2\/pages\/2949","targetHints":{"allow":["GET"]}}],"collection":[{"href":"https:\/\/pisg.wgsr.uw.edu.pl\/index.php?rest_route=\/wp\/v2\/pages"}],"about":[{"href":"https:\/\/pisg.wgsr.uw.edu.pl\/index.php?rest_route=\/wp\/v2\/types\/page"}],"author":[{"embeddable":true,"href":"https:\/\/pisg.wgsr.uw.edu.pl\/index.php?rest_route=\/wp\/v2\/users\/3"}],"replies":[{"embeddable":true,"href":"https:\/\/pisg.wgsr.uw.edu.pl\/index.php?rest_route=%2Fwp%2Fv2%2Fcomments&post=2949"}],"version-history":[{"count":7,"href":"https:\/\/pisg.wgsr.uw.edu.pl\/index.php?rest_route=\/wp\/v2\/pages\/2949\/revisions"}],"predecessor-version":[{"id":3000,"href":"https:\/\/pisg.wgsr.uw.edu.pl\/index.php?rest_route=\/wp\/v2\/pages\/2949\/revisions\/3000"}],"up":[{"embeddable":true,"href":"https:\/\/pisg.wgsr.uw.edu.pl\/index.php?rest_route=\/wp\/v2\/pages\/97"}],"wp:attachment":[{"href":"https:\/\/pisg.wgsr.uw.edu.pl\/index.php?rest_route=%2Fwp%2Fv2%2Fmedia&parent=2949"}],"curies":[{"name":"wp","href":"https:\/\/api.w.org\/{rel}","templated":true}]}}