{"id":4041,"date":"2025-10-16T13:21:35","date_gmt":"2025-10-16T13:21:35","guid":{"rendered":"https:\/\/pisg.wgsr.uw.edu.pl\/?page_id=4041"},"modified":"2025-10-16T13:23:03","modified_gmt":"2025-10-16T13:23:03","slug":"tom-50-volume-50-antropopresja-w-srodowisku-przyrodniczym-przejawy-i-sposoby-detekcji-red-ewa-smolska-piotr-szwarczewski-2012","status":"publish","type":"page","link":"https:\/\/pisg.wgsr.uw.edu.pl\/?page_id=4041","title":{"rendered":"Tom 50 [Volume 50] Antropopresja w \u015brodowisku przyrodniczym (przejawy i sposoby detekcji) &#8211;  red. Ewa Smolska, Piotr Szwarczewski, 2012"},"content":{"rendered":"<p style=\"text-align: justify;\"><strong>Izabela BOJAKOWSKA, Tomasz GLIWICZ\u00a0<\/strong>Pierwiastki \u015bladowe w osadach jezior Suwalszczyzny. Trace elements in Suwa\u0142ki region lakes sediments.<\/p>\n<p style=\"text-align: justify;\"><strong>Halina GROBELSKA\u00a0<\/strong>Zmiany zadrzewie\u0144 w strefie brzegowej jezior w efekcie ich spi\u0119trzania (Zbiornik Pakoski, Note\u0107 Zachodnia). Modifications of trees growing in lake coastal zone as a effect their uplifting (Pako\u015b\u0107 Reservoir, West Note\u0107 River).<\/p>\n<p style=\"text-align: justify;\"><strong>Iwona HILDEBRANDT-RADKE\u00a0<\/strong>Pradziejowe u\u017cytkowanie terenu a g\u0142\u00f3wne fazy akumulacji pokryw stokowych na stanowisku archeologicznym w Bruszczewie (Wielkopolska).\u00a0Prehistoric landform use and main phases slope covers accumulation on the archeological site in Bruszczewo (Great Poland).<\/p>\n<p style=\"text-align: justify;\"><strong>Tomasz KALICKI, Szymon KALICKI<\/strong>\u00a0Mikroregion prahistorycznego g\u00f3rnictwa w Krasnym Siole (zachodnia Bia\u0142oru\u015b) a zmiany wybranych komponent\u00f3w \u015brodowiska geograficznego. Prahistoric mining at Krasne Sio\u0142o (Belarus) and environmental changes.<\/p>\n<p style=\"text-align: justify;\"><strong>Ma\u0142gorzata KARCZEWSKA, Maciej KARCZEWSKI, Piotr BANASZUK Micha\u0142 WARDY\u0143SKI, Agnieszka MAJKA<\/strong>\u00a0Naturalne i antropogeniczne zmiany rze\u017aby terenu w s\u0105siedztwie cmentarzyska z okresu wp\u0142yw\u00f3w rzymskich i okresu w\u0119dr\u00f3wek lud\u00f3w w Paprotkach Kolonii w Krainie Wielkich Jezior Mazurskich. Natural and anthropogenic changes of relief around the cemetery from the Roman Period and Great Migration Period in Paprotki Kolonia site 1 in the Great Masurian Lakes District<\/p>\n<p><strong>Piotr KITTEL, Jacek FORYSIAK, B\u0142a\u017cej MUZOLF, Justyn SKOWRON, Wojciech TO\u0141OCZKO<\/strong>\u00a0Charakterystyka osad\u00f3w i \u015blady antropopresji w obr\u0119bie r\u00f3wnin zalewowych Neru ko\u0142o Lutomierska i Rawki w Rawie Mazowieckiej. Sediments of flood plains and human impact traces on example of the Ner river at Lutomiersk and the Rawka river at Rawa Mazowiecka.<\/p>\n<p style=\"text-align: justify;\"><strong>Kamila LIS, Dawid NAPIWODZKI<\/strong>\u00a0Analiza fraktalna antropogenicznych przekszta\u0142ce\u0144 rze\u017aby terenu naobszarze m\u0142odoglacjalnym. The fractal analysis of anthropogenical transformation relief of young glacial morphology.<\/p>\n<p style=\"text-align: justify;\"><strong>Ewa SMOLSKA<\/strong>\u00a0Charakterystyka rozci\u0119\u0107 i osad\u00f3w erozji w\u0105wozowej na Pojezierzu Suwalskim.\u00a0Morphology of gullies and type of fan sediments on Suwa\u0142ki Lakeland.<\/p>\n<p><strong>Ewa SMOLSKA\u00a0<\/strong>Fazy erozji w\u0105wozowej na Pojezierzu Suwalskim \u2013 klimatyczne i antropogeniczne uwarunkowania. Climate and human impact in stages of gully erosion on Suwa\u0142kiLakeland.<\/p>\n<p style=\"text-align: justify;\"><strong>Sebastian TYSZKOWSKI<\/strong>\u00a0Uwarunkowania lokalizacji jednostek osadniczych oraz zmian podzia\u0142u administracyjnego pa\u0144stwa krzy\u017cackiego na przyk\u0142adziekomturstwa rogozi\u0144skiego. Settlement units development and localisation setting as well as changes of Tutonic Knights state administrative divisions on an example of Rogo\u017ano commandity.<\/p>\n<p><strong>Krzysztof J. W\u00d3JCICKI<\/strong>\u00a0Przejawy denudacji we wschodniej cz\u0119\u015bci dorzecza g\u00f3rnej Odry od schy\u0142ku epoki br\u0105zu. Symptoms of denudation in the eastern part of the Upper Odra River basin from the decline of the Bronze Age.<\/p>\n<p style=\"text-align: justify;\"><strong>Bart\u0142omiej WY\u017bGA, Ryszard KACZKA, Joanna ZAWIEJSKA<\/strong>\u00a0Zr\u00f3\u017cnicowanie depozycji grubego rumoszu drzewnego w ciekach g\u00f3rskich o \u015bredniej i du\u017cej szeroko\u015bci . Storage patterns of large woody debris in mountain watercourses ofmedium and large width.<\/p>\n<p style=\"text-align: justify;\"><strong>Bart\u0142omiej WY\u017bGA, Joanna ZAWIEJSKA, Artur RADECKI-PAWLIK<\/strong>\u00a0Zr\u00f3\u017cnicowanie uziarnienia osad\u00f3w korytowych rzeki g\u00f3rskiej przekszta\u0142conej przez regulacj\u0119 koryta i eksploatacj\u0119 \u017cwir\u00f3w. Variation of bed-material grain-size along a mountain river affected by channelization and gravel extraction.<\/p>\n","protected":false},"excerpt":{"rendered":"<p>Izabela BOJAKOWSKA, Tomasz GLIWICZ\u00a0Pierwiastki \u015bladowe w osadach jezior Suwalszczyzny. Trace elements in Suwa\u0142ki region lakes sediments. Halina GROBELSKA\u00a0Zmiany zadrzewie\u0144 w strefie brzegowej jezior w efekcie ich spi\u0119trzania (Zbiornik Pakoski, Note\u0107 Zachodnia). Modifications of trees growing in lake coastal zone as a effect their uplifting (Pako\u015b\u0107 Reservoir, West Note\u0107 River). Iwona HILDEBRANDT-RADKE\u00a0Pradziejowe u\u017cytkowanie terenu a g\u0142\u00f3wne [&hellip;]<\/p>\n","protected":false},"author":1,"featured_media":0,"parent":97,"menu_order":0,"comment_status":"closed","ping_status":"closed","template":"","meta":{"_monsterinsights_skip_tracking":false,"_monsterinsights_sitenote_active":false,"_monsterinsights_sitenote_note":"","_monsterinsights_sitenote_category":0,"footnotes":""},"class_list":["post-4041","page","type-page","status-publish","hentry","post"],"yoast_head":"<!-- This site is optimized with the Yoast SEO plugin v27.5 - https:\/\/yoast.com\/product\/yoast-seo-wordpress\/ -->\n<title>Tom 50 [Volume 50] Antropopresja w \u015brodowisku przyrodniczym (przejawy i sposoby detekcji) - red. Ewa Smolska, Piotr Szwarczewski, 2012 - Prace i Studia Geograficzne | Studies in Geography<\/title>\n<meta name=\"robots\" content=\"index, follow, max-snippet:-1, max-image-preview:large, max-video-preview:-1\" \/>\n<link rel=\"canonical\" href=\"https:\/\/pisg.wgsr.uw.edu.pl\/?page_id=4041\" \/>\n<meta property=\"og:locale\" content=\"pl_PL\" \/>\n<meta property=\"og:type\" content=\"article\" \/>\n<meta property=\"og:title\" content=\"Tom 50 [Volume 50] Antropopresja w \u015brodowisku przyrodniczym (przejawy i sposoby detekcji) - red. Ewa Smolska, Piotr Szwarczewski, 2012 - Prace i Studia Geograficzne | Studies in Geography\" \/>\n<meta property=\"og:description\" content=\"Izabela BOJAKOWSKA, Tomasz GLIWICZ\u00a0Pierwiastki \u015bladowe w osadach jezior Suwalszczyzny. Trace elements in Suwa\u0142ki region lakes sediments. Halina GROBELSKA\u00a0Zmiany zadrzewie\u0144 w strefie brzegowej jezior w efekcie ich spi\u0119trzania (Zbiornik Pakoski, Note\u0107 Zachodnia). Modifications of trees growing in lake coastal zone as a effect their uplifting (Pako\u015b\u0107 Reservoir, West Note\u0107 River). Iwona HILDEBRANDT-RADKE\u00a0Pradziejowe u\u017cytkowanie terenu a g\u0142\u00f3wne [&hellip;]\" \/>\n<meta property=\"og:url\" content=\"https:\/\/pisg.wgsr.uw.edu.pl\/?page_id=4041\" \/>\n<meta property=\"og:site_name\" content=\"Prace i Studia Geograficzne | Studies in Geography\" \/>\n<meta property=\"article:modified_time\" content=\"2025-10-16T13:23:03+00:00\" \/>\n<meta name=\"twitter:card\" content=\"summary_large_image\" \/>\n<script type=\"application\/ld+json\" class=\"yoast-schema-graph\">{\"@context\":\"https:\\\/\\\/schema.org\",\"@graph\":[{\"@type\":\"WebPage\",\"@id\":\"https:\\\/\\\/pisg.wgsr.uw.edu.pl\\\/?page_id=4041\",\"url\":\"https:\\\/\\\/pisg.wgsr.uw.edu.pl\\\/?page_id=4041\",\"name\":\"Tom 50 [Volume 50] Antropopresja w \u015brodowisku przyrodniczym (przejawy i sposoby detekcji) - red. Ewa Smolska, Piotr Szwarczewski, 2012 - Prace i Studia Geograficzne | Studies in Geography\",\"isPartOf\":{\"@id\":\"https:\\\/\\\/pisg.wgsr.uw.edu.pl\\\/#website\"},\"datePublished\":\"2025-10-16T13:21:35+00:00\",\"dateModified\":\"2025-10-16T13:23:03+00:00\",\"breadcrumb\":{\"@id\":\"https:\\\/\\\/pisg.wgsr.uw.edu.pl\\\/?page_id=4041#breadcrumb\"},\"inLanguage\":\"pl-PL\",\"potentialAction\":[{\"@type\":\"ReadAction\",\"target\":[\"https:\\\/\\\/pisg.wgsr.uw.edu.pl\\\/?page_id=4041\"]}]},{\"@type\":\"BreadcrumbList\",\"@id\":\"https:\\\/\\\/pisg.wgsr.uw.edu.pl\\\/?page_id=4041#breadcrumb\",\"itemListElement\":[{\"@type\":\"ListItem\",\"position\":1,\"name\":\"Strona g\u0142\u00f3wna\",\"item\":\"https:\\\/\\\/pisg.wgsr.uw.edu.pl\\\/\"},{\"@type\":\"ListItem\",\"position\":2,\"name\":\"Tomy\",\"item\":\"https:\\\/\\\/pisg.wgsr.uw.edu.pl\\\/?page_id=97\"},{\"@type\":\"ListItem\",\"position\":3,\"name\":\"Tom 50 [Volume 50] Antropopresja w \u015brodowisku przyrodniczym (przejawy i sposoby detekcji) &#8211; red. Ewa Smolska, Piotr Szwarczewski, 2012\"}]},{\"@type\":\"WebSite\",\"@id\":\"https:\\\/\\\/pisg.wgsr.uw.edu.pl\\\/#website\",\"url\":\"https:\\\/\\\/pisg.wgsr.uw.edu.pl\\\/\",\"name\":\"Prace i Studia Geograficzne | Studies in Geography\",\"description\":\"Prace i Studia Geograficzne s\u0105 recenzowanym czasopismem wydawanym przez Wydzia\u0142 Geografii i Studi\u00f3w Regionalnych Uniwersytetu Warszawskiego\",\"potentialAction\":[{\"@type\":\"SearchAction\",\"target\":{\"@type\":\"EntryPoint\",\"urlTemplate\":\"https:\\\/\\\/pisg.wgsr.uw.edu.pl\\\/?s={search_term_string}\"},\"query-input\":{\"@type\":\"PropertyValueSpecification\",\"valueRequired\":true,\"valueName\":\"search_term_string\"}}],\"inLanguage\":\"pl-PL\"}]}<\/script>\n<!-- \/ Yoast SEO plugin. -->","yoast_head_json":{"title":"Tom 50 [Volume 50] Antropopresja w \u015brodowisku przyrodniczym (przejawy i sposoby detekcji) - red. Ewa Smolska, Piotr Szwarczewski, 2012 - Prace i Studia Geograficzne | Studies in Geography","robots":{"index":"index","follow":"follow","max-snippet":"max-snippet:-1","max-image-preview":"max-image-preview:large","max-video-preview":"max-video-preview:-1"},"canonical":"https:\/\/pisg.wgsr.uw.edu.pl\/?page_id=4041","og_locale":"pl_PL","og_type":"article","og_title":"Tom 50 [Volume 50] Antropopresja w \u015brodowisku przyrodniczym (przejawy i sposoby detekcji) - red. Ewa Smolska, Piotr Szwarczewski, 2012 - Prace i Studia Geograficzne | Studies in Geography","og_description":"Izabela BOJAKOWSKA, Tomasz GLIWICZ\u00a0Pierwiastki \u015bladowe w osadach jezior Suwalszczyzny. Trace elements in Suwa\u0142ki region lakes sediments. Halina GROBELSKA\u00a0Zmiany zadrzewie\u0144 w strefie brzegowej jezior w efekcie ich spi\u0119trzania (Zbiornik Pakoski, Note\u0107 Zachodnia). Modifications of trees growing in lake coastal zone as a effect their uplifting (Pako\u015b\u0107 Reservoir, West Note\u0107 River). Iwona HILDEBRANDT-RADKE\u00a0Pradziejowe u\u017cytkowanie terenu a g\u0142\u00f3wne [&hellip;]","og_url":"https:\/\/pisg.wgsr.uw.edu.pl\/?page_id=4041","og_site_name":"Prace i Studia Geograficzne | Studies in Geography","article_modified_time":"2025-10-16T13:23:03+00:00","twitter_card":"summary_large_image","schema":{"@context":"https:\/\/schema.org","@graph":[{"@type":"WebPage","@id":"https:\/\/pisg.wgsr.uw.edu.pl\/?page_id=4041","url":"https:\/\/pisg.wgsr.uw.edu.pl\/?page_id=4041","name":"Tom 50 [Volume 50] Antropopresja w \u015brodowisku przyrodniczym (przejawy i sposoby detekcji) - red. Ewa Smolska, Piotr Szwarczewski, 2012 - Prace i Studia Geograficzne | Studies in Geography","isPartOf":{"@id":"https:\/\/pisg.wgsr.uw.edu.pl\/#website"},"datePublished":"2025-10-16T13:21:35+00:00","dateModified":"2025-10-16T13:23:03+00:00","breadcrumb":{"@id":"https:\/\/pisg.wgsr.uw.edu.pl\/?page_id=4041#breadcrumb"},"inLanguage":"pl-PL","potentialAction":[{"@type":"ReadAction","target":["https:\/\/pisg.wgsr.uw.edu.pl\/?page_id=4041"]}]},{"@type":"BreadcrumbList","@id":"https:\/\/pisg.wgsr.uw.edu.pl\/?page_id=4041#breadcrumb","itemListElement":[{"@type":"ListItem","position":1,"name":"Strona g\u0142\u00f3wna","item":"https:\/\/pisg.wgsr.uw.edu.pl\/"},{"@type":"ListItem","position":2,"name":"Tomy","item":"https:\/\/pisg.wgsr.uw.edu.pl\/?page_id=97"},{"@type":"ListItem","position":3,"name":"Tom 50 [Volume 50] Antropopresja w \u015brodowisku przyrodniczym (przejawy i sposoby detekcji) &#8211; red. Ewa Smolska, Piotr Szwarczewski, 2012"}]},{"@type":"WebSite","@id":"https:\/\/pisg.wgsr.uw.edu.pl\/#website","url":"https:\/\/pisg.wgsr.uw.edu.pl\/","name":"Prace i Studia Geograficzne | Studies in Geography","description":"Prace i Studia Geograficzne s\u0105 recenzowanym czasopismem wydawanym przez Wydzia\u0142 Geografii i Studi\u00f3w Regionalnych Uniwersytetu Warszawskiego","potentialAction":[{"@type":"SearchAction","target":{"@type":"EntryPoint","urlTemplate":"https:\/\/pisg.wgsr.uw.edu.pl\/?s={search_term_string}"},"query-input":{"@type":"PropertyValueSpecification","valueRequired":true,"valueName":"search_term_string"}}],"inLanguage":"pl-PL"}]}},"_links":{"self":[{"href":"https:\/\/pisg.wgsr.uw.edu.pl\/index.php?rest_route=\/wp\/v2\/pages\/4041","targetHints":{"allow":["GET"]}}],"collection":[{"href":"https:\/\/pisg.wgsr.uw.edu.pl\/index.php?rest_route=\/wp\/v2\/pages"}],"about":[{"href":"https:\/\/pisg.wgsr.uw.edu.pl\/index.php?rest_route=\/wp\/v2\/types\/page"}],"author":[{"embeddable":true,"href":"https:\/\/pisg.wgsr.uw.edu.pl\/index.php?rest_route=\/wp\/v2\/users\/1"}],"replies":[{"embeddable":true,"href":"https:\/\/pisg.wgsr.uw.edu.pl\/index.php?rest_route=%2Fwp%2Fv2%2Fcomments&post=4041"}],"version-history":[{"count":2,"href":"https:\/\/pisg.wgsr.uw.edu.pl\/index.php?rest_route=\/wp\/v2\/pages\/4041\/revisions"}],"predecessor-version":[{"id":4044,"href":"https:\/\/pisg.wgsr.uw.edu.pl\/index.php?rest_route=\/wp\/v2\/pages\/4041\/revisions\/4044"}],"up":[{"embeddable":true,"href":"https:\/\/pisg.wgsr.uw.edu.pl\/index.php?rest_route=\/wp\/v2\/pages\/97"}],"wp:attachment":[{"href":"https:\/\/pisg.wgsr.uw.edu.pl\/index.php?rest_route=%2Fwp%2Fv2%2Fmedia&parent=4041"}],"curies":[{"name":"wp","href":"https:\/\/api.w.org\/{rel}","templated":true}]}}