{"id":4061,"date":"2025-10-16T13:28:37","date_gmt":"2025-10-16T13:28:37","guid":{"rendered":"https:\/\/pisg.wgsr.uw.edu.pl\/?page_id=4061"},"modified":"2025-10-16T13:28:37","modified_gmt":"2025-10-16T13:28:37","slug":"tom-49-volume-49-dynamika-procesow-geomorfologicznych-w-roznych-strefach-morfoklimatycznych-red-maciej-dluzewski-elzbieta-rojan-irena-tsermegas-2012","status":"publish","type":"page","link":"https:\/\/pisg.wgsr.uw.edu.pl\/?page_id=4061","title":{"rendered":"Tom 49 [Volume 49] Dynamika proces\u00f3w geomorfologicznych w r\u00f3\u017cnych strefach morfoklimatycznych &#8211;  red. Maciej D\u0142u\u017cewski, El\u017cbieta Rojan, Irena Tsermegas, 2012"},"content":{"rendered":"<p style=\"text-align: justify;\"><strong>Maciej D\u0141U\u017bEWSKI, Katarzyna BIEJAT<\/strong>\u00a0<a href=\"https:\/\/pisg.wgsr.uw.edu.pl\/wp-content\/uploads\/pisg\/T.49\/Dluzewski_Biejat.pdf\">Kszta\u0142t barchan\u00f3w jako wska\u017anik re\u017cimu wiatru (na przyk\u0142adzie Sahary Zachodniej Maroko)\u00a0\/\u00a0Shape of barchan dunes as an indicator of wind regime: a\u00a0case study from the Moroccan Western Sahara<\/a><\/p>\n<p style=\"text-align: justify;\"><strong>Katarzyna BIEJAT<\/strong>\u00a0<a href=\"https:\/\/pisg.wgsr.uw.edu.pl\/wp-content\/uploads\/pisg\/T.49\/Biejat.pdf\">Zmienno\u015b\u0107 kszta\u0142tu wydm gwia\u017adzistych w obszarach o bimodalnym re\u017cimie wiatru\u00a0\/\u00a0Star dune shape variability in the area of bimodal wind regime<\/a><\/p>\n<p style=\"text-align: justify;\"><strong>Maciej D\u0141U\u017bEWSKI, Elwira \u017bMUDZKA, Dariusz WORONKO<\/strong>\u00a0<a href=\"https:\/\/pisg.wgsr.uw.edu.pl\/wp-content\/uploads\/pisg\/T.49\/Dluzewski_Zmudzka.pdf\">\u0179r\u00f3d\u0142o wilgoci w barchanach Sahary Zachodniej\u00a0\/\u00a0The sources of moisture in the barchans of Western Sahara<\/a><\/p>\n<p style=\"text-align: justify;\"><strong>Edyta KALI\u0143SKA<\/strong>\u00a0<a href=\"https:\/\/pisg.wgsr.uw.edu.pl\/wp-content\/uploads\/pisg\/T.49\/Kalinska.pdf\">\u015arodowisko sedymentacji piaszczystych osad\u00f3w rejonu Little Desert (SE Australia) w \u015bwietle wybranych cech tekstualnych\u00a0\/\u00a0Sandy sediment deposits environmental Little Desert area (SE Australia) on selected textural features<\/a><\/p>\n<p style=\"text-align: justify;\"><strong>Tomasz \u0141ABUZ<\/strong>\u00a0<a href=\"https:\/\/pisg.wgsr.uw.edu.pl\/wp-content\/uploads\/pisg\/T.49\/Labuz.pdf\">Wieloletni bilans osadu wydm nadmorskich Mierzei Bramy \u015awiny\u00a0\/\u00a0The multi-annual sediment balance of the \u015awina Gate Sandbar coastal dunes\u00a0<\/a><\/p>\n<p style=\"text-align: justify;\"><strong>Edyta KALI\u0143SKA<\/strong>\u00a0<a href=\"https:\/\/pisg.wgsr.uw.edu.pl\/wp-content\/uploads\/pisg\/T.49\/Kalinska2.pdf\">Zr\u00f3\u017cnicowanie tekstrualne osad\u00f3w wybranych \u015brodowisk sedymentacyjnych Fuerteventury (Wyspy Kanaryjskie)\u00a0\/\u00a0Textural diversity of selected sedimentary environments of Fuerteventura (Canary Islands)<\/a><\/p>\n<p style=\"text-align: justify;\"><strong>Leszek STRAKEL<\/strong>\u00a0<a href=\"https:\/\/pisg.wgsr.uw.edu.pl\/wp-content\/uploads\/pisg\/T.49\/Starkel.pdf\">Typy i cz\u0119stotliwo\u015b\u0107 opad\u00f3w ulewnych i wezbra\u0144 oraz ich efekty geomorfologiczne w Karpatach i g\u00f3rach klimatu monsunowego\u00a0\/\u00a0Types and frequency of heavy rains and floods and their geomorphic effects in the Carpathians and mountains of monsoon climate<\/a><\/p>\n<p style=\"text-align: justify;\"><strong>Kazimierz KRZEMIE\u0143, Katarzyna BIEJAT, Maciej D\u0141U\u017bEWSKI, Irena TSERMEGAS<\/strong>\u00a0<a href=\"https:\/\/pisg.wgsr.uw.edu.pl\/wp-content\/uploads\/pisg\/T.49\/Krzemien.pdf\">Formy i procesy fluwialne w obszarze Morza Egejskiego na przyk\u0142adzie Ikarii (Grecja)\u00a0\/\u00a0Types and frequency of heavy rains and floods and their geomorphic effects in the Carpathians and mountains of monsoon climate<\/a><\/p>\n<p style=\"text-align: justify;\"><strong>Karolina SOBCZAK, Katarzyna BIEJAT, Maciej D\u0141U\u017bEWSKI, Piotr GIERSZEWSKI, Anna MICHNO<\/strong>\u00a0<a href=\"https:\/\/pisg.wgsr.uw.edu.pl\/wp-content\/uploads\/pisg\/T.49\/Sobczak.pdf\">Wp\u0142yw morfodynamiki koryt rzecznych na dzia\u0142alno\u015b\u0107 cz\u0142owieka w Atlasie Wysokim (na przyk\u0142adzie doliny g\u00f3rnego Dades &#8211; Maroko)\u00a0\/\u00a0Impact of river channels morphodynamic on human activity in the High Atlas Mountains. Case Study of Upper Dades Valley, Morocco<\/a><\/p>\n<p style=\"text-align: justify;\"><strong>Irena TSERMEGAS, Maciej D\u0141U\u017bEWSKI, Katarzyna BIEJAT, Adam SZYNKIEWICZ<\/strong>\u00a0<a href=\"https:\/\/pisg.wgsr.uw.edu.pl\/wp-content\/uploads\/pisg\/T.49\/Tsermegas.pdf\">Degradacja taras\u00f3w rolnych w warunkach \u015br\u00f3dziemnomorskich &#8211; wybrane przyk\u0142ady z Wysp Egejskich (Grecja)\u00a0\/\u00a0Degradation of terraced slopes in Mediterranean conditions: selected examples from the Aegean Islands (Greece)<\/a><\/p>\n<p style=\"text-align: justify;\"><strong>El\u017cbieta ROJAN<\/strong>\u00a0<a href=\"https:\/\/pisg.wgsr.uw.edu.pl\/wp-content\/uploads\/pisg\/T.49\/Rojan.pdf\">Mikrorze\u017aba jamowo-kopczykowa w granicach wiatrowa\u0142u w s\u0142owackich Tatrach Wysokich\u00a0\/\u00a0Pit-and-mound microrelief in the windthrow area in the Slovak High Tatras<\/a><\/p>\n<p style=\"text-align: justify;\"><strong>Juliusz TWARDY<\/strong>\u00a0<a href=\"https:\/\/pisg.wgsr.uw.edu.pl\/wp-content\/uploads\/pisg\/T.49\/Twardy.pdf\">Przyk\u0142ady d\u0142ugiego transportu stokowego z centralnej Polski w \u015bwietle obserwacji terenowych i analiz zdj\u0119\u0107 lotniczych\u00a0\/\u00a0Cases of long distance slope transport in central Poland in the light of fi eld studies and aerial photos analyses<\/a><\/p>\n<p style=\"text-align: justify;\"><strong>Sebastian TYSZKOWSKI<\/strong>\u00a0<a href=\"https:\/\/pisg.wgsr.uw.edu.pl\/wp-content\/uploads\/pisg\/T.49\/Tyszkowski.pdf\">Rekonstrukcja dynamiki oraz pr\u00f3ba okre\u015blenia czynnik\u00f3w inicjuj\u0105cych ruchy osuwiskowe we Wi\u0105gu (dolina dolnej Wis\u0142y)\u00a0\/\u00a0Reconstruction of the dynamics and attempt of defi ning indicators of mass movements in Wi\u0105g landslide (lower Vistula valley)<\/a><\/p>\n","protected":false},"excerpt":{"rendered":"<p>Maciej D\u0141U\u017bEWSKI, Katarzyna BIEJAT\u00a0Kszta\u0142t barchan\u00f3w jako wska\u017anik re\u017cimu wiatru (na przyk\u0142adzie Sahary Zachodniej Maroko)\u00a0\/\u00a0Shape of barchan dunes as an indicator of wind regime: a\u00a0case study from the Moroccan Western Sahara Katarzyna BIEJAT\u00a0Zmienno\u015b\u0107 kszta\u0142tu wydm gwia\u017adzistych w obszarach o bimodalnym re\u017cimie wiatru\u00a0\/\u00a0Star dune shape variability in the area of bimodal wind regime Maciej D\u0141U\u017bEWSKI, Elwira \u017bMUDZKA, [&hellip;]<\/p>\n","protected":false},"author":1,"featured_media":0,"parent":97,"menu_order":0,"comment_status":"closed","ping_status":"closed","template":"","meta":{"_monsterinsights_skip_tracking":false,"_monsterinsights_sitenote_active":false,"_monsterinsights_sitenote_note":"","_monsterinsights_sitenote_category":0,"footnotes":""},"class_list":["post-4061","page","type-page","status-publish","hentry","post"],"yoast_head":"<!-- This site is optimized with the Yoast SEO plugin v27.5 - https:\/\/yoast.com\/product\/yoast-seo-wordpress\/ -->\n<title>Tom 49 [Volume 49] Dynamika proces\u00f3w geomorfologicznych w r\u00f3\u017cnych strefach morfoklimatycznych - red. Maciej D\u0142u\u017cewski, El\u017cbieta Rojan, Irena Tsermegas, 2012 - Prace i Studia Geograficzne | Studies in Geography<\/title>\n<meta name=\"robots\" content=\"index, follow, max-snippet:-1, max-image-preview:large, max-video-preview:-1\" \/>\n<link rel=\"canonical\" href=\"https:\/\/pisg.wgsr.uw.edu.pl\/?page_id=4061\" \/>\n<meta property=\"og:locale\" content=\"pl_PL\" \/>\n<meta property=\"og:type\" content=\"article\" \/>\n<meta property=\"og:title\" content=\"Tom 49 [Volume 49] Dynamika proces\u00f3w geomorfologicznych w r\u00f3\u017cnych strefach morfoklimatycznych - red. Maciej D\u0142u\u017cewski, El\u017cbieta Rojan, Irena Tsermegas, 2012 - Prace i Studia Geograficzne | Studies in Geography\" \/>\n<meta property=\"og:description\" content=\"Maciej D\u0141U\u017bEWSKI, Katarzyna BIEJAT\u00a0Kszta\u0142t barchan\u00f3w jako wska\u017anik re\u017cimu wiatru (na przyk\u0142adzie Sahary Zachodniej Maroko)\u00a0\/\u00a0Shape of barchan dunes as an indicator of wind regime: a\u00a0case study from the Moroccan Western Sahara Katarzyna BIEJAT\u00a0Zmienno\u015b\u0107 kszta\u0142tu wydm gwia\u017adzistych w obszarach o bimodalnym re\u017cimie wiatru\u00a0\/\u00a0Star dune shape variability in the area of bimodal wind regime Maciej D\u0141U\u017bEWSKI, Elwira \u017bMUDZKA, [&hellip;]\" \/>\n<meta property=\"og:url\" content=\"https:\/\/pisg.wgsr.uw.edu.pl\/?page_id=4061\" \/>\n<meta property=\"og:site_name\" content=\"Prace i Studia Geograficzne | Studies in Geography\" \/>\n<meta name=\"twitter:card\" content=\"summary_large_image\" \/>\n<meta name=\"twitter:label1\" content=\"Szacowany czas czytania\" \/>\n\t<meta name=\"twitter:data1\" content=\"3 minuty\" \/>\n<script type=\"application\/ld+json\" class=\"yoast-schema-graph\">{\"@context\":\"https:\\\/\\\/schema.org\",\"@graph\":[{\"@type\":\"WebPage\",\"@id\":\"https:\\\/\\\/pisg.wgsr.uw.edu.pl\\\/?page_id=4061\",\"url\":\"https:\\\/\\\/pisg.wgsr.uw.edu.pl\\\/?page_id=4061\",\"name\":\"Tom 49 [Volume 49] Dynamika proces\u00f3w geomorfologicznych w r\u00f3\u017cnych strefach morfoklimatycznych - red. Maciej D\u0142u\u017cewski, El\u017cbieta Rojan, Irena Tsermegas, 2012 - Prace i Studia Geograficzne | Studies in Geography\",\"isPartOf\":{\"@id\":\"https:\\\/\\\/pisg.wgsr.uw.edu.pl\\\/#website\"},\"datePublished\":\"2025-10-16T13:28:37+00:00\",\"breadcrumb\":{\"@id\":\"https:\\\/\\\/pisg.wgsr.uw.edu.pl\\\/?page_id=4061#breadcrumb\"},\"inLanguage\":\"pl-PL\",\"potentialAction\":[{\"@type\":\"ReadAction\",\"target\":[\"https:\\\/\\\/pisg.wgsr.uw.edu.pl\\\/?page_id=4061\"]}]},{\"@type\":\"BreadcrumbList\",\"@id\":\"https:\\\/\\\/pisg.wgsr.uw.edu.pl\\\/?page_id=4061#breadcrumb\",\"itemListElement\":[{\"@type\":\"ListItem\",\"position\":1,\"name\":\"Strona g\u0142\u00f3wna\",\"item\":\"https:\\\/\\\/pisg.wgsr.uw.edu.pl\\\/\"},{\"@type\":\"ListItem\",\"position\":2,\"name\":\"Tomy\",\"item\":\"https:\\\/\\\/pisg.wgsr.uw.edu.pl\\\/?page_id=97\"},{\"@type\":\"ListItem\",\"position\":3,\"name\":\"Tom 49 [Volume 49] Dynamika proces\u00f3w geomorfologicznych w r\u00f3\u017cnych strefach morfoklimatycznych &#8211; red. Maciej D\u0142u\u017cewski, El\u017cbieta Rojan, Irena Tsermegas, 2012\"}]},{\"@type\":\"WebSite\",\"@id\":\"https:\\\/\\\/pisg.wgsr.uw.edu.pl\\\/#website\",\"url\":\"https:\\\/\\\/pisg.wgsr.uw.edu.pl\\\/\",\"name\":\"Prace i Studia Geograficzne | Studies in Geography\",\"description\":\"Prace i Studia Geograficzne s\u0105 recenzowanym czasopismem wydawanym przez Wydzia\u0142 Geografii i Studi\u00f3w Regionalnych Uniwersytetu Warszawskiego\",\"potentialAction\":[{\"@type\":\"SearchAction\",\"target\":{\"@type\":\"EntryPoint\",\"urlTemplate\":\"https:\\\/\\\/pisg.wgsr.uw.edu.pl\\\/?s={search_term_string}\"},\"query-input\":{\"@type\":\"PropertyValueSpecification\",\"valueRequired\":true,\"valueName\":\"search_term_string\"}}],\"inLanguage\":\"pl-PL\"}]}<\/script>\n<!-- \/ Yoast SEO plugin. -->","yoast_head_json":{"title":"Tom 49 [Volume 49] Dynamika proces\u00f3w geomorfologicznych w r\u00f3\u017cnych strefach morfoklimatycznych - red. Maciej D\u0142u\u017cewski, El\u017cbieta Rojan, Irena Tsermegas, 2012 - Prace i Studia Geograficzne | Studies in Geography","robots":{"index":"index","follow":"follow","max-snippet":"max-snippet:-1","max-image-preview":"max-image-preview:large","max-video-preview":"max-video-preview:-1"},"canonical":"https:\/\/pisg.wgsr.uw.edu.pl\/?page_id=4061","og_locale":"pl_PL","og_type":"article","og_title":"Tom 49 [Volume 49] Dynamika proces\u00f3w geomorfologicznych w r\u00f3\u017cnych strefach morfoklimatycznych - red. Maciej D\u0142u\u017cewski, El\u017cbieta Rojan, Irena Tsermegas, 2012 - Prace i Studia Geograficzne | Studies in Geography","og_description":"Maciej D\u0141U\u017bEWSKI, Katarzyna BIEJAT\u00a0Kszta\u0142t barchan\u00f3w jako wska\u017anik re\u017cimu wiatru (na przyk\u0142adzie Sahary Zachodniej Maroko)\u00a0\/\u00a0Shape of barchan dunes as an indicator of wind regime: a\u00a0case study from the Moroccan Western Sahara Katarzyna BIEJAT\u00a0Zmienno\u015b\u0107 kszta\u0142tu wydm gwia\u017adzistych w obszarach o bimodalnym re\u017cimie wiatru\u00a0\/\u00a0Star dune shape variability in the area of bimodal wind regime Maciej D\u0141U\u017bEWSKI, Elwira \u017bMUDZKA, [&hellip;]","og_url":"https:\/\/pisg.wgsr.uw.edu.pl\/?page_id=4061","og_site_name":"Prace i Studia Geograficzne | Studies in Geography","twitter_card":"summary_large_image","twitter_misc":{"Szacowany czas czytania":"3 minuty"},"schema":{"@context":"https:\/\/schema.org","@graph":[{"@type":"WebPage","@id":"https:\/\/pisg.wgsr.uw.edu.pl\/?page_id=4061","url":"https:\/\/pisg.wgsr.uw.edu.pl\/?page_id=4061","name":"Tom 49 [Volume 49] Dynamika proces\u00f3w geomorfologicznych w r\u00f3\u017cnych strefach morfoklimatycznych - red. Maciej D\u0142u\u017cewski, El\u017cbieta Rojan, Irena Tsermegas, 2012 - Prace i Studia Geograficzne | Studies in Geography","isPartOf":{"@id":"https:\/\/pisg.wgsr.uw.edu.pl\/#website"},"datePublished":"2025-10-16T13:28:37+00:00","breadcrumb":{"@id":"https:\/\/pisg.wgsr.uw.edu.pl\/?page_id=4061#breadcrumb"},"inLanguage":"pl-PL","potentialAction":[{"@type":"ReadAction","target":["https:\/\/pisg.wgsr.uw.edu.pl\/?page_id=4061"]}]},{"@type":"BreadcrumbList","@id":"https:\/\/pisg.wgsr.uw.edu.pl\/?page_id=4061#breadcrumb","itemListElement":[{"@type":"ListItem","position":1,"name":"Strona g\u0142\u00f3wna","item":"https:\/\/pisg.wgsr.uw.edu.pl\/"},{"@type":"ListItem","position":2,"name":"Tomy","item":"https:\/\/pisg.wgsr.uw.edu.pl\/?page_id=97"},{"@type":"ListItem","position":3,"name":"Tom 49 [Volume 49] Dynamika proces\u00f3w geomorfologicznych w r\u00f3\u017cnych strefach morfoklimatycznych &#8211; red. Maciej D\u0142u\u017cewski, El\u017cbieta Rojan, Irena Tsermegas, 2012"}]},{"@type":"WebSite","@id":"https:\/\/pisg.wgsr.uw.edu.pl\/#website","url":"https:\/\/pisg.wgsr.uw.edu.pl\/","name":"Prace i Studia Geograficzne | Studies in Geography","description":"Prace i Studia Geograficzne s\u0105 recenzowanym czasopismem wydawanym przez Wydzia\u0142 Geografii i Studi\u00f3w Regionalnych Uniwersytetu Warszawskiego","potentialAction":[{"@type":"SearchAction","target":{"@type":"EntryPoint","urlTemplate":"https:\/\/pisg.wgsr.uw.edu.pl\/?s={search_term_string}"},"query-input":{"@type":"PropertyValueSpecification","valueRequired":true,"valueName":"search_term_string"}}],"inLanguage":"pl-PL"}]}},"_links":{"self":[{"href":"https:\/\/pisg.wgsr.uw.edu.pl\/index.php?rest_route=\/wp\/v2\/pages\/4061","targetHints":{"allow":["GET"]}}],"collection":[{"href":"https:\/\/pisg.wgsr.uw.edu.pl\/index.php?rest_route=\/wp\/v2\/pages"}],"about":[{"href":"https:\/\/pisg.wgsr.uw.edu.pl\/index.php?rest_route=\/wp\/v2\/types\/page"}],"author":[{"embeddable":true,"href":"https:\/\/pisg.wgsr.uw.edu.pl\/index.php?rest_route=\/wp\/v2\/users\/1"}],"replies":[{"embeddable":true,"href":"https:\/\/pisg.wgsr.uw.edu.pl\/index.php?rest_route=%2Fwp%2Fv2%2Fcomments&post=4061"}],"version-history":[{"count":1,"href":"https:\/\/pisg.wgsr.uw.edu.pl\/index.php?rest_route=\/wp\/v2\/pages\/4061\/revisions"}],"predecessor-version":[{"id":4062,"href":"https:\/\/pisg.wgsr.uw.edu.pl\/index.php?rest_route=\/wp\/v2\/pages\/4061\/revisions\/4062"}],"up":[{"embeddable":true,"href":"https:\/\/pisg.wgsr.uw.edu.pl\/index.php?rest_route=\/wp\/v2\/pages\/97"}],"wp:attachment":[{"href":"https:\/\/pisg.wgsr.uw.edu.pl\/index.php?rest_route=%2Fwp%2Fv2%2Fmedia&parent=4061"}],"curies":[{"name":"wp","href":"https:\/\/api.w.org\/{rel}","templated":true}]}}