{"id":4065,"date":"2025-10-16T13:38:48","date_gmt":"2025-10-16T13:38:48","guid":{"rendered":"https:\/\/pisg.wgsr.uw.edu.pl\/?page_id=4065"},"modified":"2025-10-16T13:50:50","modified_gmt":"2025-10-16T13:50:50","slug":"tom-48-volume-48-geographic-education-in-poland-at-the-time-of-transformation-red-joanna-angiel-miroslaw-mularczyk-2011","status":"publish","type":"page","link":"https:\/\/pisg.wgsr.uw.edu.pl\/?page_id=4065","title":{"rendered":"Tom 48 [Volume 48] Geographic education In Poland At the time of transformation, red. Joanna Angiel, Miros\u0142aw Mularczyk, 2011"},"content":{"rendered":"<p><a href=\"https:\/\/pisg.wgsr.uw.edu.pl\/wp-content\/uploads\/pisg\/T.48\/Introduction.pdf\">Introduction<\/a><\/p>\n<p><strong>Joanna SZCZ\u0118SNA, Jolanta RODZO\u015a<\/strong>\u00a0<a href=\"https:\/\/pisg.wgsr.uw.edu.pl\/wp-content\/uploads\/pisg\/T.48\/Szczesna.pdf\">Terms of reforming the Polish educational system in political transformation period<\/a><\/p>\n<p style=\"text-align: justify;\"><strong>Iwona PIOTROWSKA<\/strong>\u00a0<a href=\"https:\/\/pisg.wgsr.uw.edu.pl\/wp-content\/uploads\/pisg\/T.48\/Piotrowska.pdf\">Influence of education transformation on improving key competence in geography teaching<\/a><\/p>\n<p style=\"text-align: justify;\"><strong>Maria GROENWALD<\/strong>\u00a0<a href=\"https:\/\/pisg.wgsr.uw.edu.pl\/wp-content\/uploads\/pisg\/T.48\/Groenwald.pdf\">Questions on a human being posed on the grounds of geographical education in the context of systems transformation<\/a><\/p>\n<p style=\"text-align: justify;\"><strong>Joanna ANGIEL<\/strong>\u00a0<a href=\"https:\/\/pisg.wgsr.uw.edu.pl\/wp-content\/uploads\/pisg\/T.48\/Angiel.pdf\">The role and work of the expert in geography textbooks for schools \u2013 author\u2019s experiences and reflections<\/a><\/p>\n<p><strong>Bo\u017cena W\u00d3JTOWICZ<\/strong>\u00a0<a href=\"https:\/\/pisg.wgsr.uw.edu.pl\/wp-content\/uploads\/pisg\/T.48\/Wojtowicz.pdf\">The students\u2019 expectations and attitudes towards the role of the enterprise in terms of the European integration<\/a><\/p>\n<p style=\"text-align: justify;\"><strong>Mariola TRACZ<\/strong>\u00a0<a href=\"https:\/\/pisg.wgsr.uw.edu.pl\/wp-content\/uploads\/pisg\/T.48\/Tracz.pdf\">Interest in geography and its studies among students of post \u2013 secondary schools<\/a><\/p>\n<p style=\"text-align: justify;\"><strong>Miros\u0142aw MULARCZYK<\/strong><a href=\"https:\/\/pisg.wgsr.uw.edu.pl\/wp-content\/uploads\/pisg\/T.48\/Mularczyk.pdf\">\u00a0From fascination to indifference \u2013 changes in students\u2019 attitudes towards geography as a school subject in 1989\u20132009<\/a><\/p>\n<p style=\"text-align: justify;\"><strong>Adam HIBSZER<\/strong>\u00a0<a href=\"https:\/\/pisg.wgsr.uw.edu.pl\/wp-content\/uploads\/pisg\/T.48\/Hibszer.pdf\">Perceiving geography as a school subject by pupils of lower secondary school (in the cities of Silesian voivodeship)<\/a><\/p>\n<p><strong>Ma\u0142gorzata CICHO\u0143\u00a0<\/strong><a href=\"https:\/\/pisg.wgsr.uw.edu.pl\/wp-content\/uploads\/pisg\/T.48\/Cichon.pdf\">Results of systemic transformation in geography education<\/a><\/p>\n<p><strong>Florian PLIT<\/strong>\u00a0<a href=\"https:\/\/pisg.wgsr.uw.edu.pl\/wp-content\/uploads\/pisg\/T.48\/Plit.pdf\">Changing trends in the teaching of geography \u2013 from \u201cgeology to (not quite yet) theology\u201d?<\/a><\/p>\n<p><strong>Alina AWRAMIUK\u00a0<\/strong><a href=\"https:\/\/pisg.wgsr.uw.edu.pl\/wp-content\/uploads\/pisg\/T.48\/Awramiuk.pdf\">Curriculum reform and the educational content in geography within Polish cultural diversity<\/a><\/p>\n<p><strong>Paulina SZMIELI\u0143SKA-PIETRASZEK<\/strong>\u00a0<a href=\"https:\/\/pisg.wgsr.uw.edu.pl\/wp-content\/uploads\/pisg\/T.48\/Szmielinska.pdf\">Geographic education in creating vocational skills of the youth in secondary schools<\/a><\/p>\n<p style=\"text-align: justify;\"><strong>Danuta PIR\u00d3G<\/strong>\u00a0<a href=\"https:\/\/pisg.wgsr.uw.edu.pl\/wp-content\/uploads\/pisg\/T.48\/Pirog.pdf\">Graduates of geographical studies on the labour market in the process of transformation in higher education<\/a><\/p>\n<p style=\"text-align: justify;\"><strong>Dorota RUCI\u0143SKA<\/strong>\u00a0<a href=\"https:\/\/pisg.wgsr.uw.edu.pl\/wp-content\/uploads\/pisg\/T.48\/Rucinska.pdf\">Social education on extreme natural events in view of extreme fl oods and landslides in Poland<\/a><\/p>\n<p style=\"text-align: justify;\"><strong>Ma\u0142gorzata BYCA<\/strong>\u00a0<a href=\"https:\/\/pisg.wgsr.uw.edu.pl\/wp-content\/uploads\/pisg\/T.48\/Byca.pdf\">Bilingual geography education models through the english language in Polish schools<\/a><\/p>\n<p style=\"text-align: justify;\"><strong>Mieczys\u0142aw KUNZ<\/strong>\u00a0<a href=\"https:\/\/pisg.wgsr.uw.edu.pl\/wp-content\/uploads\/pisg\/T.48\/Kunz.pdf\">The international GIS day \u2013 analysis of celebrations in Poland and its importance to geographic education<\/a><\/p>\n<p style=\"text-align: justify;\"><strong>Gra\u017cyna BARWINEK<\/strong>\u00a0<a href=\"https:\/\/pisg.wgsr.uw.edu.pl\/wp-content\/uploads\/pisg\/T.48\/Barwinek.pdf\">Variety of assessment forms in geography teaching<\/a><\/p>\n<p style=\"text-align: justify;\"><strong>Miros\u0142awa POLESZUK-KOZIO\u0141<\/strong>\u00a0<a href=\"https:\/\/pisg.wgsr.uw.edu.pl\/wp-content\/uploads\/pisg\/T.48\/Poleszuk.pdf\">The method of educational project in the opinion of the geography teachers<\/a><\/p>\n","protected":false},"excerpt":{"rendered":"<p>Introduction Joanna SZCZ\u0118SNA, Jolanta RODZO\u015a\u00a0Terms of reforming the Polish educational system in political transformation period Iwona PIOTROWSKA\u00a0Influence of education transformation on improving key competence in geography teaching Maria GROENWALD\u00a0Questions on a human being posed on the grounds of geographical education in the context of systems transformation Joanna ANGIEL\u00a0The role and work of the expert in [&hellip;]<\/p>\n","protected":false},"author":1,"featured_media":0,"parent":97,"menu_order":0,"comment_status":"closed","ping_status":"closed","template":"","meta":{"_monsterinsights_skip_tracking":false,"_monsterinsights_sitenote_active":false,"_monsterinsights_sitenote_note":"","_monsterinsights_sitenote_category":0,"footnotes":""},"class_list":["post-4065","page","type-page","status-publish","hentry","post"],"yoast_head":"<!-- This site is optimized with the Yoast SEO plugin v27.5 - https:\/\/yoast.com\/product\/yoast-seo-wordpress\/ -->\n<title>Tom 48 [Volume 48] Geographic education In Poland At the time of transformation, red. Joanna Angiel, Miros\u0142aw Mularczyk, 2011 - Prace i Studia Geograficzne | Studies in Geography<\/title>\n<meta name=\"robots\" content=\"index, follow, max-snippet:-1, max-image-preview:large, max-video-preview:-1\" \/>\n<link rel=\"canonical\" href=\"https:\/\/pisg.wgsr.uw.edu.pl\/?page_id=4065\" \/>\n<meta property=\"og:locale\" content=\"pl_PL\" \/>\n<meta property=\"og:type\" content=\"article\" \/>\n<meta property=\"og:title\" content=\"Tom 48 [Volume 48] Geographic education In Poland At the time of transformation, red. Joanna Angiel, Miros\u0142aw Mularczyk, 2011 - Prace i Studia Geograficzne | Studies in Geography\" \/>\n<meta property=\"og:description\" content=\"Introduction Joanna SZCZ\u0118SNA, Jolanta RODZO\u015a\u00a0Terms of reforming the Polish educational system in political transformation period Iwona PIOTROWSKA\u00a0Influence of education transformation on improving key competence in geography teaching Maria GROENWALD\u00a0Questions on a human being posed on the grounds of geographical education in the context of systems transformation Joanna ANGIEL\u00a0The role and work of the expert in [&hellip;]\" \/>\n<meta property=\"og:url\" content=\"https:\/\/pisg.wgsr.uw.edu.pl\/?page_id=4065\" \/>\n<meta property=\"og:site_name\" content=\"Prace i Studia Geograficzne | Studies in Geography\" \/>\n<meta property=\"article:modified_time\" content=\"2025-10-16T13:50:50+00:00\" \/>\n<meta name=\"twitter:card\" content=\"summary_large_image\" \/>\n<meta name=\"twitter:label1\" content=\"Szacowany czas czytania\" \/>\n\t<meta name=\"twitter:data1\" content=\"2 minuty\" \/>\n<script type=\"application\/ld+json\" class=\"yoast-schema-graph\">{\"@context\":\"https:\\\/\\\/schema.org\",\"@graph\":[{\"@type\":\"WebPage\",\"@id\":\"https:\\\/\\\/pisg.wgsr.uw.edu.pl\\\/?page_id=4065\",\"url\":\"https:\\\/\\\/pisg.wgsr.uw.edu.pl\\\/?page_id=4065\",\"name\":\"Tom 48 [Volume 48] Geographic education In Poland At the time of transformation, red. Joanna Angiel, Miros\u0142aw Mularczyk, 2011 - Prace i Studia Geograficzne | Studies in Geography\",\"isPartOf\":{\"@id\":\"https:\\\/\\\/pisg.wgsr.uw.edu.pl\\\/#website\"},\"datePublished\":\"2025-10-16T13:38:48+00:00\",\"dateModified\":\"2025-10-16T13:50:50+00:00\",\"breadcrumb\":{\"@id\":\"https:\\\/\\\/pisg.wgsr.uw.edu.pl\\\/?page_id=4065#breadcrumb\"},\"inLanguage\":\"pl-PL\",\"potentialAction\":[{\"@type\":\"ReadAction\",\"target\":[\"https:\\\/\\\/pisg.wgsr.uw.edu.pl\\\/?page_id=4065\"]}]},{\"@type\":\"BreadcrumbList\",\"@id\":\"https:\\\/\\\/pisg.wgsr.uw.edu.pl\\\/?page_id=4065#breadcrumb\",\"itemListElement\":[{\"@type\":\"ListItem\",\"position\":1,\"name\":\"Strona g\u0142\u00f3wna\",\"item\":\"https:\\\/\\\/pisg.wgsr.uw.edu.pl\\\/\"},{\"@type\":\"ListItem\",\"position\":2,\"name\":\"Tomy\",\"item\":\"https:\\\/\\\/pisg.wgsr.uw.edu.pl\\\/?page_id=97\"},{\"@type\":\"ListItem\",\"position\":3,\"name\":\"Tom 48 [Volume 48] Geographic education In Poland At the time of transformation, red. Joanna Angiel, Miros\u0142aw Mularczyk, 2011\"}]},{\"@type\":\"WebSite\",\"@id\":\"https:\\\/\\\/pisg.wgsr.uw.edu.pl\\\/#website\",\"url\":\"https:\\\/\\\/pisg.wgsr.uw.edu.pl\\\/\",\"name\":\"Prace i Studia Geograficzne | Studies in Geography\",\"description\":\"Prace i Studia Geograficzne s\u0105 recenzowanym czasopismem wydawanym przez Wydzia\u0142 Geografii i Studi\u00f3w Regionalnych Uniwersytetu Warszawskiego\",\"potentialAction\":[{\"@type\":\"SearchAction\",\"target\":{\"@type\":\"EntryPoint\",\"urlTemplate\":\"https:\\\/\\\/pisg.wgsr.uw.edu.pl\\\/?s={search_term_string}\"},\"query-input\":{\"@type\":\"PropertyValueSpecification\",\"valueRequired\":true,\"valueName\":\"search_term_string\"}}],\"inLanguage\":\"pl-PL\"}]}<\/script>\n<!-- \/ Yoast SEO plugin. -->","yoast_head_json":{"title":"Tom 48 [Volume 48] Geographic education In Poland At the time of transformation, red. Joanna Angiel, Miros\u0142aw Mularczyk, 2011 - Prace i Studia Geograficzne | Studies in Geography","robots":{"index":"index","follow":"follow","max-snippet":"max-snippet:-1","max-image-preview":"max-image-preview:large","max-video-preview":"max-video-preview:-1"},"canonical":"https:\/\/pisg.wgsr.uw.edu.pl\/?page_id=4065","og_locale":"pl_PL","og_type":"article","og_title":"Tom 48 [Volume 48] Geographic education In Poland At the time of transformation, red. Joanna Angiel, Miros\u0142aw Mularczyk, 2011 - Prace i Studia Geograficzne | Studies in Geography","og_description":"Introduction Joanna SZCZ\u0118SNA, Jolanta RODZO\u015a\u00a0Terms of reforming the Polish educational system in political transformation period Iwona PIOTROWSKA\u00a0Influence of education transformation on improving key competence in geography teaching Maria GROENWALD\u00a0Questions on a human being posed on the grounds of geographical education in the context of systems transformation Joanna ANGIEL\u00a0The role and work of the expert in [&hellip;]","og_url":"https:\/\/pisg.wgsr.uw.edu.pl\/?page_id=4065","og_site_name":"Prace i Studia Geograficzne | Studies in Geography","article_modified_time":"2025-10-16T13:50:50+00:00","twitter_card":"summary_large_image","twitter_misc":{"Szacowany czas czytania":"2 minuty"},"schema":{"@context":"https:\/\/schema.org","@graph":[{"@type":"WebPage","@id":"https:\/\/pisg.wgsr.uw.edu.pl\/?page_id=4065","url":"https:\/\/pisg.wgsr.uw.edu.pl\/?page_id=4065","name":"Tom 48 [Volume 48] Geographic education In Poland At the time of transformation, red. Joanna Angiel, Miros\u0142aw Mularczyk, 2011 - Prace i Studia Geograficzne | Studies in Geography","isPartOf":{"@id":"https:\/\/pisg.wgsr.uw.edu.pl\/#website"},"datePublished":"2025-10-16T13:38:48+00:00","dateModified":"2025-10-16T13:50:50+00:00","breadcrumb":{"@id":"https:\/\/pisg.wgsr.uw.edu.pl\/?page_id=4065#breadcrumb"},"inLanguage":"pl-PL","potentialAction":[{"@type":"ReadAction","target":["https:\/\/pisg.wgsr.uw.edu.pl\/?page_id=4065"]}]},{"@type":"BreadcrumbList","@id":"https:\/\/pisg.wgsr.uw.edu.pl\/?page_id=4065#breadcrumb","itemListElement":[{"@type":"ListItem","position":1,"name":"Strona g\u0142\u00f3wna","item":"https:\/\/pisg.wgsr.uw.edu.pl\/"},{"@type":"ListItem","position":2,"name":"Tomy","item":"https:\/\/pisg.wgsr.uw.edu.pl\/?page_id=97"},{"@type":"ListItem","position":3,"name":"Tom 48 [Volume 48] Geographic education In Poland At the time of transformation, red. Joanna Angiel, Miros\u0142aw Mularczyk, 2011"}]},{"@type":"WebSite","@id":"https:\/\/pisg.wgsr.uw.edu.pl\/#website","url":"https:\/\/pisg.wgsr.uw.edu.pl\/","name":"Prace i Studia Geograficzne | Studies in Geography","description":"Prace i Studia Geograficzne s\u0105 recenzowanym czasopismem wydawanym przez Wydzia\u0142 Geografii i Studi\u00f3w Regionalnych Uniwersytetu Warszawskiego","potentialAction":[{"@type":"SearchAction","target":{"@type":"EntryPoint","urlTemplate":"https:\/\/pisg.wgsr.uw.edu.pl\/?s={search_term_string}"},"query-input":{"@type":"PropertyValueSpecification","valueRequired":true,"valueName":"search_term_string"}}],"inLanguage":"pl-PL"}]}},"_links":{"self":[{"href":"https:\/\/pisg.wgsr.uw.edu.pl\/index.php?rest_route=\/wp\/v2\/pages\/4065","targetHints":{"allow":["GET"]}}],"collection":[{"href":"https:\/\/pisg.wgsr.uw.edu.pl\/index.php?rest_route=\/wp\/v2\/pages"}],"about":[{"href":"https:\/\/pisg.wgsr.uw.edu.pl\/index.php?rest_route=\/wp\/v2\/types\/page"}],"author":[{"embeddable":true,"href":"https:\/\/pisg.wgsr.uw.edu.pl\/index.php?rest_route=\/wp\/v2\/users\/1"}],"replies":[{"embeddable":true,"href":"https:\/\/pisg.wgsr.uw.edu.pl\/index.php?rest_route=%2Fwp%2Fv2%2Fcomments&post=4065"}],"version-history":[{"count":7,"href":"https:\/\/pisg.wgsr.uw.edu.pl\/index.php?rest_route=\/wp\/v2\/pages\/4065\/revisions"}],"predecessor-version":[{"id":4091,"href":"https:\/\/pisg.wgsr.uw.edu.pl\/index.php?rest_route=\/wp\/v2\/pages\/4065\/revisions\/4091"}],"up":[{"embeddable":true,"href":"https:\/\/pisg.wgsr.uw.edu.pl\/index.php?rest_route=\/wp\/v2\/pages\/97"}],"wp:attachment":[{"href":"https:\/\/pisg.wgsr.uw.edu.pl\/index.php?rest_route=%2Fwp%2Fv2%2Fmedia&parent=4065"}],"curies":[{"name":"wp","href":"https:\/\/api.w.org\/{rel}","templated":true}]}}