{"id":4233,"date":"2025-10-21T10:07:40","date_gmt":"2025-10-21T10:07:40","guid":{"rendered":"https:\/\/pisg.wgsr.uw.edu.pl\/?page_id=4233"},"modified":"2025-10-21T10:37:28","modified_gmt":"2025-10-21T10:37:28","slug":"tom-45-volume-45-procesy-erozyjne-na-stokach-uzytkowanych-rolniczo-metody-badan-dynamika-i-skutki-red-ewa-smolska-jan-rodzik-2010","status":"publish","type":"page","link":"https:\/\/pisg.wgsr.uw.edu.pl\/?page_id=4233","title":{"rendered":"Tom 45 [Volume 45] Procesy erozyjne na stokach u\u017cytkowanych rolniczo (metody bada\u0144, dynamika i skutki), red. Ewa Smolska, Jan Rodzik, 2010"},"content":{"rendered":"<p><strong>Ewa SMOLSKA, Jan RODZIK<\/strong>\u00a0<a href=\"https:\/\/pisg.wgsr.uw.edu.pl\/wp-content\/uploads\/pisg\/T.45\/Przedmowa.pdf\">Przedmowa \/Foreword<\/a><\/p>\n<p><strong>Grzegorz JANICKI, Waldemar KOCIUBA, Jan RODZIK, Wojciech ZG\u0141OBICKI\u00a0<\/strong>E<a href=\"https:\/\/pisg.wgsr.uw.edu.pl\/wp-content\/uploads\/pisg\/T.45\/Janicki.pdf\">kstremalne procesy geomorfologiczne we wschodniej cz\u0119\u015bci Wy\u017cyn Polskich \u2013 warunki wyst\u0119powania i oddzia\u0142ywanie na rze\u017ab\u0119 \/ Extreme geomorphological processes\u00a0in the eastern\u00a0part of the Polish Uplands \u2013 occurrence conditions and\u00a0impact on the relief<\/a><\/p>\n<p><strong>Jolanta \u015aWI\u0118CHOWICZ\u00a0<\/strong><a href=\"https:\/\/pisg.wgsr.uw.edu.pl\/wp-content\/uploads\/pisg\/T.45\/Swiechowicz.pdf\">Ekstremalne sp\u0142ukiwanie i erozja linijna na stokach u\u017cytkowanych rolniczo w polskich Karpatach fliszowych \/ Extreme sheet and rill erosion on agricultural slopes in the flysch Polish Carpathians<\/a><\/p>\n<p><strong>Pawe\u0142 PROKOP<\/strong><a href=\"https:\/\/pisg.wgsr.uw.edu.pl\/wp-content\/uploads\/pisg\/T.45\/Prokop.pdf\">\u00a0Erozja gleb pod r\u00f3\u017cnymi systemami upraw w klimacie monsunowym Wy\u017cyny Meghalaya (Indie) i zapis jej skutk\u00f3w w pokrywach stokowych\u00a0\/ Soil erosion under different cultivation systems in the monsoonal climate of the Meghalaya Plateau (India) and record of its effects in slope deposits<\/a><\/p>\n<p><strong>Jan JADCZYSZYN\u00a0<\/strong><a href=\"https:\/\/pisg.wgsr.uw.edu.pl\/wp-content\/uploads\/pisg\/T.45\/Jadczyszyn.pdf\">Sp\u0142yw powierzchniowy i erozja gleby w u\u017cytkowanej rolniczo mikrozlewni stokowej (Rogal\u00f3w, Wy\u017cyna Lubelska) \/ Runoff and soil erosion in agricultural micro catchment (Rogal\u00f3w, Lubelska Upland)<\/a><\/p>\n<p><strong>Jerzy REJMAN, Anna Smetano\u00a0<\/strong><a href=\"https:\/\/pisg.wgsr.uw.edu.pl\/wp-content\/uploads\/pisg\/T.45\/Rejman.pdf\">Przemieszczanie gleby pod wp\u0142ywem uprawki przedsiewnej na stoku lessowym o r\u00f3\u017cnym spadku \/ Soil translocation under pre-sowing tillage operations on loess slope with various inclination<\/a><\/p>\n<p><strong>Renata KO\u0141ODY\u0143SKA-GAWRYSIAK, Mieczys\u0142aw BIENIA\u00a0<\/strong><a href=\"https:\/\/pisg.wgsr.uw.edu.pl\/wp-content\/uploads\/pisg\/T.45\/Bienia.pdf\">Uwarunkowania i przebieg holoce\u0144skiej denudacji w rejonie wielokulturowej osady w Panie\u0144szczy\u017anie ko\u0142o Lublina \/ Conditioning and development of the Holocene denudation in region of multiculture archaeological site in Panie\u0144szczyzna near Lublin<\/a><\/p>\n<p><strong>Wojciech ZG\u0141OBICKI\u00a0<\/strong><a href=\"https:\/\/pisg.wgsr.uw.edu.pl\/wp-content\/uploads\/pisg\/T.45\/Zglobicki.pdf\">Metody geochemiczne i radiochemiczne w badaniach dynamiki proces\u00f3w stokowych \/ Geochemical and radiochemical methods in studies on hillslope processes dynamics<\/a><\/p>\n<p><strong>Grzegorz J. POR\u0118BA\u00a0<\/strong><a href=\"https:\/\/pisg.wgsr.uw.edu.pl\/wp-content\/uploads\/pisg\/T.45\/Poreba.pdf\">Zastosowanie izotopu 137Cs do badania erozji gleby w obszarach lessowych u\u017cytkowanych rolniczo \/ Use of 137Cs isotope in research of soil erosion in loess agricultural areas<\/a><\/p>\n<p><strong>Anna SMETANOV\u00c1, Mari\u00e1n \u0143ABO\u00a0<\/strong>B<a href=\"https:\/\/pisg.wgsr.uw.edu.pl\/wp-content\/uploads\/pisg\/T.45\/Smetanova.pdf\">right patches in Chernozems areas on loess \u2013 an evidence of soil erosion and relief changes \/ Jasne plamy na czarnoziemach \u2013 wska\u017anik proces\u00f3w erozyjnych oraz zmian w rze\u017abie<\/a><\/p>\n<p><strong>Artur \u0141OPATKA, Jan JADCZYSZYN<\/strong><a href=\"https:\/\/pisg.wgsr.uw.edu.pl\/wp-content\/uploads\/pisg\/T.45\/Lopatka.pdf\">\u00a0Modelowanie wilgotno\u015bci gleby w mikrozlewni lessowej u\u017cytkowanej rolniczo \/ Soil moisture modeling in agricultural loess micro catchment<\/a><\/p>\n<p><strong>Ewa SMOLSKA<\/strong><a href=\"https:\/\/pisg.wgsr.uw.edu.pl\/wp-content\/uploads\/pisg\/T.45\/Smolska.pdf\">\u00a0Pomiary erozji gleby na poletkach i stokach eksperymentalnych \/ Soil erosion measurements on plots and experimental slopes<\/a><\/p>\n<p><strong>J\u00f3zef SZPIKOWSKI\u00a0<\/strong><a href=\"https:\/\/pisg.wgsr.uw.edu.pl\/wp-content\/uploads\/pisg\/T.45\/Szpikowski.pdf\">Uwarunkowania i wielko\u015b\u0107 rozbryzgu gleby na podstawie pomiar\u00f3w na powierzchniach testowych w zlewni Chwalimskiego Potoku (Pomorze Zachodnie) \/ Conditions and magnitude of soil splash based on plot measurements in the Chwalimski Potok catchment (West Pomerania)<\/a><\/p>\n<p><strong>Ewa SMOLSKA\u00a0<\/strong><a href=\"https:\/\/pisg.wgsr.uw.edu.pl\/wp-content\/uploads\/pisg\/T.45\/Smolska2.pdf\">Sp\u0142yw wody i erozja gleby na piaszczystym stoku w obszarze m\u0142odoglacjalnym (Pojezierze Suwalskie, Polska NE) \u2013 pomiary poletkowe \/ Runoff and soil erosion on sandy slope in the last \u2013 glacial area (Suwa\u0142ki Lakeland, NE Poland) &#8211; plots measurements<\/a><\/p>\n<p><strong>Jerzy REJMAN, Ryszard BRODOWSKI\u00a0<\/strong><a href=\"https:\/\/pisg.wgsr.uw.edu.pl\/wp-content\/uploads\/pisg\/T.45\/Rejman2.pdf\">Ocena erozji wodnej gleby lessowej na uprawach buraka cukrowego i pszenicy jarej na podstawie bada\u0144 poletkowych \/ Evaluation of water erosion under sugar beet and spring wheat on loess soil on runoff plots<\/a><\/p>\n<p><strong>Krzysztof ST\u0118PNIEWSKI, Piotr DEMCZUK, Jan RODZIK, Krzysztof SIWEK\u00a0<\/strong>Z<a href=\"https:\/\/pisg.wgsr.uw.edu.pl\/wp-content\/uploads\/pisg\/T.45\/Stepniewski.pdf\">wi\u0105zki mi\u0119dzy opadem deszczu a sp\u0142ywem powierzchniowym i sp\u0142ukiwaniem gleby na poletkach do\u015bwiadczalnych o r\u00f3\u017cnym u\u017cytkowaniu (Guci\u00f3w \u2013 Roztocze \u015arodkowe) \/ Relationship between rainfall and runoff and slope wash on plots of varying land use (Guci\u00f3w \u2013 Central Roztocze Region).<\/a><\/p>\n<p><strong>Jolanta \u015aWI\u0118CHOWICZ\u00a0<\/strong><a href=\"https:\/\/pisg.wgsr.uw.edu.pl\/wp-content\/uploads\/pisg\/T.45\/Swiechowicz2.pdf\">Sp\u0142ukiwanie gleby na u\u017cytkowanych rolniczo stokach pog\u00f3rskich w latach hydrologicznych 2007-2008 w \u0141azach (Pog\u00f3rze Wi\u015bnickie) \/ Slopewash on agricultural foothill slopes in hydrological years 2007-2008 in \u0141azy (Wi\u015bnicz Foothills)<\/a><\/p>\n<p><strong>Witold BOCHENEK, Eugeniusz GIL<\/strong><a href=\"https:\/\/pisg.wgsr.uw.edu.pl\/wp-content\/uploads\/pisg\/T.45\/Bochenek.pdf\">\u00a0Zr\u00f3\u017cnicowanie sp\u0142ywu powierzchniowego i sp\u0142ukiwania gleby na poletkach do\u015bwiadczalnych o r\u00f3\u017cnej d\u0142ugo\u015bci (Szymbark, Beskid Niski) \/ The diversity of overland flow and soil wash on experimental plots of different lengths (Szymbark, Low Beskidy Mts.)<\/a><\/p>\n<p><strong>Jan PALUSZEK\u00a0<\/strong><a href=\"https:\/\/pisg.wgsr.uw.edu.pl\/wp-content\/uploads\/pisg\/T.45\/Paluszek.pdf\">Zmiany pokrywy glebowej pod wp\u0142ywem erozji \/ The changes of soil cover as a result of erosion<\/a><\/p>\n<p><strong>Roman RYBICKI\u00a0<\/strong><a href=\"https:\/\/pisg.wgsr.uw.edu.pl\/wp-content\/uploads\/pisg\/T.45\/Rybicki.pdf\">Zr\u00f3\u017cnicowanie pokrywy glebowej teren\u00f3w erodowanych na przyk\u0142adzie zlewni rzeki Opat\u00f3wki \/ The differentiation of soil cover of eroded terrains on the example of Opat\u00f3wka river basin<\/a><\/p>\n<p><strong>Agnieszka LATOCHA, Maurycy URBANOWICZ\u00a0<\/strong><a href=\"https:\/\/pisg.wgsr.uw.edu.pl\/wp-content\/uploads\/pisg\/T.45\/Latocha.pdf\">Terasy rolne w G\u00f3rach Sowich \/ Agricultural terraces in the Sowie Mountains<\/a><\/p>\n<p><strong>Krzysztof PARZ\u00d3CH, Anna SOLARSKA\u00a0<\/strong><a href=\"https:\/\/pisg.wgsr.uw.edu.pl\/wp-content\/uploads\/pisg\/T.45\/Parzoch.pdf\">Wsp\u00f3\u0142czesny rozw\u00f3j suchych dolin w krajobrazie rolniczym najwy\u017cszych partii Wzg\u00f3rz Strzeli\u0144skich (Przedg\u00f3rze Sudeckie) \/ The contemporary development of dry valleys in agricultural landscape in the upper part of Strzeli\u0144skie Hills (Sudetic Foreland)<\/a><\/p>\n<p><strong>Magdalena PATRO\u00a0<\/strong><a href=\"https:\/\/pisg.wgsr.uw.edu.pl\/wp-content\/uploads\/pisg\/T.45\/Patro.pdf\">Wp\u0142yw przegr\u00f3d ziemnych na kszta\u0142towanie dna suchej doliny w zlewni rolniczej podczas deszcz\u00f3w ulewnych \/ Influence of ground dykes on shaping of the dry valley floor in the agricultural catchment during heavy rainfall events<\/a><\/p>\n<p style=\"text-align: justify;\"><strong>Jan PALUSZEK\u00a0<\/strong><a href=\"https:\/\/pisg.wgsr.uw.edu.pl\/wp-content\/uploads\/pisg\/T.45\/Paluszek2.pdf\">Zmiany struktury zerodowanej gleby p\u0142owej wytworzonej z lessu pod wp\u0142ywem dodatku polimeru AgroAquaGel 420 \/ Changes of soil structure of eroded luvisol development from loess as a result of AgroAquaGel 420 polymer addition<\/a><\/p>\n","protected":false},"excerpt":{"rendered":"<p>Ewa SMOLSKA, Jan RODZIK\u00a0Przedmowa \/Foreword Grzegorz JANICKI, Waldemar KOCIUBA, Jan RODZIK, Wojciech ZG\u0141OBICKI\u00a0Ekstremalne procesy geomorfologiczne we wschodniej cz\u0119\u015bci Wy\u017cyn Polskich \u2013 warunki wyst\u0119powania i oddzia\u0142ywanie na rze\u017ab\u0119 \/ Extreme geomorphological processes\u00a0in the eastern\u00a0part of the Polish Uplands \u2013 occurrence conditions and\u00a0impact on the relief Jolanta \u015aWI\u0118CHOWICZ\u00a0Ekstremalne sp\u0142ukiwanie i erozja linijna na stokach u\u017cytkowanych rolniczo w [&hellip;]<\/p>\n","protected":false},"author":1,"featured_media":0,"parent":97,"menu_order":0,"comment_status":"closed","ping_status":"closed","template":"","meta":{"_monsterinsights_skip_tracking":false,"_monsterinsights_sitenote_active":false,"_monsterinsights_sitenote_note":"","_monsterinsights_sitenote_category":0,"footnotes":""},"class_list":["post-4233","page","type-page","status-publish","hentry","post"],"yoast_head":"<!-- This site is optimized with the Yoast SEO plugin v27.5 - https:\/\/yoast.com\/product\/yoast-seo-wordpress\/ -->\n<title>Tom 45 [Volume 45] Procesy erozyjne na stokach u\u017cytkowanych rolniczo (metody bada\u0144, dynamika i skutki), red. Ewa Smolska, Jan Rodzik, 2010 - Prace i Studia Geograficzne | Studies in Geography<\/title>\n<meta name=\"robots\" content=\"index, follow, max-snippet:-1, max-image-preview:large, max-video-preview:-1\" \/>\n<link rel=\"canonical\" href=\"https:\/\/pisg.wgsr.uw.edu.pl\/?page_id=4233\" \/>\n<meta property=\"og:locale\" content=\"pl_PL\" \/>\n<meta property=\"og:type\" content=\"article\" \/>\n<meta property=\"og:title\" content=\"Tom 45 [Volume 45] Procesy erozyjne na stokach u\u017cytkowanych rolniczo (metody bada\u0144, dynamika i skutki), red. Ewa Smolska, Jan Rodzik, 2010 - Prace i Studia Geograficzne | Studies in Geography\" \/>\n<meta property=\"og:description\" content=\"Ewa SMOLSKA, Jan RODZIK\u00a0Przedmowa \/Foreword Grzegorz JANICKI, Waldemar KOCIUBA, Jan RODZIK, Wojciech ZG\u0141OBICKI\u00a0Ekstremalne procesy geomorfologiczne we wschodniej cz\u0119\u015bci Wy\u017cyn Polskich \u2013 warunki wyst\u0119powania i oddzia\u0142ywanie na rze\u017ab\u0119 \/ Extreme geomorphological processes\u00a0in the eastern\u00a0part of the Polish Uplands \u2013 occurrence conditions and\u00a0impact on the relief Jolanta \u015aWI\u0118CHOWICZ\u00a0Ekstremalne sp\u0142ukiwanie i erozja linijna na stokach u\u017cytkowanych rolniczo w [&hellip;]\" \/>\n<meta property=\"og:url\" content=\"https:\/\/pisg.wgsr.uw.edu.pl\/?page_id=4233\" \/>\n<meta property=\"og:site_name\" content=\"Prace i Studia Geograficzne | Studies in Geography\" \/>\n<meta property=\"article:modified_time\" content=\"2025-10-21T10:37:28+00:00\" \/>\n<meta name=\"twitter:card\" content=\"summary_large_image\" \/>\n<meta name=\"twitter:label1\" content=\"Szacowany czas czytania\" \/>\n\t<meta name=\"twitter:data1\" content=\"5 minut\" \/>\n<script type=\"application\/ld+json\" class=\"yoast-schema-graph\">{\"@context\":\"https:\\\/\\\/schema.org\",\"@graph\":[{\"@type\":\"WebPage\",\"@id\":\"https:\\\/\\\/pisg.wgsr.uw.edu.pl\\\/?page_id=4233\",\"url\":\"https:\\\/\\\/pisg.wgsr.uw.edu.pl\\\/?page_id=4233\",\"name\":\"Tom 45 [Volume 45] Procesy erozyjne na stokach u\u017cytkowanych rolniczo (metody bada\u0144, dynamika i skutki), red. Ewa Smolska, Jan Rodzik, 2010 - Prace i Studia Geograficzne | Studies in Geography\",\"isPartOf\":{\"@id\":\"https:\\\/\\\/pisg.wgsr.uw.edu.pl\\\/#website\"},\"datePublished\":\"2025-10-21T10:07:40+00:00\",\"dateModified\":\"2025-10-21T10:37:28+00:00\",\"breadcrumb\":{\"@id\":\"https:\\\/\\\/pisg.wgsr.uw.edu.pl\\\/?page_id=4233#breadcrumb\"},\"inLanguage\":\"pl-PL\",\"potentialAction\":[{\"@type\":\"ReadAction\",\"target\":[\"https:\\\/\\\/pisg.wgsr.uw.edu.pl\\\/?page_id=4233\"]}]},{\"@type\":\"BreadcrumbList\",\"@id\":\"https:\\\/\\\/pisg.wgsr.uw.edu.pl\\\/?page_id=4233#breadcrumb\",\"itemListElement\":[{\"@type\":\"ListItem\",\"position\":1,\"name\":\"Strona g\u0142\u00f3wna\",\"item\":\"https:\\\/\\\/pisg.wgsr.uw.edu.pl\\\/\"},{\"@type\":\"ListItem\",\"position\":2,\"name\":\"Tomy\",\"item\":\"https:\\\/\\\/pisg.wgsr.uw.edu.pl\\\/?page_id=97\"},{\"@type\":\"ListItem\",\"position\":3,\"name\":\"Tom 45 [Volume 45] Procesy erozyjne na stokach u\u017cytkowanych rolniczo (metody bada\u0144, dynamika i skutki), red. Ewa Smolska, Jan Rodzik, 2010\"}]},{\"@type\":\"WebSite\",\"@id\":\"https:\\\/\\\/pisg.wgsr.uw.edu.pl\\\/#website\",\"url\":\"https:\\\/\\\/pisg.wgsr.uw.edu.pl\\\/\",\"name\":\"Prace i Studia Geograficzne | Studies in Geography\",\"description\":\"Prace i Studia Geograficzne s\u0105 recenzowanym czasopismem wydawanym przez Wydzia\u0142 Geografii i Studi\u00f3w Regionalnych Uniwersytetu Warszawskiego\",\"potentialAction\":[{\"@type\":\"SearchAction\",\"target\":{\"@type\":\"EntryPoint\",\"urlTemplate\":\"https:\\\/\\\/pisg.wgsr.uw.edu.pl\\\/?s={search_term_string}\"},\"query-input\":{\"@type\":\"PropertyValueSpecification\",\"valueRequired\":true,\"valueName\":\"search_term_string\"}}],\"inLanguage\":\"pl-PL\"}]}<\/script>\n<!-- \/ Yoast SEO plugin. -->","yoast_head_json":{"title":"Tom 45 [Volume 45] Procesy erozyjne na stokach u\u017cytkowanych rolniczo (metody bada\u0144, dynamika i skutki), red. Ewa Smolska, Jan Rodzik, 2010 - Prace i Studia Geograficzne | Studies in Geography","robots":{"index":"index","follow":"follow","max-snippet":"max-snippet:-1","max-image-preview":"max-image-preview:large","max-video-preview":"max-video-preview:-1"},"canonical":"https:\/\/pisg.wgsr.uw.edu.pl\/?page_id=4233","og_locale":"pl_PL","og_type":"article","og_title":"Tom 45 [Volume 45] Procesy erozyjne na stokach u\u017cytkowanych rolniczo (metody bada\u0144, dynamika i skutki), red. Ewa Smolska, Jan Rodzik, 2010 - Prace i Studia Geograficzne | Studies in Geography","og_description":"Ewa SMOLSKA, Jan RODZIK\u00a0Przedmowa \/Foreword Grzegorz JANICKI, Waldemar KOCIUBA, Jan RODZIK, Wojciech ZG\u0141OBICKI\u00a0Ekstremalne procesy geomorfologiczne we wschodniej cz\u0119\u015bci Wy\u017cyn Polskich \u2013 warunki wyst\u0119powania i oddzia\u0142ywanie na rze\u017ab\u0119 \/ Extreme geomorphological processes\u00a0in the eastern\u00a0part of the Polish Uplands \u2013 occurrence conditions and\u00a0impact on the relief Jolanta \u015aWI\u0118CHOWICZ\u00a0Ekstremalne sp\u0142ukiwanie i erozja linijna na stokach u\u017cytkowanych rolniczo w [&hellip;]","og_url":"https:\/\/pisg.wgsr.uw.edu.pl\/?page_id=4233","og_site_name":"Prace i Studia Geograficzne | Studies in Geography","article_modified_time":"2025-10-21T10:37:28+00:00","twitter_card":"summary_large_image","twitter_misc":{"Szacowany czas czytania":"5 minut"},"schema":{"@context":"https:\/\/schema.org","@graph":[{"@type":"WebPage","@id":"https:\/\/pisg.wgsr.uw.edu.pl\/?page_id=4233","url":"https:\/\/pisg.wgsr.uw.edu.pl\/?page_id=4233","name":"Tom 45 [Volume 45] Procesy erozyjne na stokach u\u017cytkowanych rolniczo (metody bada\u0144, dynamika i skutki), red. Ewa Smolska, Jan Rodzik, 2010 - Prace i Studia Geograficzne | Studies in Geography","isPartOf":{"@id":"https:\/\/pisg.wgsr.uw.edu.pl\/#website"},"datePublished":"2025-10-21T10:07:40+00:00","dateModified":"2025-10-21T10:37:28+00:00","breadcrumb":{"@id":"https:\/\/pisg.wgsr.uw.edu.pl\/?page_id=4233#breadcrumb"},"inLanguage":"pl-PL","potentialAction":[{"@type":"ReadAction","target":["https:\/\/pisg.wgsr.uw.edu.pl\/?page_id=4233"]}]},{"@type":"BreadcrumbList","@id":"https:\/\/pisg.wgsr.uw.edu.pl\/?page_id=4233#breadcrumb","itemListElement":[{"@type":"ListItem","position":1,"name":"Strona g\u0142\u00f3wna","item":"https:\/\/pisg.wgsr.uw.edu.pl\/"},{"@type":"ListItem","position":2,"name":"Tomy","item":"https:\/\/pisg.wgsr.uw.edu.pl\/?page_id=97"},{"@type":"ListItem","position":3,"name":"Tom 45 [Volume 45] Procesy erozyjne na stokach u\u017cytkowanych rolniczo (metody bada\u0144, dynamika i skutki), red. Ewa Smolska, Jan Rodzik, 2010"}]},{"@type":"WebSite","@id":"https:\/\/pisg.wgsr.uw.edu.pl\/#website","url":"https:\/\/pisg.wgsr.uw.edu.pl\/","name":"Prace i Studia Geograficzne | Studies in Geography","description":"Prace i Studia Geograficzne s\u0105 recenzowanym czasopismem wydawanym przez Wydzia\u0142 Geografii i Studi\u00f3w Regionalnych Uniwersytetu Warszawskiego","potentialAction":[{"@type":"SearchAction","target":{"@type":"EntryPoint","urlTemplate":"https:\/\/pisg.wgsr.uw.edu.pl\/?s={search_term_string}"},"query-input":{"@type":"PropertyValueSpecification","valueRequired":true,"valueName":"search_term_string"}}],"inLanguage":"pl-PL"}]}},"_links":{"self":[{"href":"https:\/\/pisg.wgsr.uw.edu.pl\/index.php?rest_route=\/wp\/v2\/pages\/4233","targetHints":{"allow":["GET"]}}],"collection":[{"href":"https:\/\/pisg.wgsr.uw.edu.pl\/index.php?rest_route=\/wp\/v2\/pages"}],"about":[{"href":"https:\/\/pisg.wgsr.uw.edu.pl\/index.php?rest_route=\/wp\/v2\/types\/page"}],"author":[{"embeddable":true,"href":"https:\/\/pisg.wgsr.uw.edu.pl\/index.php?rest_route=\/wp\/v2\/users\/1"}],"replies":[{"embeddable":true,"href":"https:\/\/pisg.wgsr.uw.edu.pl\/index.php?rest_route=%2Fwp%2Fv2%2Fcomments&post=4233"}],"version-history":[{"count":3,"href":"https:\/\/pisg.wgsr.uw.edu.pl\/index.php?rest_route=\/wp\/v2\/pages\/4233\/revisions"}],"predecessor-version":[{"id":4236,"href":"https:\/\/pisg.wgsr.uw.edu.pl\/index.php?rest_route=\/wp\/v2\/pages\/4233\/revisions\/4236"}],"up":[{"embeddable":true,"href":"https:\/\/pisg.wgsr.uw.edu.pl\/index.php?rest_route=\/wp\/v2\/pages\/97"}],"wp:attachment":[{"href":"https:\/\/pisg.wgsr.uw.edu.pl\/index.php?rest_route=%2Fwp%2Fv2%2Fmedia&parent=4233"}],"curies":[{"name":"wp","href":"https:\/\/api.w.org\/{rel}","templated":true}]}}