{"id":4238,"date":"2025-10-21T10:42:05","date_gmt":"2025-10-21T10:42:05","guid":{"rendered":"https:\/\/pisg.wgsr.uw.edu.pl\/?page_id=4238"},"modified":"2025-10-21T10:42:30","modified_gmt":"2025-10-21T10:42:30","slug":"tom-44-volume-44-przyroda-czlowiek-region-profesor-ewelinie-kartowicz-na-70-urodziny-red-stefan-kaluski-malgorzata-roge-wisniewska-andrzej-walewski-maciej-lechowicz-2010","status":"publish","type":"page","link":"https:\/\/pisg.wgsr.uw.edu.pl\/?page_id=4238","title":{"rendered":"Tom 44 [Volume 44] Przyroda-cz\u0142owiek-region. Profesor Ewelinie Kartowicz na 70 urodziny, red. Stefan Ka\u0142uski, Ma\u0142gorzata Roge-Wi\u015bniewska, Andrzej Walewski, Maciej Lechowicz, 2010"},"content":{"rendered":"<p><strong>Andrzej WALEWSKI<\/strong>\u00a0<a href=\"https:\/\/pisg.wgsr.uw.edu.pl\/wp-content\/uploads\/pisg\/T.44\/01-Walewski.pdf\">Profesor Ewelina Kantowicz &#8211; geograf regionalny \/ Professor Ewelina Kantowicz &#8211; a regional geographer<\/a><\/p>\n<p style=\"text-align: justify;\"><strong>Ma\u0142gorzata ROGE-WI\u015aNIEWSKA\u00a0<\/strong>D<a href=\"https:\/\/pisg.wgsr.uw.edu.pl\/wp-content\/uploads\/pisg\/T.44\/02-Roge.pdf\">zia\u0142alno\u015b\u0107 Profesor Eweliny Kantowicz na Mi\u0119dzywydzia\u0142owych Studiach Ochrony \u015arodowiska Uniwersytetu Warszawskiego \/ Professor Ewelina Kantowicz and the Inter-faculty Study Programme in Environmental Protection at the University of Warsaw<\/a><\/p>\n<p><strong>El\u017cbieta LONC\u00a0<\/strong><a href=\"https:\/\/pisg.wgsr.uw.edu.pl\/wp-content\/uploads\/pisg\/T.44\/03-Lonc.pdf\">Dzia\u0142alno\u015b\u0107 Profesor Eweliny Kantowicz w edukacji na rzecz zr\u00f3wnowa\u017conego rozwoju \/ The role of Professor Ewelina Kantowicz in education for sustainable development<\/a><\/p>\n<p style=\"text-align: justify;\"><strong>Andrzej BONASEWICZ\u00a0<\/strong>A<a href=\"https:\/\/pisg.wgsr.uw.edu.pl\/wp-content\/uploads\/pisg\/T.44\/04-Bonasewicz.pdf\">mazonia jako region geograficzny &#8211; Przes\u0142anki przyrodnicze i spo\u0142eczno-gospodarcze \/ Amazonia as a geographical region &#8211; the natural, social and economic conditions<\/a><\/p>\n<p style=\"text-align: justify;\"><strong>Jadwiga WINIDOWA\u00a0<\/strong><a href=\"https:\/\/pisg.wgsr.uw.edu.pl\/wp-content\/uploads\/pisg\/T.44\/05-Winidowa.pdf\">Dorzecze Gangesu i Brahmaputry jako region geograficzny \/ Wybrane problemy. The Ganges and the Brahmaputra basin as a geographical region &#8211; selected aspects<\/a><\/p>\n<p style=\"text-align: justify;\"><strong>Joanna MARKOWSKA\u00a0<\/strong><a href=\"https:\/\/pisg.wgsr.uw.edu.pl\/wp-content\/uploads\/pisg\/T.44\/06-Markowska.pdf\">Ba\u0142kany &#8211; okre\u015blenie medialne czy region geograficzny? \/ The Balkans: a media term or a geographical region?<\/a><\/p>\n<p style=\"text-align: justify;\"><strong>Andrzej WALEWSKI\u00a0<\/strong><a href=\"https:\/\/pisg.wgsr.uw.edu.pl\/wp-content\/uploads\/pisg\/T.44\/07-Walewski.pdf\">Rolnicze wykorzystanie w\u00f3d na Saharze \/ The use of water for agriculture in the Sahara<\/a><\/p>\n<p style=\"text-align: justify;\"><strong>Stefan KA\u0141USKI\u00a0<\/strong><a href=\"https:\/\/pisg.wgsr.uw.edu.pl\/wp-content\/uploads\/pisg\/T.44\/08-Kaluski.pdf\">Rzeki a kszta\u0142towanie si\u0119 transgranicznych wi\u0119zi regionalnych \/ Rivers and the development of cross-border regional ties<\/a><\/p>\n<p style=\"text-align: justify;\"><strong>Andrzej GOC\u0141OWSKI\u00a0<\/strong><a href=\"https:\/\/pisg.wgsr.uw.edu.pl\/wp-content\/uploads\/pisg\/T.44\/09-Goclawski.pdf\">Przyrodnicze uwarunkowania rozmieszczenia zaludnienia i osadnictwa- koncepcje i metody badawcze \/ Natural conditions of the population and settlement patterns &#8211; research concepts and methods<\/a><\/p>\n<p style=\"text-align: justify;\"><strong>Maciej LECHOWICZ\u00a0<\/strong><a href=\"https:\/\/pisg.wgsr.uw.edu.pl\/wp-content\/uploads\/pisg\/T.44\/10-Lechowicz.pdf\">Osadnictwo karpackie na granicach region\u00f3w przyrodniczych \/ The settlement at the boundaries of the natural regions in the Carpathians<\/a><\/p>\n<p style=\"text-align: justify;\"><strong>Dorota RUCI\u0143SKA\u00a0<\/strong><a href=\"https:\/\/pisg.wgsr.uw.edu.pl\/wp-content\/uploads\/pisg\/T.44\/11-Rucinska.pdf\">Przestrzenne zr\u00f3\u017cnicowanie ENSO \/ The ENSO spatial diversity<\/a><\/p>\n<p style=\"text-align: justify;\"><strong>Ma\u0142gorzata ROGE-WI\u015aNIEWSKA<\/strong><a href=\"https:\/\/pisg.wgsr.uw.edu.pl\/wp-content\/uploads\/pisg\/T.44\/12-Roge.pdf\">\u00a0Czy zaburzone strefy gazoci\u0105g\u00f3w podziemnych mog\u0105 by\u0107 traktowane jako regiony? \/ Can the affected zones of underground gas pipelines be treated as regions?<\/a><\/p>\n<p style=\"text-align: justify;\"><strong>Joanna PINI\u0143SKA\u00a0<\/strong><a href=\"https:\/\/pisg.wgsr.uw.edu.pl\/wp-content\/uploads\/pisg\/T.44\/13-Pininska.pdf\">G\u00f3rnictwo skalne regionu Lubelskiego. Zniszczenie czy rozw\u00f3j? \/ Rock Mining Industry in the Lublin Region. Destruction or Development?<\/a><\/p>\n<p><strong>Leszek KUCHARSKI\u00a0<\/strong><a href=\"https:\/\/pisg.wgsr.uw.edu.pl\/wp-content\/uploads\/pisg\/T.44\/14-Kucharski.pdf\">Szata ro\u015blinna terenu g\u00f3rniczego z\u0142o\u017ca Ko\u017amin &#8211; jej zmiany i mo\u017cliwo\u015bci ochrony \/ The vegetation cover of the Ko\u017amin mining deposit &#8211; its changes and conservation possibilities<\/a><\/p>\n<p style=\"text-align: justify;\"><strong>Krzysztof BADORA, Czes\u0142awa ROSIK-DULEWSKA\u00a0<\/strong><a href=\"https:\/\/pisg.wgsr.uw.edu.pl\/wp-content\/uploads\/pisg\/T.44\/15-Badora-Rosik.pdf\">Korytarze ekologiczne wojew\u00f3dztwa opolskiego i ich rola w optyma\u00adlizacji struktury wielkoprzestrzennego systemu obszar\u00f3w chronionych\u00a0\/ Ecological corridors in the Opole region and their role in the optimisation of the region\u2019s large-scale system of protected areas<\/a><\/p>\n<p style=\"text-align: justify;\"><strong>Dorota KIEWRA, El\u017cbieta LONC\u00a0<\/strong><a href=\"https:\/\/pisg.wgsr.uw.edu.pl\/wp-content\/uploads\/pisg\/T.44\/16-Kiera-Lonc.pdf\">Geograficzne systemy informacji o kleszczach i boreliozie na Dolnym \u015al\u0105sku \/ Geographical information systems on ticks and Lyme disease in Lower Silesia<\/a><\/p>\n<p style=\"text-align: justify;\"><strong>Czes\u0142awa ROSIK-DULEWSKA, Urszula KARWACZY\u0143SKA<\/strong><a href=\"https:\/\/pisg.wgsr.uw.edu.pl\/wp-content\/uploads\/pisg\/T.44\/17-Rosik-Karwaczynska.pdf\">\u00a0Wp\u0142yw lokalnych punktowych \u017ar\u00f3de\u0142 zanieczyszcze\u0144 na stan jako\u015bci w\u00f3d podziemnych \/ The impact of local point sources of pollution on the quality of underground waters<\/a><\/p>\n<p style=\"text-align: justify;\"><strong>Aleksandra IBRAGIMOW, Gra\u017cyna G\u0141OSI\u0143SKA, Marcin SIEPAK, Barbara WALNA\u00a0<\/strong><a href=\"https:\/\/pisg.wgsr.uw.edu.pl\/wp-content\/uploads\/pisg\/T.44\/18-Ibragimow.pdf\">Wst\u0119pne badania zanieczyszczenia metalami osad\u00f3w r\u00f3wnin zalewo\u00adwych doliny \u015brodkowej Odry \/ Preliminary study of heavy metal pollution in the floodplain sediments of the Lubusz Oder Gap<\/a><\/p>\n<p style=\"text-align: justify;\"><strong>Jerzy BOLALEK, Barbara RADKE\u00a0<\/strong><a href=\"https:\/\/pisg.wgsr.uw.edu.pl\/wp-content\/uploads\/pisg\/T.44\/19-Bolalek-Radke.pdf\">Problematyka zanieczyszcze\u0144 port\u00f3w zlokalizowanych w rejonie przy\u00aduj\u015bciowym na przyk\u0142adzie Portu Gda\u0144skiego i K\u0142ajpedzkiego\u00a0\/ Aspects of pollution in the harbours located near the river mouth using the example of the Gda\u0144sk and Klaipeda harbours<\/a><\/p>\n","protected":false},"excerpt":{"rendered":"<p>Andrzej WALEWSKI\u00a0Profesor Ewelina Kantowicz &#8211; geograf regionalny \/ Professor Ewelina Kantowicz &#8211; a regional geographer Ma\u0142gorzata ROGE-WI\u015aNIEWSKA\u00a0Dzia\u0142alno\u015b\u0107 Profesor Eweliny Kantowicz na Mi\u0119dzywydzia\u0142owych Studiach Ochrony \u015arodowiska Uniwersytetu Warszawskiego \/ Professor Ewelina Kantowicz and the Inter-faculty Study Programme in Environmental Protection at the University of Warsaw El\u017cbieta LONC\u00a0Dzia\u0142alno\u015b\u0107 Profesor Eweliny Kantowicz w edukacji na rzecz zr\u00f3wnowa\u017conego rozwoju [&hellip;]<\/p>\n","protected":false},"author":1,"featured_media":0,"parent":97,"menu_order":0,"comment_status":"closed","ping_status":"closed","template":"","meta":{"_monsterinsights_skip_tracking":false,"_monsterinsights_sitenote_active":false,"_monsterinsights_sitenote_note":"","_monsterinsights_sitenote_category":0,"footnotes":""},"class_list":["post-4238","page","type-page","status-publish","hentry","post"],"yoast_head":"<!-- This site is optimized with the Yoast SEO plugin v27.5 - https:\/\/yoast.com\/product\/yoast-seo-wordpress\/ -->\n<title>Tom 44 [Volume 44] Przyroda-cz\u0142owiek-region. Profesor Ewelinie Kartowicz na 70 urodziny, red. Stefan Ka\u0142uski, Ma\u0142gorzata Roge-Wi\u015bniewska, Andrzej Walewski, Maciej Lechowicz, 2010 - Prace i Studia Geograficzne | Studies in Geography<\/title>\n<meta name=\"robots\" content=\"index, follow, max-snippet:-1, max-image-preview:large, max-video-preview:-1\" \/>\n<link rel=\"canonical\" href=\"https:\/\/pisg.wgsr.uw.edu.pl\/?page_id=4238\" \/>\n<meta property=\"og:locale\" content=\"pl_PL\" \/>\n<meta property=\"og:type\" content=\"article\" \/>\n<meta property=\"og:title\" content=\"Tom 44 [Volume 44] Przyroda-cz\u0142owiek-region. Profesor Ewelinie Kartowicz na 70 urodziny, red. Stefan Ka\u0142uski, Ma\u0142gorzata Roge-Wi\u015bniewska, Andrzej Walewski, Maciej Lechowicz, 2010 - Prace i Studia Geograficzne | Studies in Geography\" \/>\n<meta property=\"og:description\" content=\"Andrzej WALEWSKI\u00a0Profesor Ewelina Kantowicz &#8211; geograf regionalny \/ Professor Ewelina Kantowicz &#8211; a regional geographer Ma\u0142gorzata ROGE-WI\u015aNIEWSKA\u00a0Dzia\u0142alno\u015b\u0107 Profesor Eweliny Kantowicz na Mi\u0119dzywydzia\u0142owych Studiach Ochrony \u015arodowiska Uniwersytetu Warszawskiego \/ Professor Ewelina Kantowicz and the Inter-faculty Study Programme in Environmental Protection at the University of Warsaw El\u017cbieta LONC\u00a0Dzia\u0142alno\u015b\u0107 Profesor Eweliny Kantowicz w edukacji na rzecz zr\u00f3wnowa\u017conego rozwoju [&hellip;]\" \/>\n<meta property=\"og:url\" content=\"https:\/\/pisg.wgsr.uw.edu.pl\/?page_id=4238\" \/>\n<meta property=\"og:site_name\" content=\"Prace i Studia Geograficzne | Studies in Geography\" \/>\n<meta property=\"article:modified_time\" content=\"2025-10-21T10:42:30+00:00\" \/>\n<meta name=\"twitter:card\" content=\"summary_large_image\" \/>\n<meta name=\"twitter:label1\" content=\"Szacowany czas czytania\" \/>\n\t<meta name=\"twitter:data1\" content=\"3 minuty\" \/>\n<script type=\"application\/ld+json\" class=\"yoast-schema-graph\">{\"@context\":\"https:\\\/\\\/schema.org\",\"@graph\":[{\"@type\":\"WebPage\",\"@id\":\"https:\\\/\\\/pisg.wgsr.uw.edu.pl\\\/?page_id=4238\",\"url\":\"https:\\\/\\\/pisg.wgsr.uw.edu.pl\\\/?page_id=4238\",\"name\":\"Tom 44 [Volume 44] Przyroda-cz\u0142owiek-region. Profesor Ewelinie Kartowicz na 70 urodziny, red. Stefan Ka\u0142uski, Ma\u0142gorzata Roge-Wi\u015bniewska, Andrzej Walewski, Maciej Lechowicz, 2010 - Prace i Studia Geograficzne | Studies in Geography\",\"isPartOf\":{\"@id\":\"https:\\\/\\\/pisg.wgsr.uw.edu.pl\\\/#website\"},\"datePublished\":\"2025-10-21T10:42:05+00:00\",\"dateModified\":\"2025-10-21T10:42:30+00:00\",\"breadcrumb\":{\"@id\":\"https:\\\/\\\/pisg.wgsr.uw.edu.pl\\\/?page_id=4238#breadcrumb\"},\"inLanguage\":\"pl-PL\",\"potentialAction\":[{\"@type\":\"ReadAction\",\"target\":[\"https:\\\/\\\/pisg.wgsr.uw.edu.pl\\\/?page_id=4238\"]}]},{\"@type\":\"BreadcrumbList\",\"@id\":\"https:\\\/\\\/pisg.wgsr.uw.edu.pl\\\/?page_id=4238#breadcrumb\",\"itemListElement\":[{\"@type\":\"ListItem\",\"position\":1,\"name\":\"Strona g\u0142\u00f3wna\",\"item\":\"https:\\\/\\\/pisg.wgsr.uw.edu.pl\\\/\"},{\"@type\":\"ListItem\",\"position\":2,\"name\":\"Tomy\",\"item\":\"https:\\\/\\\/pisg.wgsr.uw.edu.pl\\\/?page_id=97\"},{\"@type\":\"ListItem\",\"position\":3,\"name\":\"Tom 44 [Volume 44] Przyroda-cz\u0142owiek-region. Profesor Ewelinie Kartowicz na 70 urodziny, red. Stefan Ka\u0142uski, Ma\u0142gorzata Roge-Wi\u015bniewska, Andrzej Walewski, Maciej Lechowicz, 2010\"}]},{\"@type\":\"WebSite\",\"@id\":\"https:\\\/\\\/pisg.wgsr.uw.edu.pl\\\/#website\",\"url\":\"https:\\\/\\\/pisg.wgsr.uw.edu.pl\\\/\",\"name\":\"Prace i Studia Geograficzne | Studies in Geography\",\"description\":\"Prace i Studia Geograficzne s\u0105 recenzowanym czasopismem wydawanym przez Wydzia\u0142 Geografii i Studi\u00f3w Regionalnych Uniwersytetu Warszawskiego\",\"potentialAction\":[{\"@type\":\"SearchAction\",\"target\":{\"@type\":\"EntryPoint\",\"urlTemplate\":\"https:\\\/\\\/pisg.wgsr.uw.edu.pl\\\/?s={search_term_string}\"},\"query-input\":{\"@type\":\"PropertyValueSpecification\",\"valueRequired\":true,\"valueName\":\"search_term_string\"}}],\"inLanguage\":\"pl-PL\"}]}<\/script>\n<!-- \/ Yoast SEO plugin. -->","yoast_head_json":{"title":"Tom 44 [Volume 44] Przyroda-cz\u0142owiek-region. Profesor Ewelinie Kartowicz na 70 urodziny, red. Stefan Ka\u0142uski, Ma\u0142gorzata Roge-Wi\u015bniewska, Andrzej Walewski, Maciej Lechowicz, 2010 - Prace i Studia Geograficzne | Studies in Geography","robots":{"index":"index","follow":"follow","max-snippet":"max-snippet:-1","max-image-preview":"max-image-preview:large","max-video-preview":"max-video-preview:-1"},"canonical":"https:\/\/pisg.wgsr.uw.edu.pl\/?page_id=4238","og_locale":"pl_PL","og_type":"article","og_title":"Tom 44 [Volume 44] Przyroda-cz\u0142owiek-region. Profesor Ewelinie Kartowicz na 70 urodziny, red. Stefan Ka\u0142uski, Ma\u0142gorzata Roge-Wi\u015bniewska, Andrzej Walewski, Maciej Lechowicz, 2010 - Prace i Studia Geograficzne | Studies in Geography","og_description":"Andrzej WALEWSKI\u00a0Profesor Ewelina Kantowicz &#8211; geograf regionalny \/ Professor Ewelina Kantowicz &#8211; a regional geographer Ma\u0142gorzata ROGE-WI\u015aNIEWSKA\u00a0Dzia\u0142alno\u015b\u0107 Profesor Eweliny Kantowicz na Mi\u0119dzywydzia\u0142owych Studiach Ochrony \u015arodowiska Uniwersytetu Warszawskiego \/ Professor Ewelina Kantowicz and the Inter-faculty Study Programme in Environmental Protection at the University of Warsaw El\u017cbieta LONC\u00a0Dzia\u0142alno\u015b\u0107 Profesor Eweliny Kantowicz w edukacji na rzecz zr\u00f3wnowa\u017conego rozwoju [&hellip;]","og_url":"https:\/\/pisg.wgsr.uw.edu.pl\/?page_id=4238","og_site_name":"Prace i Studia Geograficzne | Studies in Geography","article_modified_time":"2025-10-21T10:42:30+00:00","twitter_card":"summary_large_image","twitter_misc":{"Szacowany czas czytania":"3 minuty"},"schema":{"@context":"https:\/\/schema.org","@graph":[{"@type":"WebPage","@id":"https:\/\/pisg.wgsr.uw.edu.pl\/?page_id=4238","url":"https:\/\/pisg.wgsr.uw.edu.pl\/?page_id=4238","name":"Tom 44 [Volume 44] Przyroda-cz\u0142owiek-region. Profesor Ewelinie Kartowicz na 70 urodziny, red. Stefan Ka\u0142uski, Ma\u0142gorzata Roge-Wi\u015bniewska, Andrzej Walewski, Maciej Lechowicz, 2010 - Prace i Studia Geograficzne | Studies in Geography","isPartOf":{"@id":"https:\/\/pisg.wgsr.uw.edu.pl\/#website"},"datePublished":"2025-10-21T10:42:05+00:00","dateModified":"2025-10-21T10:42:30+00:00","breadcrumb":{"@id":"https:\/\/pisg.wgsr.uw.edu.pl\/?page_id=4238#breadcrumb"},"inLanguage":"pl-PL","potentialAction":[{"@type":"ReadAction","target":["https:\/\/pisg.wgsr.uw.edu.pl\/?page_id=4238"]}]},{"@type":"BreadcrumbList","@id":"https:\/\/pisg.wgsr.uw.edu.pl\/?page_id=4238#breadcrumb","itemListElement":[{"@type":"ListItem","position":1,"name":"Strona g\u0142\u00f3wna","item":"https:\/\/pisg.wgsr.uw.edu.pl\/"},{"@type":"ListItem","position":2,"name":"Tomy","item":"https:\/\/pisg.wgsr.uw.edu.pl\/?page_id=97"},{"@type":"ListItem","position":3,"name":"Tom 44 [Volume 44] Przyroda-cz\u0142owiek-region. Profesor Ewelinie Kartowicz na 70 urodziny, red. Stefan Ka\u0142uski, Ma\u0142gorzata Roge-Wi\u015bniewska, Andrzej Walewski, Maciej Lechowicz, 2010"}]},{"@type":"WebSite","@id":"https:\/\/pisg.wgsr.uw.edu.pl\/#website","url":"https:\/\/pisg.wgsr.uw.edu.pl\/","name":"Prace i Studia Geograficzne | Studies in Geography","description":"Prace i Studia Geograficzne s\u0105 recenzowanym czasopismem wydawanym przez Wydzia\u0142 Geografii i Studi\u00f3w Regionalnych Uniwersytetu Warszawskiego","potentialAction":[{"@type":"SearchAction","target":{"@type":"EntryPoint","urlTemplate":"https:\/\/pisg.wgsr.uw.edu.pl\/?s={search_term_string}"},"query-input":{"@type":"PropertyValueSpecification","valueRequired":true,"valueName":"search_term_string"}}],"inLanguage":"pl-PL"}]}},"_links":{"self":[{"href":"https:\/\/pisg.wgsr.uw.edu.pl\/index.php?rest_route=\/wp\/v2\/pages\/4238","targetHints":{"allow":["GET"]}}],"collection":[{"href":"https:\/\/pisg.wgsr.uw.edu.pl\/index.php?rest_route=\/wp\/v2\/pages"}],"about":[{"href":"https:\/\/pisg.wgsr.uw.edu.pl\/index.php?rest_route=\/wp\/v2\/types\/page"}],"author":[{"embeddable":true,"href":"https:\/\/pisg.wgsr.uw.edu.pl\/index.php?rest_route=\/wp\/v2\/users\/1"}],"replies":[{"embeddable":true,"href":"https:\/\/pisg.wgsr.uw.edu.pl\/index.php?rest_route=%2Fwp%2Fv2%2Fcomments&post=4238"}],"version-history":[{"count":1,"href":"https:\/\/pisg.wgsr.uw.edu.pl\/index.php?rest_route=\/wp\/v2\/pages\/4238\/revisions"}],"predecessor-version":[{"id":4239,"href":"https:\/\/pisg.wgsr.uw.edu.pl\/index.php?rest_route=\/wp\/v2\/pages\/4238\/revisions\/4239"}],"up":[{"embeddable":true,"href":"https:\/\/pisg.wgsr.uw.edu.pl\/index.php?rest_route=\/wp\/v2\/pages\/97"}],"wp:attachment":[{"href":"https:\/\/pisg.wgsr.uw.edu.pl\/index.php?rest_route=%2Fwp%2Fv2%2Fmedia&parent=4238"}],"curies":[{"name":"wp","href":"https:\/\/api.w.org\/{rel}","templated":true}]}}