{"id":4363,"date":"2025-10-21T13:23:38","date_gmt":"2025-10-21T13:23:38","guid":{"rendered":"https:\/\/pisg.wgsr.uw.edu.pl\/?page_id=4363"},"modified":"2025-10-21T13:23:38","modified_gmt":"2025-10-21T13:23:38","slug":"tom-39-volume-39-dylematy-nauczania-geografii-polski-red-florian-plit-2008","status":"publish","type":"page","link":"https:\/\/pisg.wgsr.uw.edu.pl\/?page_id=4363","title":{"rendered":"Tom 39 [Volume 39]   Dylematy nauczania geografii Polski, red. Florian Plit, 2008"},"content":{"rendered":"<p><span style=\"color: #000000;\"><strong>Florian PLIT\u00a0<\/strong>\u00a0<span style=\"font-size: 12pt;\">Dylmaty nauczania geografii Polski, The dilemmas of teaching the geography of\u00a0<\/span><\/span><span style=\"font-size: 12pt; color: #000000;\">Poland<\/span><\/p>\n<p><strong>Maria ADAMCZEWSKA, El\u017cbieta SZKUR\u0141AT<\/strong>\u00a0Zwi\u0105zki pomi\u0119dzy wiedz\u0105 o Polsce i regionie a postaw\u0105 m\u0142odzie\u017cy, Relationships between knowledge about Poland and the region and the attitudes of young people<\/p>\n<p><strong>Joanna ANGIEL<\/strong>\u00a0Rzeka Wis\u0142a w szkolnej edukacji geograficznej &#8211; fakty i refleksje, The Vistula River in teaching geography &#8211; facts and reflections<\/p>\n<p><strong>Alina AWRAMIUK<\/strong>\u00a0Pogranicze kulturowe w nauczaniu geografii Polski, The cultural frontiers in teaching the geography of Poland<\/p>\n<p><strong>Ma\u0142gorzata CICHO\u0143, Irena DYBSKA-JAK\u00d3BKIEWICZ<\/strong>\u00a0Koncepcja nauczania o w\u0142asnym regionie w przestrzeni miejskiej, The concept of teaching about one&#8217;s own region in the urban area<\/p>\n<p><strong>Ma\u0142gorzata CICHO\u0143, Ma\u0142gorzata ROSIK<\/strong>\u00a0Identyfikacja ucznia z problemami najbli\u017cszego otoczenia a kszta\u0142towanie postawy proekologicznej na lekcjach geografii, Identification of pupils with the issues of their closest surroundings and forming pro-ecological attitudes in geography lessons<\/p>\n<p><strong>Barbara DZI\u0118CIO\u0141-KURCZOBA<\/strong>\u00a0Konkurs wiedzy o Polsce &#8222;Znaszli sw\u00f3j kraj&#8221; jako forma propagowania patriotyzmu, Contest &#8222;Do you know Poland &#8211; your country&#8221; as a form of popularising patriotism<\/p>\n<p><strong>Agata K. MARKOWSKA<\/strong>\u00a0Miasto jako obszar mozliwy do wykorzystania w nauczaniu geografii Polski, The city as an area which can be used in teaching the geography of Poland<\/p>\n<p><strong>Miros\u0142aw MULARCZYK<\/strong>\u00a0Wychowanie patriotyczne na lekcjach geografii, Patriotic education in geography lessons<\/p>\n<p><strong>Gra\u017cyna OSOWSKA<\/strong>\u00a0Rola wycieczek &#8211; lekcji w terenie w procesie nauczania i uczenia geografii Polski w liceum w \u015bwietle bada\u0144 ankietowych, The role of school trips-lessons in open areas in teaching the geography of Poland in secondary schools in the light of surveys<\/p>\n<p><strong>Beata PASTERNAK<\/strong>\u00a0Dziedzictwo kulturowe Polski w nauczaniu przyrody, The cultural heritage of Poland in teaching about nature<\/p>\n<p><strong>Iwona PIOTROWSKA<\/strong>\u00a0Jak naucza\u0107 i zaineterowa\u0107 geografi\u0105 Polski wykorzystuj\u0105c metod\u0119 posteru, How to teach and interest pupils in the geography of Poland using the poster method<\/p>\n<p><strong>Florian PLIT<\/strong>\u00a0Jasne scenariusze w nauczaniu geografii Polski, Clear lesson scripts in teaching the geography of Poland<\/p>\n<p><strong>Zbigniew PODG\u00d3RSKI<\/strong>\u00a0Nauczanie geografii kraju ojczystego w Polsce po wej\u015bciu do Unii Europejskiej, Teaching the geography of Poland after EU accession<\/p>\n<p><strong>Joanna SZCZ\u0118SNA<\/strong>\u00a0Nauczanie geografii Polski w procesie kszta\u0142towania to\u017csamo\u015bci terytorialnej, Teaching the geography of Poland in the process of territorial identity formation<\/p>\n<p><strong>Bo\u017cena W\u00d3JTOWICZ, Gra\u017cyna BARWINEK<\/strong>\u00a0Tresci wychowawcze w nauczaniu geografii Polski, Educational contents in teaching the geography of Poland<\/p>\n<p><strong>Bo\u017cena W\u00d3JTOWICZ, Gra\u017cyna BARWINEK<\/strong>\u00a0Problemy i trudno\u015bci w nauczaniu geografii Polski w \u015bwietle wypowiedzi nauczycieli tego przedmiotu z wojew\u00f3dztwa \u015bwi\u0119tokrzyskiego, Problems and difficulties in teaching the geography of Poland from the point of view of geography teachers in the \u015awi\u0119tokrzyskie region<\/p>\n","protected":false},"excerpt":{"rendered":"<p>Florian PLIT\u00a0\u00a0Dylmaty nauczania geografii Polski, The dilemmas of teaching the geography of\u00a0Poland Maria ADAMCZEWSKA, El\u017cbieta SZKUR\u0141AT\u00a0Zwi\u0105zki pomi\u0119dzy wiedz\u0105 o Polsce i regionie a postaw\u0105 m\u0142odzie\u017cy, Relationships between knowledge about Poland and the region and the attitudes of young people Joanna ANGIEL\u00a0Rzeka Wis\u0142a w szkolnej edukacji geograficznej &#8211; fakty i refleksje, The Vistula River in teaching [&hellip;]<\/p>\n","protected":false},"author":1,"featured_media":0,"parent":97,"menu_order":0,"comment_status":"closed","ping_status":"closed","template":"","meta":{"_monsterinsights_skip_tracking":false,"_monsterinsights_sitenote_active":false,"_monsterinsights_sitenote_note":"","_monsterinsights_sitenote_category":0,"footnotes":""},"class_list":["post-4363","page","type-page","status-publish","hentry","post"],"yoast_head":"<!-- This site is optimized with the Yoast SEO plugin v27.5 - https:\/\/yoast.com\/product\/yoast-seo-wordpress\/ -->\n<title>Tom 39 [Volume 39]  Dylematy nauczania geografii Polski, red. Florian Plit, 2008 - Prace i Studia Geograficzne | Studies in Geography<\/title>\n<meta name=\"robots\" content=\"index, follow, max-snippet:-1, max-image-preview:large, max-video-preview:-1\" \/>\n<link rel=\"canonical\" href=\"https:\/\/pisg.wgsr.uw.edu.pl\/?page_id=4363\" \/>\n<meta property=\"og:locale\" content=\"pl_PL\" \/>\n<meta property=\"og:type\" content=\"article\" \/>\n<meta property=\"og:title\" content=\"Tom 39 [Volume 39]  Dylematy nauczania geografii Polski, red. Florian Plit, 2008 - Prace i Studia Geograficzne | Studies in Geography\" \/>\n<meta property=\"og:description\" content=\"Florian PLIT\u00a0\u00a0Dylmaty nauczania geografii Polski, The dilemmas of teaching the geography of\u00a0Poland Maria ADAMCZEWSKA, El\u017cbieta SZKUR\u0141AT\u00a0Zwi\u0105zki pomi\u0119dzy wiedz\u0105 o Polsce i regionie a postaw\u0105 m\u0142odzie\u017cy, Relationships between knowledge about Poland and the region and the attitudes of young people Joanna ANGIEL\u00a0Rzeka Wis\u0142a w szkolnej edukacji geograficznej &#8211; fakty i refleksje, The Vistula River in teaching [&hellip;]\" \/>\n<meta property=\"og:url\" content=\"https:\/\/pisg.wgsr.uw.edu.pl\/?page_id=4363\" \/>\n<meta property=\"og:site_name\" content=\"Prace i Studia Geograficzne | Studies in Geography\" \/>\n<meta name=\"twitter:card\" content=\"summary_large_image\" \/>\n<script type=\"application\/ld+json\" class=\"yoast-schema-graph\">{\"@context\":\"https:\\\/\\\/schema.org\",\"@graph\":[{\"@type\":\"WebPage\",\"@id\":\"https:\\\/\\\/pisg.wgsr.uw.edu.pl\\\/?page_id=4363\",\"url\":\"https:\\\/\\\/pisg.wgsr.uw.edu.pl\\\/?page_id=4363\",\"name\":\"Tom 39 [Volume 39] Dylematy nauczania geografii Polski, red. Florian Plit, 2008 - Prace i Studia Geograficzne | Studies in Geography\",\"isPartOf\":{\"@id\":\"https:\\\/\\\/pisg.wgsr.uw.edu.pl\\\/#website\"},\"datePublished\":\"2025-10-21T13:23:38+00:00\",\"breadcrumb\":{\"@id\":\"https:\\\/\\\/pisg.wgsr.uw.edu.pl\\\/?page_id=4363#breadcrumb\"},\"inLanguage\":\"pl-PL\",\"potentialAction\":[{\"@type\":\"ReadAction\",\"target\":[\"https:\\\/\\\/pisg.wgsr.uw.edu.pl\\\/?page_id=4363\"]}]},{\"@type\":\"BreadcrumbList\",\"@id\":\"https:\\\/\\\/pisg.wgsr.uw.edu.pl\\\/?page_id=4363#breadcrumb\",\"itemListElement\":[{\"@type\":\"ListItem\",\"position\":1,\"name\":\"Strona g\u0142\u00f3wna\",\"item\":\"https:\\\/\\\/pisg.wgsr.uw.edu.pl\\\/\"},{\"@type\":\"ListItem\",\"position\":2,\"name\":\"Tomy\",\"item\":\"https:\\\/\\\/pisg.wgsr.uw.edu.pl\\\/?page_id=97\"},{\"@type\":\"ListItem\",\"position\":3,\"name\":\"Tom 39 [Volume 39] Dylematy nauczania geografii Polski, red. Florian Plit, 2008\"}]},{\"@type\":\"WebSite\",\"@id\":\"https:\\\/\\\/pisg.wgsr.uw.edu.pl\\\/#website\",\"url\":\"https:\\\/\\\/pisg.wgsr.uw.edu.pl\\\/\",\"name\":\"Prace i Studia Geograficzne | Studies in Geography\",\"description\":\"Prace i Studia Geograficzne s\u0105 recenzowanym czasopismem wydawanym przez Wydzia\u0142 Geografii i Studi\u00f3w Regionalnych Uniwersytetu Warszawskiego\",\"potentialAction\":[{\"@type\":\"SearchAction\",\"target\":{\"@type\":\"EntryPoint\",\"urlTemplate\":\"https:\\\/\\\/pisg.wgsr.uw.edu.pl\\\/?s={search_term_string}\"},\"query-input\":{\"@type\":\"PropertyValueSpecification\",\"valueRequired\":true,\"valueName\":\"search_term_string\"}}],\"inLanguage\":\"pl-PL\"}]}<\/script>\n<!-- \/ Yoast SEO plugin. -->","yoast_head_json":{"title":"Tom 39 [Volume 39]  Dylematy nauczania geografii Polski, red. Florian Plit, 2008 - Prace i Studia Geograficzne | Studies in Geography","robots":{"index":"index","follow":"follow","max-snippet":"max-snippet:-1","max-image-preview":"max-image-preview:large","max-video-preview":"max-video-preview:-1"},"canonical":"https:\/\/pisg.wgsr.uw.edu.pl\/?page_id=4363","og_locale":"pl_PL","og_type":"article","og_title":"Tom 39 [Volume 39]  Dylematy nauczania geografii Polski, red. Florian Plit, 2008 - Prace i Studia Geograficzne | Studies in Geography","og_description":"Florian PLIT\u00a0\u00a0Dylmaty nauczania geografii Polski, The dilemmas of teaching the geography of\u00a0Poland Maria ADAMCZEWSKA, El\u017cbieta SZKUR\u0141AT\u00a0Zwi\u0105zki pomi\u0119dzy wiedz\u0105 o Polsce i regionie a postaw\u0105 m\u0142odzie\u017cy, Relationships between knowledge about Poland and the region and the attitudes of young people Joanna ANGIEL\u00a0Rzeka Wis\u0142a w szkolnej edukacji geograficznej &#8211; fakty i refleksje, The Vistula River in teaching [&hellip;]","og_url":"https:\/\/pisg.wgsr.uw.edu.pl\/?page_id=4363","og_site_name":"Prace i Studia Geograficzne | Studies in Geography","twitter_card":"summary_large_image","schema":{"@context":"https:\/\/schema.org","@graph":[{"@type":"WebPage","@id":"https:\/\/pisg.wgsr.uw.edu.pl\/?page_id=4363","url":"https:\/\/pisg.wgsr.uw.edu.pl\/?page_id=4363","name":"Tom 39 [Volume 39] Dylematy nauczania geografii Polski, red. Florian Plit, 2008 - Prace i Studia Geograficzne | Studies in Geography","isPartOf":{"@id":"https:\/\/pisg.wgsr.uw.edu.pl\/#website"},"datePublished":"2025-10-21T13:23:38+00:00","breadcrumb":{"@id":"https:\/\/pisg.wgsr.uw.edu.pl\/?page_id=4363#breadcrumb"},"inLanguage":"pl-PL","potentialAction":[{"@type":"ReadAction","target":["https:\/\/pisg.wgsr.uw.edu.pl\/?page_id=4363"]}]},{"@type":"BreadcrumbList","@id":"https:\/\/pisg.wgsr.uw.edu.pl\/?page_id=4363#breadcrumb","itemListElement":[{"@type":"ListItem","position":1,"name":"Strona g\u0142\u00f3wna","item":"https:\/\/pisg.wgsr.uw.edu.pl\/"},{"@type":"ListItem","position":2,"name":"Tomy","item":"https:\/\/pisg.wgsr.uw.edu.pl\/?page_id=97"},{"@type":"ListItem","position":3,"name":"Tom 39 [Volume 39] Dylematy nauczania geografii Polski, red. Florian Plit, 2008"}]},{"@type":"WebSite","@id":"https:\/\/pisg.wgsr.uw.edu.pl\/#website","url":"https:\/\/pisg.wgsr.uw.edu.pl\/","name":"Prace i Studia Geograficzne | Studies in Geography","description":"Prace i Studia Geograficzne s\u0105 recenzowanym czasopismem wydawanym przez Wydzia\u0142 Geografii i Studi\u00f3w Regionalnych Uniwersytetu Warszawskiego","potentialAction":[{"@type":"SearchAction","target":{"@type":"EntryPoint","urlTemplate":"https:\/\/pisg.wgsr.uw.edu.pl\/?s={search_term_string}"},"query-input":{"@type":"PropertyValueSpecification","valueRequired":true,"valueName":"search_term_string"}}],"inLanguage":"pl-PL"}]}},"_links":{"self":[{"href":"https:\/\/pisg.wgsr.uw.edu.pl\/index.php?rest_route=\/wp\/v2\/pages\/4363","targetHints":{"allow":["GET"]}}],"collection":[{"href":"https:\/\/pisg.wgsr.uw.edu.pl\/index.php?rest_route=\/wp\/v2\/pages"}],"about":[{"href":"https:\/\/pisg.wgsr.uw.edu.pl\/index.php?rest_route=\/wp\/v2\/types\/page"}],"author":[{"embeddable":true,"href":"https:\/\/pisg.wgsr.uw.edu.pl\/index.php?rest_route=\/wp\/v2\/users\/1"}],"replies":[{"embeddable":true,"href":"https:\/\/pisg.wgsr.uw.edu.pl\/index.php?rest_route=%2Fwp%2Fv2%2Fcomments&post=4363"}],"version-history":[{"count":1,"href":"https:\/\/pisg.wgsr.uw.edu.pl\/index.php?rest_route=\/wp\/v2\/pages\/4363\/revisions"}],"predecessor-version":[{"id":4364,"href":"https:\/\/pisg.wgsr.uw.edu.pl\/index.php?rest_route=\/wp\/v2\/pages\/4363\/revisions\/4364"}],"up":[{"embeddable":true,"href":"https:\/\/pisg.wgsr.uw.edu.pl\/index.php?rest_route=\/wp\/v2\/pages\/97"}],"wp:attachment":[{"href":"https:\/\/pisg.wgsr.uw.edu.pl\/index.php?rest_route=%2Fwp%2Fv2%2Fmedia&parent=4363"}],"curies":[{"name":"wp","href":"https:\/\/api.w.org\/{rel}","templated":true}]}}