{"id":4389,"date":"2025-10-21T13:43:44","date_gmt":"2025-10-21T13:43:44","guid":{"rendered":"https:\/\/pisg.wgsr.uw.edu.pl\/?page_id=4389"},"modified":"2025-10-21T13:47:47","modified_gmt":"2025-10-21T13:47:47","slug":"tom-35-volume-35-zmiany-przestrzenne-i-funkcjonalne-obszarow-miejskich-red-andrzej-lisowski-2005","status":"publish","type":"page","link":"https:\/\/pisg.wgsr.uw.edu.pl\/?page_id=4389","title":{"rendered":"Tom 35 [Volume 35]   Zmiany przestrzenne i funkcjonalne obszar\u00f3w miejskich, red. Andrzej Lisowski, 2005"},"content":{"rendered":"<p><strong>Andrzej LISOWSKI<\/strong>\u00a0<a href=\"https:\/\/pisg.wgsr.uw.edu.pl\/wp-content\/uploads\/pisg\/T.35\/Wprowadzenie1.pdf\">Wprowadzenie<\/a><\/p>\n<p><strong>Andrzej LISOWSKI<\/strong>\u00a0<a href=\"https:\/\/pisg.wgsr.uw.edu.pl\/wp-content\/uploads\/pisg\/T.35\/Lisowski_1.pdf\">Procesy centralizacji i decentralizacji w aglomeracji warszawskiej w latach 1950-2002. Centralization and decentralization processes in Warsaw Agglomeration 1950-2002.<\/a><\/p>\n<p><strong>Pawe\u0142 SWIANIEWICZ, Urszula KLIMSKA<\/strong>\u00a0<a href=\"https:\/\/pisg.wgsr.uw.edu.pl\/wp-content\/uploads\/pisg\/T.35\/Swianiewicz_1a.pdf\">Spo\u0142eczne i polityczne zr\u00f3\u017cnicowanie aglomeracji w Polsce \u2013 waniliowe centrum, mozaika przedmie\u015b\u0107. Social and Political Differentiation of Polish Urban Agglomerations \u2013 Vanilla Centre, Suburban Mosaic<\/a>.<\/p>\n<p><strong>Miros\u0142aw GROCHOWSKI<\/strong>\u00a0<a href=\"https:\/\/pisg.wgsr.uw.edu.pl\/wp-content\/uploads\/pisg\/T.35\/Grochowski_1a.pdf\">Polityka miejska a kszta\u0142towanie struktury przestrzennej miasta metropolitalnego (przypadek Warszawy). Urban policy and the formation of spatial structure of metropolitan city (the case of Warsaw).<\/a><\/p>\n<p><strong>Marek PIENI\u0104\u017bEK<\/strong>\u00a0<a href=\"https:\/\/pisg.wgsr.uw.edu.pl\/wp-content\/uploads\/pisg\/T.35\/Pieniazek_1a.pdf\">Wp\u0142yw ruchu budowlanego na przkeszta\u0142cenia struktur przestrzennych wybranych miast wojew\u00f3dztwa mazowieckiego. The impact of bulding development of the transformation of spatial structures in selected cities of mazowieckie voivodship.<\/a><\/p>\n<p><strong>Wojciech DZIEMIANOWICZ<\/strong>\u00a0<a href=\"https:\/\/pisg.wgsr.uw.edu.pl\/wp-content\/uploads\/pisg\/T.35\/Dziemianowicz_1.pdf\">Ranking atrakcyjno\u015bci inwestycyjnej miast Polski \u2013 refleksje po czterech edycjach bada\u0144. The ranking of investment attractiveness of Polish towns \u2013 reflection after four research editions.<\/a><\/p>\n<p><strong>Waldemar WILK<\/strong>\u00a0<a href=\"https:\/\/pisg.wgsr.uw.edu.pl\/wp-content\/uploads\/pisg\/T.35\/Wilk_1a.pdf\">Miejsce miast w sieciach handlowych \u2013 przyk\u0142ad Polski. The place of towns in retail networks \u2013 the case of Poland.<\/a>&gt;<\/p>\n<p><strong>Andrzej KOWALCZYK<\/strong>\u00a0<a href=\"https:\/\/pisg.wgsr.uw.edu.pl\/wp-content\/uploads\/pisg\/T.35\/Kowalczyk_1.pdf\">Nowe formy turystyki miejskiej. New forms of urban tourism.<\/a><\/p>\n<p><strong>Marta DEREK, Andrzej KOWALCZYK, Pawe\u0142 SWIANIEWICZ<\/strong>\u00a0\u00a0<a href=\"https:\/\/pisg.wgsr.uw.edu.pl\/wp-content\/uploads\/pisg\/T.35\/Kowalczyk-Derek_1.pdf\">Wp\u0142yw turystyki na sytuacj\u0119 finansow\u0105 i rozw\u00f3j miast w Polsce (na przyk\u0142adzie miast \u015bredniej wielko\u015bci). The impact of tourism\u2019on financial situation and development of Polish towns (the case of middle-sized towns).<\/a><\/p>\n<p><strong>Sebastian KRAHEL<\/strong>\u00a0\u00a0<a href=\"https:\/\/pisg.wgsr.uw.edu.pl\/wp-content\/uploads\/pisg\/T.35\/Krahel_1a.pdf\">Atrakcyjno\u015b\u0107 turystyczna Gi\u017cycka.Tourist attractiveness of Gi\u017cycko.<\/a><\/p>\n","protected":false},"excerpt":{"rendered":"<p>Andrzej LISOWSKI\u00a0Wprowadzenie Andrzej LISOWSKI\u00a0Procesy centralizacji i decentralizacji w aglomeracji warszawskiej w latach 1950-2002. Centralization and decentralization processes in Warsaw Agglomeration 1950-2002. Pawe\u0142 SWIANIEWICZ, Urszula KLIMSKA\u00a0Spo\u0142eczne i polityczne zr\u00f3\u017cnicowanie aglomeracji w Polsce \u2013 waniliowe centrum, mozaika przedmie\u015b\u0107. Social and Political Differentiation of Polish Urban Agglomerations \u2013 Vanilla Centre, Suburban Mosaic. Miros\u0142aw GROCHOWSKI\u00a0Polityka miejska a kszta\u0142towanie struktury [&hellip;]<\/p>\n","protected":false},"author":1,"featured_media":0,"parent":97,"menu_order":0,"comment_status":"closed","ping_status":"closed","template":"","meta":{"_monsterinsights_skip_tracking":false,"_monsterinsights_sitenote_active":false,"_monsterinsights_sitenote_note":"","_monsterinsights_sitenote_category":0,"footnotes":""},"class_list":["post-4389","page","type-page","status-publish","hentry","post"],"yoast_head":"<!-- This site is optimized with the Yoast SEO plugin v27.5 - https:\/\/yoast.com\/product\/yoast-seo-wordpress\/ -->\n<title>Tom 35 [Volume 35]  Zmiany przestrzenne i funkcjonalne obszar\u00f3w miejskich, red. Andrzej Lisowski, 2005 - Prace i Studia Geograficzne | Studies in Geography<\/title>\n<meta name=\"robots\" content=\"index, follow, max-snippet:-1, max-image-preview:large, max-video-preview:-1\" \/>\n<link rel=\"canonical\" href=\"https:\/\/pisg.wgsr.uw.edu.pl\/?page_id=4389\" \/>\n<meta property=\"og:locale\" content=\"pl_PL\" \/>\n<meta property=\"og:type\" content=\"article\" \/>\n<meta property=\"og:title\" content=\"Tom 35 [Volume 35]  Zmiany przestrzenne i funkcjonalne obszar\u00f3w miejskich, red. Andrzej Lisowski, 2005 - Prace i Studia Geograficzne | Studies in Geography\" \/>\n<meta property=\"og:description\" content=\"Andrzej LISOWSKI\u00a0Wprowadzenie Andrzej LISOWSKI\u00a0Procesy centralizacji i decentralizacji w aglomeracji warszawskiej w latach 1950-2002. Centralization and decentralization processes in Warsaw Agglomeration 1950-2002. Pawe\u0142 SWIANIEWICZ, Urszula KLIMSKA\u00a0Spo\u0142eczne i polityczne zr\u00f3\u017cnicowanie aglomeracji w Polsce \u2013 waniliowe centrum, mozaika przedmie\u015b\u0107. Social and Political Differentiation of Polish Urban Agglomerations \u2013 Vanilla Centre, Suburban Mosaic. Miros\u0142aw GROCHOWSKI\u00a0Polityka miejska a kszta\u0142towanie struktury [&hellip;]\" \/>\n<meta property=\"og:url\" content=\"https:\/\/pisg.wgsr.uw.edu.pl\/?page_id=4389\" \/>\n<meta property=\"og:site_name\" content=\"Prace i Studia Geograficzne | Studies in Geography\" \/>\n<meta property=\"article:modified_time\" content=\"2025-10-21T13:47:47+00:00\" \/>\n<meta name=\"twitter:card\" content=\"summary_large_image\" \/>\n<meta name=\"twitter:label1\" content=\"Szacowany czas czytania\" \/>\n\t<meta name=\"twitter:data1\" content=\"2 minuty\" \/>\n<script type=\"application\/ld+json\" class=\"yoast-schema-graph\">{\"@context\":\"https:\\\/\\\/schema.org\",\"@graph\":[{\"@type\":\"WebPage\",\"@id\":\"https:\\\/\\\/pisg.wgsr.uw.edu.pl\\\/?page_id=4389\",\"url\":\"https:\\\/\\\/pisg.wgsr.uw.edu.pl\\\/?page_id=4389\",\"name\":\"Tom 35 [Volume 35] Zmiany przestrzenne i funkcjonalne obszar\u00f3w miejskich, red. Andrzej Lisowski, 2005 - Prace i Studia Geograficzne | Studies in Geography\",\"isPartOf\":{\"@id\":\"https:\\\/\\\/pisg.wgsr.uw.edu.pl\\\/#website\"},\"datePublished\":\"2025-10-21T13:43:44+00:00\",\"dateModified\":\"2025-10-21T13:47:47+00:00\",\"breadcrumb\":{\"@id\":\"https:\\\/\\\/pisg.wgsr.uw.edu.pl\\\/?page_id=4389#breadcrumb\"},\"inLanguage\":\"pl-PL\",\"potentialAction\":[{\"@type\":\"ReadAction\",\"target\":[\"https:\\\/\\\/pisg.wgsr.uw.edu.pl\\\/?page_id=4389\"]}]},{\"@type\":\"BreadcrumbList\",\"@id\":\"https:\\\/\\\/pisg.wgsr.uw.edu.pl\\\/?page_id=4389#breadcrumb\",\"itemListElement\":[{\"@type\":\"ListItem\",\"position\":1,\"name\":\"Strona g\u0142\u00f3wna\",\"item\":\"https:\\\/\\\/pisg.wgsr.uw.edu.pl\\\/\"},{\"@type\":\"ListItem\",\"position\":2,\"name\":\"Tomy\",\"item\":\"https:\\\/\\\/pisg.wgsr.uw.edu.pl\\\/?page_id=97\"},{\"@type\":\"ListItem\",\"position\":3,\"name\":\"Tom 35 [Volume 35] Zmiany przestrzenne i funkcjonalne obszar\u00f3w miejskich, red. Andrzej Lisowski, 2005\"}]},{\"@type\":\"WebSite\",\"@id\":\"https:\\\/\\\/pisg.wgsr.uw.edu.pl\\\/#website\",\"url\":\"https:\\\/\\\/pisg.wgsr.uw.edu.pl\\\/\",\"name\":\"Prace i Studia Geograficzne | Studies in Geography\",\"description\":\"Prace i Studia Geograficzne s\u0105 recenzowanym czasopismem wydawanym przez Wydzia\u0142 Geografii i Studi\u00f3w Regionalnych Uniwersytetu Warszawskiego\",\"potentialAction\":[{\"@type\":\"SearchAction\",\"target\":{\"@type\":\"EntryPoint\",\"urlTemplate\":\"https:\\\/\\\/pisg.wgsr.uw.edu.pl\\\/?s={search_term_string}\"},\"query-input\":{\"@type\":\"PropertyValueSpecification\",\"valueRequired\":true,\"valueName\":\"search_term_string\"}}],\"inLanguage\":\"pl-PL\"}]}<\/script>\n<!-- \/ Yoast SEO plugin. -->","yoast_head_json":{"title":"Tom 35 [Volume 35]  Zmiany przestrzenne i funkcjonalne obszar\u00f3w miejskich, red. Andrzej Lisowski, 2005 - Prace i Studia Geograficzne | Studies in Geography","robots":{"index":"index","follow":"follow","max-snippet":"max-snippet:-1","max-image-preview":"max-image-preview:large","max-video-preview":"max-video-preview:-1"},"canonical":"https:\/\/pisg.wgsr.uw.edu.pl\/?page_id=4389","og_locale":"pl_PL","og_type":"article","og_title":"Tom 35 [Volume 35]  Zmiany przestrzenne i funkcjonalne obszar\u00f3w miejskich, red. Andrzej Lisowski, 2005 - Prace i Studia Geograficzne | Studies in Geography","og_description":"Andrzej LISOWSKI\u00a0Wprowadzenie Andrzej LISOWSKI\u00a0Procesy centralizacji i decentralizacji w aglomeracji warszawskiej w latach 1950-2002. Centralization and decentralization processes in Warsaw Agglomeration 1950-2002. Pawe\u0142 SWIANIEWICZ, Urszula KLIMSKA\u00a0Spo\u0142eczne i polityczne zr\u00f3\u017cnicowanie aglomeracji w Polsce \u2013 waniliowe centrum, mozaika przedmie\u015b\u0107. Social and Political Differentiation of Polish Urban Agglomerations \u2013 Vanilla Centre, Suburban Mosaic. Miros\u0142aw GROCHOWSKI\u00a0Polityka miejska a kszta\u0142towanie struktury [&hellip;]","og_url":"https:\/\/pisg.wgsr.uw.edu.pl\/?page_id=4389","og_site_name":"Prace i Studia Geograficzne | Studies in Geography","article_modified_time":"2025-10-21T13:47:47+00:00","twitter_card":"summary_large_image","twitter_misc":{"Szacowany czas czytania":"2 minuty"},"schema":{"@context":"https:\/\/schema.org","@graph":[{"@type":"WebPage","@id":"https:\/\/pisg.wgsr.uw.edu.pl\/?page_id=4389","url":"https:\/\/pisg.wgsr.uw.edu.pl\/?page_id=4389","name":"Tom 35 [Volume 35] Zmiany przestrzenne i funkcjonalne obszar\u00f3w miejskich, red. Andrzej Lisowski, 2005 - Prace i Studia Geograficzne | Studies in Geography","isPartOf":{"@id":"https:\/\/pisg.wgsr.uw.edu.pl\/#website"},"datePublished":"2025-10-21T13:43:44+00:00","dateModified":"2025-10-21T13:47:47+00:00","breadcrumb":{"@id":"https:\/\/pisg.wgsr.uw.edu.pl\/?page_id=4389#breadcrumb"},"inLanguage":"pl-PL","potentialAction":[{"@type":"ReadAction","target":["https:\/\/pisg.wgsr.uw.edu.pl\/?page_id=4389"]}]},{"@type":"BreadcrumbList","@id":"https:\/\/pisg.wgsr.uw.edu.pl\/?page_id=4389#breadcrumb","itemListElement":[{"@type":"ListItem","position":1,"name":"Strona g\u0142\u00f3wna","item":"https:\/\/pisg.wgsr.uw.edu.pl\/"},{"@type":"ListItem","position":2,"name":"Tomy","item":"https:\/\/pisg.wgsr.uw.edu.pl\/?page_id=97"},{"@type":"ListItem","position":3,"name":"Tom 35 [Volume 35] Zmiany przestrzenne i funkcjonalne obszar\u00f3w miejskich, red. Andrzej Lisowski, 2005"}]},{"@type":"WebSite","@id":"https:\/\/pisg.wgsr.uw.edu.pl\/#website","url":"https:\/\/pisg.wgsr.uw.edu.pl\/","name":"Prace i Studia Geograficzne | Studies in Geography","description":"Prace i Studia Geograficzne s\u0105 recenzowanym czasopismem wydawanym przez Wydzia\u0142 Geografii i Studi\u00f3w Regionalnych Uniwersytetu Warszawskiego","potentialAction":[{"@type":"SearchAction","target":{"@type":"EntryPoint","urlTemplate":"https:\/\/pisg.wgsr.uw.edu.pl\/?s={search_term_string}"},"query-input":{"@type":"PropertyValueSpecification","valueRequired":true,"valueName":"search_term_string"}}],"inLanguage":"pl-PL"}]}},"_links":{"self":[{"href":"https:\/\/pisg.wgsr.uw.edu.pl\/index.php?rest_route=\/wp\/v2\/pages\/4389","targetHints":{"allow":["GET"]}}],"collection":[{"href":"https:\/\/pisg.wgsr.uw.edu.pl\/index.php?rest_route=\/wp\/v2\/pages"}],"about":[{"href":"https:\/\/pisg.wgsr.uw.edu.pl\/index.php?rest_route=\/wp\/v2\/types\/page"}],"author":[{"embeddable":true,"href":"https:\/\/pisg.wgsr.uw.edu.pl\/index.php?rest_route=\/wp\/v2\/users\/1"}],"replies":[{"embeddable":true,"href":"https:\/\/pisg.wgsr.uw.edu.pl\/index.php?rest_route=%2Fwp%2Fv2%2Fcomments&post=4389"}],"version-history":[{"count":1,"href":"https:\/\/pisg.wgsr.uw.edu.pl\/index.php?rest_route=\/wp\/v2\/pages\/4389\/revisions"}],"predecessor-version":[{"id":4391,"href":"https:\/\/pisg.wgsr.uw.edu.pl\/index.php?rest_route=\/wp\/v2\/pages\/4389\/revisions\/4391"}],"up":[{"embeddable":true,"href":"https:\/\/pisg.wgsr.uw.edu.pl\/index.php?rest_route=\/wp\/v2\/pages\/97"}],"wp:attachment":[{"href":"https:\/\/pisg.wgsr.uw.edu.pl\/index.php?rest_route=%2Fwp%2Fv2%2Fmedia&parent=4389"}],"curies":[{"name":"wp","href":"https:\/\/api.w.org\/{rel}","templated":true}]}}