{"id":4468,"date":"2025-10-21T14:20:37","date_gmt":"2025-10-21T14:20:37","guid":{"rendered":"https:\/\/pisg.wgsr.uw.edu.pl\/?page_id=4468"},"modified":"2025-10-21T14:22:45","modified_gmt":"2025-10-21T14:22:45","slug":"tom-33-volume-33-cechy-teksturalne-osadow-stokowych-i-fluwialnych-red-ewa-smolska-piotr-szwarczewski-2003","status":"publish","type":"page","link":"https:\/\/pisg.wgsr.uw.edu.pl\/?page_id=4468","title":{"rendered":"Tom 33 [Volume 33]   Cechy teksturalne osad\u00f3w stokowych i fluwialnych, red. Ewa Smolska, Piotr Szwarczewski, 2003"},"content":{"rendered":"<p><strong>Ewa SMOLSKA, Piotr SZWARCZEWSKI<\/strong>\u00a0Przedmowa<\/p>\n<p><strong>El\u017cbieta KOBOJEK, S\u0142awomir KOBOJEK<\/strong>\u00a0Badania litologiczne osad\u00f3w stokowych okolic Cz\u0119stochowy (Wy\u017cyna Cz\u0119stochowska) i Raducza (Wysoczyzna Rawska). Lithologic investigation of slope deposits near Cz\u0119stochowa (Cz\u0119stochowa Upland) and Raducz (Rawa Plateu)<\/p>\n<p><strong>Juliusz TWARDY<\/strong>\u00a0Cechy sedymentologiczne neoholoce\u0144skich osad\u00f3w stokowych na Wy\u017cynie \u0141\u00d3dzkiej i ich warto\u015b\u0107 interpretacyjna. Sedimentologic properties of neoholocene slope deposits in the \u0141\u00f3d\u017a Region and their value for interpretation<\/p>\n<p><strong>Ewa SMOLSKA<\/strong>\u00a0Cechy deluwi\u00f3w na przyk\u0142adzie osad\u00f3w stokowych pag\u00f3rka w okolicy \u0141opuchowa na Pojezierzu Suwalskim. Sedimentological features of the colluvial deposits on the example of the slope cover deposits of the hillock in \u0141opuchowo area (Suwalskie Lakeland)<\/p>\n<p><strong>Anna OSTROWSKA, Zuzanna O\u015aWI\u0118CIMSKA-PIASKO, Ewa SMOLSKA<\/strong>\u00a0Cechy sedymentologiczne r\u00f3\u017cnowiekowych osad\u00f3w korytowych na przyk\u0142adzie doliny g\u00f3rnej Czarnej Ha\u0144czy (Pojezierze Suwalskie). Sedimentological features of various age river channel deposits on the example of the upper Czarna Ha\u0144cza valley (Suwalskie Lakeland)<\/p>\n<p><strong>Piotr SZWARCZEWSKI, Bartosz KORABIEWSKI<\/strong>\u00a0Wybrane geochemiczne cechy osad\u00f3w wype\u0142niaj\u0105cych starorzecza w dolinie dolnej Pilicy w okolicach Warki. Selected geochemical characteristics of deposits filling paleochannels (oxbow lakes) of the lower Pilica in the vicinity of Warka<\/p>\n<p><strong>Piotr SZWARCZEWSKI<\/strong>\u00a0Wybrane geochemiczne i teksturalne cechy osad\u00f3w w dolinie Utraty jako efekt dzia\u0142alno\u015bci cz\u0142owieka \u2013 wsp\u00f3\u0142czesnej i w przesz\u0142o\u015bci. Selected geochemical and textural characteristics of deposits in the Utrata valley as a result of past and contemporary anthropogenic activity<\/p>\n","protected":false},"excerpt":{"rendered":"<p>Ewa SMOLSKA, Piotr SZWARCZEWSKI\u00a0Przedmowa El\u017cbieta KOBOJEK, S\u0142awomir KOBOJEK\u00a0Badania litologiczne osad\u00f3w stokowych okolic Cz\u0119stochowy (Wy\u017cyna Cz\u0119stochowska) i Raducza (Wysoczyzna Rawska). Lithologic investigation of slope deposits near Cz\u0119stochowa (Cz\u0119stochowa Upland) and Raducz (Rawa Plateu) Juliusz TWARDY\u00a0Cechy sedymentologiczne neoholoce\u0144skich osad\u00f3w stokowych na Wy\u017cynie \u0141\u00d3dzkiej i ich warto\u015b\u0107 interpretacyjna. Sedimentologic properties of neoholocene slope deposits in the \u0141\u00f3d\u017a Region [&hellip;]<\/p>\n","protected":false},"author":1,"featured_media":0,"parent":97,"menu_order":0,"comment_status":"closed","ping_status":"closed","template":"","meta":{"_monsterinsights_skip_tracking":false,"_monsterinsights_sitenote_active":false,"_monsterinsights_sitenote_note":"","_monsterinsights_sitenote_category":0,"footnotes":""},"class_list":["post-4468","page","type-page","status-publish","hentry","post"],"yoast_head":"<!-- This site is optimized with the Yoast SEO plugin v27.5 - https:\/\/yoast.com\/product\/yoast-seo-wordpress\/ -->\n<title>Tom 33 [Volume 33]  Cechy teksturalne osad\u00f3w stokowych i fluwialnych, red. Ewa Smolska, Piotr Szwarczewski, 2003 - Prace i Studia Geograficzne | Studies in Geography<\/title>\n<meta name=\"robots\" content=\"index, follow, max-snippet:-1, max-image-preview:large, max-video-preview:-1\" \/>\n<link rel=\"canonical\" href=\"https:\/\/pisg.wgsr.uw.edu.pl\/?page_id=4468\" \/>\n<meta property=\"og:locale\" content=\"pl_PL\" \/>\n<meta property=\"og:type\" content=\"article\" \/>\n<meta property=\"og:title\" content=\"Tom 33 [Volume 33]  Cechy teksturalne osad\u00f3w stokowych i fluwialnych, red. Ewa Smolska, Piotr Szwarczewski, 2003 - Prace i Studia Geograficzne | Studies in Geography\" \/>\n<meta property=\"og:description\" content=\"Ewa SMOLSKA, Piotr SZWARCZEWSKI\u00a0Przedmowa El\u017cbieta KOBOJEK, S\u0142awomir KOBOJEK\u00a0Badania litologiczne osad\u00f3w stokowych okolic Cz\u0119stochowy (Wy\u017cyna Cz\u0119stochowska) i Raducza (Wysoczyzna Rawska). Lithologic investigation of slope deposits near Cz\u0119stochowa (Cz\u0119stochowa Upland) and Raducz (Rawa Plateu) Juliusz TWARDY\u00a0Cechy sedymentologiczne neoholoce\u0144skich osad\u00f3w stokowych na Wy\u017cynie \u0141\u00d3dzkiej i ich warto\u015b\u0107 interpretacyjna. Sedimentologic properties of neoholocene slope deposits in the \u0141\u00f3d\u017a Region [&hellip;]\" \/>\n<meta property=\"og:url\" content=\"https:\/\/pisg.wgsr.uw.edu.pl\/?page_id=4468\" \/>\n<meta property=\"og:site_name\" content=\"Prace i Studia Geograficzne | Studies in Geography\" \/>\n<meta property=\"article:modified_time\" content=\"2025-10-21T14:22:45+00:00\" \/>\n<meta name=\"twitter:card\" content=\"summary_large_image\" \/>\n<meta name=\"twitter:label1\" content=\"Szacowany czas czytania\" \/>\n\t<meta name=\"twitter:data1\" content=\"2 minuty\" \/>\n<script type=\"application\/ld+json\" class=\"yoast-schema-graph\">{\"@context\":\"https:\\\/\\\/schema.org\",\"@graph\":[{\"@type\":\"WebPage\",\"@id\":\"https:\\\/\\\/pisg.wgsr.uw.edu.pl\\\/?page_id=4468\",\"url\":\"https:\\\/\\\/pisg.wgsr.uw.edu.pl\\\/?page_id=4468\",\"name\":\"Tom 33 [Volume 33] Cechy teksturalne osad\u00f3w stokowych i fluwialnych, red. Ewa Smolska, Piotr Szwarczewski, 2003 - Prace i Studia Geograficzne | Studies in Geography\",\"isPartOf\":{\"@id\":\"https:\\\/\\\/pisg.wgsr.uw.edu.pl\\\/#website\"},\"datePublished\":\"2025-10-21T14:20:37+00:00\",\"dateModified\":\"2025-10-21T14:22:45+00:00\",\"breadcrumb\":{\"@id\":\"https:\\\/\\\/pisg.wgsr.uw.edu.pl\\\/?page_id=4468#breadcrumb\"},\"inLanguage\":\"pl-PL\",\"potentialAction\":[{\"@type\":\"ReadAction\",\"target\":[\"https:\\\/\\\/pisg.wgsr.uw.edu.pl\\\/?page_id=4468\"]}]},{\"@type\":\"BreadcrumbList\",\"@id\":\"https:\\\/\\\/pisg.wgsr.uw.edu.pl\\\/?page_id=4468#breadcrumb\",\"itemListElement\":[{\"@type\":\"ListItem\",\"position\":1,\"name\":\"Strona g\u0142\u00f3wna\",\"item\":\"https:\\\/\\\/pisg.wgsr.uw.edu.pl\\\/\"},{\"@type\":\"ListItem\",\"position\":2,\"name\":\"Tomy\",\"item\":\"https:\\\/\\\/pisg.wgsr.uw.edu.pl\\\/?page_id=97\"},{\"@type\":\"ListItem\",\"position\":3,\"name\":\"Tom 33 [Volume 33] Cechy teksturalne osad\u00f3w stokowych i fluwialnych, red. Ewa Smolska, Piotr Szwarczewski, 2003\"}]},{\"@type\":\"WebSite\",\"@id\":\"https:\\\/\\\/pisg.wgsr.uw.edu.pl\\\/#website\",\"url\":\"https:\\\/\\\/pisg.wgsr.uw.edu.pl\\\/\",\"name\":\"Prace i Studia Geograficzne | Studies in Geography\",\"description\":\"Prace i Studia Geograficzne s\u0105 recenzowanym czasopismem wydawanym przez Wydzia\u0142 Geografii i Studi\u00f3w Regionalnych Uniwersytetu Warszawskiego\",\"potentialAction\":[{\"@type\":\"SearchAction\",\"target\":{\"@type\":\"EntryPoint\",\"urlTemplate\":\"https:\\\/\\\/pisg.wgsr.uw.edu.pl\\\/?s={search_term_string}\"},\"query-input\":{\"@type\":\"PropertyValueSpecification\",\"valueRequired\":true,\"valueName\":\"search_term_string\"}}],\"inLanguage\":\"pl-PL\"}]}<\/script>\n<!-- \/ Yoast SEO plugin. -->","yoast_head_json":{"title":"Tom 33 [Volume 33]  Cechy teksturalne osad\u00f3w stokowych i fluwialnych, red. Ewa Smolska, Piotr Szwarczewski, 2003 - Prace i Studia Geograficzne | Studies in Geography","robots":{"index":"index","follow":"follow","max-snippet":"max-snippet:-1","max-image-preview":"max-image-preview:large","max-video-preview":"max-video-preview:-1"},"canonical":"https:\/\/pisg.wgsr.uw.edu.pl\/?page_id=4468","og_locale":"pl_PL","og_type":"article","og_title":"Tom 33 [Volume 33]  Cechy teksturalne osad\u00f3w stokowych i fluwialnych, red. Ewa Smolska, Piotr Szwarczewski, 2003 - Prace i Studia Geograficzne | Studies in Geography","og_description":"Ewa SMOLSKA, Piotr SZWARCZEWSKI\u00a0Przedmowa El\u017cbieta KOBOJEK, S\u0142awomir KOBOJEK\u00a0Badania litologiczne osad\u00f3w stokowych okolic Cz\u0119stochowy (Wy\u017cyna Cz\u0119stochowska) i Raducza (Wysoczyzna Rawska). Lithologic investigation of slope deposits near Cz\u0119stochowa (Cz\u0119stochowa Upland) and Raducz (Rawa Plateu) Juliusz TWARDY\u00a0Cechy sedymentologiczne neoholoce\u0144skich osad\u00f3w stokowych na Wy\u017cynie \u0141\u00d3dzkiej i ich warto\u015b\u0107 interpretacyjna. Sedimentologic properties of neoholocene slope deposits in the \u0141\u00f3d\u017a Region [&hellip;]","og_url":"https:\/\/pisg.wgsr.uw.edu.pl\/?page_id=4468","og_site_name":"Prace i Studia Geograficzne | Studies in Geography","article_modified_time":"2025-10-21T14:22:45+00:00","twitter_card":"summary_large_image","twitter_misc":{"Szacowany czas czytania":"2 minuty"},"schema":{"@context":"https:\/\/schema.org","@graph":[{"@type":"WebPage","@id":"https:\/\/pisg.wgsr.uw.edu.pl\/?page_id=4468","url":"https:\/\/pisg.wgsr.uw.edu.pl\/?page_id=4468","name":"Tom 33 [Volume 33] Cechy teksturalne osad\u00f3w stokowych i fluwialnych, red. Ewa Smolska, Piotr Szwarczewski, 2003 - Prace i Studia Geograficzne | Studies in Geography","isPartOf":{"@id":"https:\/\/pisg.wgsr.uw.edu.pl\/#website"},"datePublished":"2025-10-21T14:20:37+00:00","dateModified":"2025-10-21T14:22:45+00:00","breadcrumb":{"@id":"https:\/\/pisg.wgsr.uw.edu.pl\/?page_id=4468#breadcrumb"},"inLanguage":"pl-PL","potentialAction":[{"@type":"ReadAction","target":["https:\/\/pisg.wgsr.uw.edu.pl\/?page_id=4468"]}]},{"@type":"BreadcrumbList","@id":"https:\/\/pisg.wgsr.uw.edu.pl\/?page_id=4468#breadcrumb","itemListElement":[{"@type":"ListItem","position":1,"name":"Strona g\u0142\u00f3wna","item":"https:\/\/pisg.wgsr.uw.edu.pl\/"},{"@type":"ListItem","position":2,"name":"Tomy","item":"https:\/\/pisg.wgsr.uw.edu.pl\/?page_id=97"},{"@type":"ListItem","position":3,"name":"Tom 33 [Volume 33] Cechy teksturalne osad\u00f3w stokowych i fluwialnych, red. Ewa Smolska, Piotr Szwarczewski, 2003"}]},{"@type":"WebSite","@id":"https:\/\/pisg.wgsr.uw.edu.pl\/#website","url":"https:\/\/pisg.wgsr.uw.edu.pl\/","name":"Prace i Studia Geograficzne | Studies in Geography","description":"Prace i Studia Geograficzne s\u0105 recenzowanym czasopismem wydawanym przez Wydzia\u0142 Geografii i Studi\u00f3w Regionalnych Uniwersytetu Warszawskiego","potentialAction":[{"@type":"SearchAction","target":{"@type":"EntryPoint","urlTemplate":"https:\/\/pisg.wgsr.uw.edu.pl\/?s={search_term_string}"},"query-input":{"@type":"PropertyValueSpecification","valueRequired":true,"valueName":"search_term_string"}}],"inLanguage":"pl-PL"}]}},"_links":{"self":[{"href":"https:\/\/pisg.wgsr.uw.edu.pl\/index.php?rest_route=\/wp\/v2\/pages\/4468","targetHints":{"allow":["GET"]}}],"collection":[{"href":"https:\/\/pisg.wgsr.uw.edu.pl\/index.php?rest_route=\/wp\/v2\/pages"}],"about":[{"href":"https:\/\/pisg.wgsr.uw.edu.pl\/index.php?rest_route=\/wp\/v2\/types\/page"}],"author":[{"embeddable":true,"href":"https:\/\/pisg.wgsr.uw.edu.pl\/index.php?rest_route=\/wp\/v2\/users\/1"}],"replies":[{"embeddable":true,"href":"https:\/\/pisg.wgsr.uw.edu.pl\/index.php?rest_route=%2Fwp%2Fv2%2Fcomments&post=4468"}],"version-history":[{"count":1,"href":"https:\/\/pisg.wgsr.uw.edu.pl\/index.php?rest_route=\/wp\/v2\/pages\/4468\/revisions"}],"predecessor-version":[{"id":4469,"href":"https:\/\/pisg.wgsr.uw.edu.pl\/index.php?rest_route=\/wp\/v2\/pages\/4468\/revisions\/4469"}],"up":[{"embeddable":true,"href":"https:\/\/pisg.wgsr.uw.edu.pl\/index.php?rest_route=\/wp\/v2\/pages\/97"}],"wp:attachment":[{"href":"https:\/\/pisg.wgsr.uw.edu.pl\/index.php?rest_route=%2Fwp%2Fv2%2Fmedia&parent=4468"}],"curies":[{"name":"wp","href":"https:\/\/api.w.org\/{rel}","templated":true}]}}