{"id":525,"date":"2020-03-31T10:05:51","date_gmt":"2020-03-31T08:05:51","guid":{"rendered":"http:\/\/wgsr.uw.edu.pl\/pisg\/?page_id=525"},"modified":"2024-08-14T09:42:23","modified_gmt":"2024-08-14T09:42:23","slug":"tom-64-zeszyt-1-volume-64-issue-1-red-malgorzata-durydiwka-katarzyna-duda-gromada","status":"publish","type":"page","link":"https:\/\/pisg.wgsr.uw.edu.pl\/?page_id=525","title":{"rendered":"Tom 64, zeszyt 1 [Volume 64, Issue 1] \u2013 red. Ma\u0142gorzata Durydiwka, Katarzyna Duda-Gromada"},"content":{"rendered":"\r\n<p><a href=\"https:\/\/pisg.wgsr.uw.edu.pl\/wp-content\/uploads\/2024\/08\/0-PiSG_64.1-1.pdf\">Strony tytu\u0142owe i spis tre\u015bci<\/a><\/p>\r\n<p><strong>Marcin Wojciech SOLARZ, Rafa\u0142 KROCZAK<\/strong>\u00a0<a href=\"http:\/\/pisg.wgsr.uw.edu.pl\/\/?p=679\">Nazwy szczyt\u00f3w w g\u0142\u00f3wnym grzbiecie Pasma Brzanki na Pog\u00f3rzu Ci\u0119\u017ckowickim \/ The names of peaks in the main ridge of the Brzanka Mountain Range in the Ci\u0119\u017ckowickie Foothills<\/a><\/p>\r\n\r\n\r\n\r\n<p><strong>Tomasz KALICKI, Pawe\u0142 PRZEPI\u00d3RA, Piotr KUSZTAL\u00a0<\/strong>\u00a0<a href=\"http:\/\/pisg.wgsr.uw.edu.pl\/\/?p=684\">Antropogeniczne powodzie b\u0142yskawiczne na dw\u00f3ch wybranych rzekach \u015bwi\u0119tokrzyskich w XX w. \u2013 przyczyny i skutki \/ Anthropogenic flash floods on two selected rivers of Holy Cross Mts. region in 20th c. \u2013 origin and effects<\/a><\/p>\r\n\r\n\r\n\r\n<p><strong>Tomasz KARASIEWICZ, Aleksander ADAMCZYK, Justyna TRZCINSKA, Magdalena JANISZEWSKA, Barbara SZYDA<\/strong>\u00a0<a href=\"http:\/\/pisg.wgsr.uw.edu.pl\/\/?p=689\">Zmiany u\u017cytkowania ziemi i pokrycia terenu Kwidzyna od ko\u0144ca XIX do pocz\u0105tku XXI wieku na podstawie analizy materia\u0142\u00f3w kartograficznych \/ Changes in the land use and land cover of Kwidzyn from the end of the 19th to the beginning of the 21st century based on the analysis of cartographic materials<\/a><\/p>\r\n\r\n\r\n\r\n<p><strong>Andrzej STASIAK<\/strong>\u00a0<a href=\"http:\/\/pisg.wgsr.uw.edu.pl\/\/?p=698\">Przestrze\u0144 turystyczna jako przestrze\u0144 do\u015bwiadcze\u0144 \/ Tourist space as an experiencescape<\/a><\/p>\r\n\r\n\r\n\r\n<p><strong>Henryk BANASZUK<\/strong>\u00a0<a href=\"http:\/\/pisg.wgsr.uw.edu.pl\/\/?p=703\">Problemy morfogenezy glacjalnej Niziny P\u00f3\u0142nocnopodlaskiej \/ Problems of glacial morphogenesis of North Podlasie Lowlands<\/a><\/p>\r\n\r\n\r\n\r\n<p>(data publikacji online: 01.02.2019)<\/p>\r\n","protected":false},"excerpt":{"rendered":"<p>Strony tytu\u0142owe i spis tre\u015bci Marcin Wojciech SOLARZ, Rafa\u0142 KROCZAK\u00a0Nazwy szczyt\u00f3w w g\u0142\u00f3wnym grzbiecie Pasma Brzanki na Pog\u00f3rzu Ci\u0119\u017ckowickim \/ The names of peaks in the main ridge of the Brzanka Mountain Range in the Ci\u0119\u017ckowickie Foothills Tomasz KALICKI, Pawe\u0142 PRZEPI\u00d3RA, Piotr KUSZTAL\u00a0\u00a0Antropogeniczne powodzie b\u0142yskawiczne na dw\u00f3ch wybranych rzekach \u015bwi\u0119tokrzyskich w XX w. \u2013 przyczyny [&hellip;]<\/p>\n","protected":false},"author":2,"featured_media":0,"parent":97,"menu_order":4,"comment_status":"closed","ping_status":"closed","template":"","meta":{"_monsterinsights_skip_tracking":false,"_monsterinsights_sitenote_active":false,"_monsterinsights_sitenote_note":"","_monsterinsights_sitenote_category":0,"footnotes":""},"class_list":["post-525","page","type-page","status-publish","hentry","post"],"yoast_head":"<!-- This site is optimized with the Yoast SEO plugin v27.4 - https:\/\/yoast.com\/product\/yoast-seo-wordpress\/ -->\n<title>Tom 64, zeszyt 1 [Volume 64, Issue 1] \u2013 red. Ma\u0142gorzata Durydiwka, Katarzyna Duda-Gromada - Prace i Studia Geograficzne | Studies in Geography<\/title>\n<meta name=\"robots\" content=\"index, follow, max-snippet:-1, max-image-preview:large, max-video-preview:-1\" \/>\n<link rel=\"canonical\" href=\"https:\/\/pisg.wgsr.uw.edu.pl\/?page_id=525\" \/>\n<meta property=\"og:locale\" content=\"pl_PL\" \/>\n<meta property=\"og:type\" content=\"article\" \/>\n<meta property=\"og:title\" content=\"Tom 64, zeszyt 1 [Volume 64, Issue 1] \u2013 red. Ma\u0142gorzata Durydiwka, Katarzyna Duda-Gromada - Prace i Studia Geograficzne | Studies in Geography\" \/>\n<meta property=\"og:description\" content=\"Strony tytu\u0142owe i spis tre\u015bci Marcin Wojciech SOLARZ, Rafa\u0142 KROCZAK\u00a0Nazwy szczyt\u00f3w w g\u0142\u00f3wnym grzbiecie Pasma Brzanki na Pog\u00f3rzu Ci\u0119\u017ckowickim \/ The names of peaks in the main ridge of the Brzanka Mountain Range in the Ci\u0119\u017ckowickie Foothills Tomasz KALICKI, Pawe\u0142 PRZEPI\u00d3RA, Piotr KUSZTAL\u00a0\u00a0Antropogeniczne powodzie b\u0142yskawiczne na dw\u00f3ch wybranych rzekach \u015bwi\u0119tokrzyskich w XX w. \u2013 przyczyny [&hellip;]\" \/>\n<meta property=\"og:url\" content=\"https:\/\/pisg.wgsr.uw.edu.pl\/?page_id=525\" \/>\n<meta property=\"og:site_name\" content=\"Prace i Studia Geograficzne | Studies in Geography\" \/>\n<meta property=\"article:modified_time\" content=\"2024-08-14T09:42:23+00:00\" \/>\n<meta name=\"twitter:card\" content=\"summary_large_image\" \/>\n<meta name=\"twitter:label1\" content=\"Szacowany czas czytania\" \/>\n\t<meta name=\"twitter:data1\" content=\"2 minuty\" \/>\n<script type=\"application\/ld+json\" class=\"yoast-schema-graph\">{\"@context\":\"https:\\\/\\\/schema.org\",\"@graph\":[{\"@type\":\"WebPage\",\"@id\":\"https:\\\/\\\/pisg.wgsr.uw.edu.pl\\\/?page_id=525\",\"url\":\"https:\\\/\\\/pisg.wgsr.uw.edu.pl\\\/?page_id=525\",\"name\":\"Tom 64, zeszyt 1 [Volume 64, Issue 1] \u2013 red. Ma\u0142gorzata Durydiwka, Katarzyna Duda-Gromada - Prace i Studia Geograficzne | Studies in Geography\",\"isPartOf\":{\"@id\":\"https:\\\/\\\/pisg.wgsr.uw.edu.pl\\\/#website\"},\"datePublished\":\"2020-03-31T08:05:51+00:00\",\"dateModified\":\"2024-08-14T09:42:23+00:00\",\"breadcrumb\":{\"@id\":\"https:\\\/\\\/pisg.wgsr.uw.edu.pl\\\/?page_id=525#breadcrumb\"},\"inLanguage\":\"pl-PL\",\"potentialAction\":[{\"@type\":\"ReadAction\",\"target\":[\"https:\\\/\\\/pisg.wgsr.uw.edu.pl\\\/?page_id=525\"]}]},{\"@type\":\"BreadcrumbList\",\"@id\":\"https:\\\/\\\/pisg.wgsr.uw.edu.pl\\\/?page_id=525#breadcrumb\",\"itemListElement\":[{\"@type\":\"ListItem\",\"position\":1,\"name\":\"Strona g\u0142\u00f3wna\",\"item\":\"https:\\\/\\\/pisg.wgsr.uw.edu.pl\\\/\"},{\"@type\":\"ListItem\",\"position\":2,\"name\":\"Tomy\",\"item\":\"https:\\\/\\\/pisg.wgsr.uw.edu.pl\\\/?page_id=97\"},{\"@type\":\"ListItem\",\"position\":3,\"name\":\"Tom 64, zeszyt 1 [Volume 64, Issue 1] \u2013 red. Ma\u0142gorzata Durydiwka, Katarzyna Duda-Gromada\"}]},{\"@type\":\"WebSite\",\"@id\":\"https:\\\/\\\/pisg.wgsr.uw.edu.pl\\\/#website\",\"url\":\"https:\\\/\\\/pisg.wgsr.uw.edu.pl\\\/\",\"name\":\"Prace i Studia Geograficzne | Studies in Geography\",\"description\":\"Prace i Studia Geograficzne s\u0105 recenzowanym czasopismem wydawanym przez Wydzia\u0142 Geografii i Studi\u00f3w Regionalnych Uniwersytetu Warszawskiego\",\"potentialAction\":[{\"@type\":\"SearchAction\",\"target\":{\"@type\":\"EntryPoint\",\"urlTemplate\":\"https:\\\/\\\/pisg.wgsr.uw.edu.pl\\\/?s={search_term_string}\"},\"query-input\":{\"@type\":\"PropertyValueSpecification\",\"valueRequired\":true,\"valueName\":\"search_term_string\"}}],\"inLanguage\":\"pl-PL\"}]}<\/script>\n<!-- \/ Yoast SEO plugin. -->","yoast_head_json":{"title":"Tom 64, zeszyt 1 [Volume 64, Issue 1] \u2013 red. Ma\u0142gorzata Durydiwka, Katarzyna Duda-Gromada - Prace i Studia Geograficzne | Studies in Geography","robots":{"index":"index","follow":"follow","max-snippet":"max-snippet:-1","max-image-preview":"max-image-preview:large","max-video-preview":"max-video-preview:-1"},"canonical":"https:\/\/pisg.wgsr.uw.edu.pl\/?page_id=525","og_locale":"pl_PL","og_type":"article","og_title":"Tom 64, zeszyt 1 [Volume 64, Issue 1] \u2013 red. Ma\u0142gorzata Durydiwka, Katarzyna Duda-Gromada - Prace i Studia Geograficzne | Studies in Geography","og_description":"Strony tytu\u0142owe i spis tre\u015bci Marcin Wojciech SOLARZ, Rafa\u0142 KROCZAK\u00a0Nazwy szczyt\u00f3w w g\u0142\u00f3wnym grzbiecie Pasma Brzanki na Pog\u00f3rzu Ci\u0119\u017ckowickim \/ The names of peaks in the main ridge of the Brzanka Mountain Range in the Ci\u0119\u017ckowickie Foothills Tomasz KALICKI, Pawe\u0142 PRZEPI\u00d3RA, Piotr KUSZTAL\u00a0\u00a0Antropogeniczne powodzie b\u0142yskawiczne na dw\u00f3ch wybranych rzekach \u015bwi\u0119tokrzyskich w XX w. \u2013 przyczyny [&hellip;]","og_url":"https:\/\/pisg.wgsr.uw.edu.pl\/?page_id=525","og_site_name":"Prace i Studia Geograficzne | Studies in Geography","article_modified_time":"2024-08-14T09:42:23+00:00","twitter_card":"summary_large_image","twitter_misc":{"Szacowany czas czytania":"2 minuty"},"schema":{"@context":"https:\/\/schema.org","@graph":[{"@type":"WebPage","@id":"https:\/\/pisg.wgsr.uw.edu.pl\/?page_id=525","url":"https:\/\/pisg.wgsr.uw.edu.pl\/?page_id=525","name":"Tom 64, zeszyt 1 [Volume 64, Issue 1] \u2013 red. Ma\u0142gorzata Durydiwka, Katarzyna Duda-Gromada - Prace i Studia Geograficzne | Studies in Geography","isPartOf":{"@id":"https:\/\/pisg.wgsr.uw.edu.pl\/#website"},"datePublished":"2020-03-31T08:05:51+00:00","dateModified":"2024-08-14T09:42:23+00:00","breadcrumb":{"@id":"https:\/\/pisg.wgsr.uw.edu.pl\/?page_id=525#breadcrumb"},"inLanguage":"pl-PL","potentialAction":[{"@type":"ReadAction","target":["https:\/\/pisg.wgsr.uw.edu.pl\/?page_id=525"]}]},{"@type":"BreadcrumbList","@id":"https:\/\/pisg.wgsr.uw.edu.pl\/?page_id=525#breadcrumb","itemListElement":[{"@type":"ListItem","position":1,"name":"Strona g\u0142\u00f3wna","item":"https:\/\/pisg.wgsr.uw.edu.pl\/"},{"@type":"ListItem","position":2,"name":"Tomy","item":"https:\/\/pisg.wgsr.uw.edu.pl\/?page_id=97"},{"@type":"ListItem","position":3,"name":"Tom 64, zeszyt 1 [Volume 64, Issue 1] \u2013 red. Ma\u0142gorzata Durydiwka, Katarzyna Duda-Gromada"}]},{"@type":"WebSite","@id":"https:\/\/pisg.wgsr.uw.edu.pl\/#website","url":"https:\/\/pisg.wgsr.uw.edu.pl\/","name":"Prace i Studia Geograficzne | Studies in Geography","description":"Prace i Studia Geograficzne s\u0105 recenzowanym czasopismem wydawanym przez Wydzia\u0142 Geografii i Studi\u00f3w Regionalnych Uniwersytetu Warszawskiego","potentialAction":[{"@type":"SearchAction","target":{"@type":"EntryPoint","urlTemplate":"https:\/\/pisg.wgsr.uw.edu.pl\/?s={search_term_string}"},"query-input":{"@type":"PropertyValueSpecification","valueRequired":true,"valueName":"search_term_string"}}],"inLanguage":"pl-PL"}]}},"_links":{"self":[{"href":"https:\/\/pisg.wgsr.uw.edu.pl\/index.php?rest_route=\/wp\/v2\/pages\/525","targetHints":{"allow":["GET"]}}],"collection":[{"href":"https:\/\/pisg.wgsr.uw.edu.pl\/index.php?rest_route=\/wp\/v2\/pages"}],"about":[{"href":"https:\/\/pisg.wgsr.uw.edu.pl\/index.php?rest_route=\/wp\/v2\/types\/page"}],"author":[{"embeddable":true,"href":"https:\/\/pisg.wgsr.uw.edu.pl\/index.php?rest_route=\/wp\/v2\/users\/2"}],"replies":[{"embeddable":true,"href":"https:\/\/pisg.wgsr.uw.edu.pl\/index.php?rest_route=%2Fwp%2Fv2%2Fcomments&post=525"}],"version-history":[{"count":2,"href":"https:\/\/pisg.wgsr.uw.edu.pl\/index.php?rest_route=\/wp\/v2\/pages\/525\/revisions"}],"predecessor-version":[{"id":3360,"href":"https:\/\/pisg.wgsr.uw.edu.pl\/index.php?rest_route=\/wp\/v2\/pages\/525\/revisions\/3360"}],"up":[{"embeddable":true,"href":"https:\/\/pisg.wgsr.uw.edu.pl\/index.php?rest_route=\/wp\/v2\/pages\/97"}],"wp:attachment":[{"href":"https:\/\/pisg.wgsr.uw.edu.pl\/index.php?rest_route=%2Fwp%2Fv2%2Fmedia&parent=525"}],"curies":[{"name":"wp","href":"https:\/\/api.w.org\/{rel}","templated":true}]}}